{"id":35,"date":"2019-05-29T09:59:15","date_gmt":"2019-05-29T07:59:15","guid":{"rendered":"https:\/\/www.ch-dunkerque.fr\/maternite\/?page_id=35"},"modified":"2025-02-03T11:47:32","modified_gmt":"2025-02-03T10:47:32","slug":"medicaments-et-grossesse-vaccinations","status":"publish","type":"page","link":"https:\/\/www.ch-dunkerque.fr\/maternite\/ma-grossesse\/hygiene-de-vie-et-grossesse\/medicaments-et-grossesse-vaccinations\/","title":{"rendered":"M\u00e9dicaments, vaccination et grossesse"},"content":{"rendered":"<p>De mani\u00e8re g\u00e9n\u00e9rale, <strong>l\u2019utilisation de m\u00e9dicaments<\/strong>, y compris ceux vendus sans ordonnance, doit \u00eatre \u00e9vit\u00e9e au cours de la grossesse.<\/p>\n<p>Ne prenez aucun m\u00e9dicament sans avoir pr\u00e9alablement pris conseil aupr\u00e8s d&#8217;un professionnel de sant\u00e9.<\/p>\n<p>N\u2019arr\u00eatez pas ou ne modifiez pas un traitement prescrit sans en avoir pr\u00e9alablement parl\u00e9 avec votre m\u00e9decin, votre sage-femme ou votre pharmacien. Cela peut entra\u00eener des risques pour vous et votre enfant.<\/p>\n<p>&nbsp;<\/p>\n<p><strong>Vaccinations<\/strong> : Vous trouverez toutes les informations n\u00e9cessaires concernant la vaccination pendant la grossesse <a href=\"https:\/\/vaccination-info-service.fr\/La-vaccination-au-cours-de-la-vie\/Grossesse-et-projet-de-grossesse\" target=\"_blank\" rel=\"noopener\">ici<\/a><\/p>\n","protected":false},"excerpt":{"rendered":"<p>De mani\u00e8re g\u00e9n\u00e9rale, l\u2019utilisation de m\u00e9dicaments, y compris ceux vendus sans ordonnance, doit \u00eatre \u00e9vit\u00e9e au cours de la grossesse. Ne prenez aucun m\u00e9dicament sans avoir pr\u00e9alablement pris conseil aupr\u00e8s d&#8217;un professionnel de sant\u00e9. N\u2019arr\u00eatez pas ou ne modifiez pas un traitement prescrit sans en avoir pr\u00e9alablement parl\u00e9 avec votre m\u00e9decin, votre sage-femme ou votre [&hellip;]<\/p>\n","protected":false},"author":1,"featured_media":418,"parent":33,"menu_order":0,"comment_status":"closed","ping_status":"closed","template":"","meta":{"_exactmetrics_skip_tracking":false,"_exactmetrics_sitenote_active":false,"_exactmetrics_sitenote_note":"","_exactmetrics_sitenote_category":0,"_genesis_hide_title":false,"_genesis_hide_breadcrumbs":false,"_genesis_hide_singular_image":false,"_genesis_hide_footer_widgets":false,"_genesis_custom_body_class":"","_genesis_custom_post_class":"","_genesis_layout":"","footnotes":""},"class_list":{"0":"post-35","1":"page","2":"type-page","3":"status-publish","4":"has-post-thumbnail","6":"entry"},"yoast_head":"<!-- This site is optimized with the Yoast SEO plugin v26.9 - https:\/\/yoast.com\/product\/yoast-seo-wordpress\/ -->\n<title>M\u00e9dicaments, vaccination et grossesse - Mini site Maternit\u00e9<\/title>\n<meta name=\"robots\" content=\"index, follow, max-snippet:-1, max-image-preview:large, max-video-preview:-1\" \/>\n<link rel=\"canonical\" href=\"https:\/\/www.ch-dunkerque.fr\/maternite\/ma-grossesse\/hygiene-de-vie-et-grossesse\/medicaments-et-grossesse-vaccinations\/\" \/>\n<meta property=\"og:locale\" content=\"fr_FR\" \/>\n<meta property=\"og:type\" content=\"article\" \/>\n<meta property=\"og:title\" content=\"M\u00e9dicaments, vaccination et grossesse - Mini site Maternit\u00e9\" \/>\n<meta property=\"og:description\" content=\"De mani\u00e8re g\u00e9n\u00e9rale, l\u2019utilisation de m\u00e9dicaments, y compris ceux vendus sans ordonnance, doit \u00eatre \u00e9vit\u00e9e au cours de la grossesse. Ne prenez aucun m\u00e9dicament sans avoir pr\u00e9alablement pris conseil aupr\u00e8s d&#8217;un professionnel de sant\u00e9. N\u2019arr\u00eatez pas ou ne modifiez pas un traitement prescrit sans en avoir pr\u00e9alablement parl\u00e9 avec votre m\u00e9decin, votre sage-femme ou votre [&hellip;]\" \/>\n<meta property=\"og:url\" content=\"https:\/\/www.ch-dunkerque.fr\/maternite\/ma-grossesse\/hygiene-de-vie-et-grossesse\/medicaments-et-grossesse-vaccinations\/\" \/>\n<meta property=\"og:site_name\" content=\"Mini site Maternit\u00e9\" \/>\n<meta property=\"article:modified_time\" content=\"2025-02-03T10:47:32+00:00\" \/>\n<meta property=\"og:image\" content=\"https:\/\/www.ch-dunkerque.fr\/maternite\/wp-content\/uploads\/sites\/3\/2020\/02\/AdobeStock_274131656-1024x683.jpeg\" \/>\n\t<meta property=\"og:image:width\" content=\"1024\" \/>\n\t<meta property=\"og:image:height\" content=\"683\" \/>\n\t<meta property=\"og:image:type\" content=\"image\/jpeg\" \/>\n<meta name=\"twitter:card\" content=\"summary_large_image\" \/>\n<meta name=\"twitter:label1\" content=\"Dur\u00e9e de lecture estim\u00e9e\" \/>\n\t<meta name=\"twitter:data1\" content=\"1 minute\" \/>\n<script type=\"application\/ld+json\" class=\"yoast-schema-graph\">{\"@context\":\"https:\/\/schema.org\",\"@graph\":[{\"@type\":\"WebPage\",\"@id\":\"https:\/\/www.ch-dunkerque.fr\/maternite\/ma-grossesse\/hygiene-de-vie-et-grossesse\/medicaments-et-grossesse-vaccinations\/\",\"url\":\"https:\/\/www.ch-dunkerque.fr\/maternite\/ma-grossesse\/hygiene-de-vie-et-grossesse\/medicaments-et-grossesse-vaccinations\/\",\"name\":\"M\u00e9dicaments, vaccination et grossesse - Mini site Maternit\u00e9\",\"isPartOf\":{\"@id\":\"https:\/\/www.ch-dunkerque.fr\/maternite\/#website\"},\"primaryImageOfPage\":{\"@id\":\"https:\/\/www.ch-dunkerque.fr\/maternite\/ma-grossesse\/hygiene-de-vie-et-grossesse\/medicaments-et-grossesse-vaccinations\/#primaryimage\"},\"image\":{\"@id\":\"https:\/\/www.ch-dunkerque.fr\/maternite\/ma-grossesse\/hygiene-de-vie-et-grossesse\/medicaments-et-grossesse-vaccinations\/#primaryimage\"},\"thumbnailUrl\":\"https:\/\/www.ch-dunkerque.fr\/maternite\/wp-content\/uploads\/sites\/3\/2020\/02\/AdobeStock_274131656.jpeg\",\"datePublished\":\"2019-05-29T07:59:15+00:00\",\"dateModified\":\"2025-02-03T10:47:32+00:00\",\"breadcrumb\":{\"@id\":\"https:\/\/www.ch-dunkerque.fr\/maternite\/ma-grossesse\/hygiene-de-vie-et-grossesse\/medicaments-et-grossesse-vaccinations\/#breadcrumb\"},\"inLanguage\":\"fr-FR\",\"potentialAction\":[{\"@type\":\"ReadAction\",\"target\":[\"https:\/\/www.ch-dunkerque.fr\/maternite\/ma-grossesse\/hygiene-de-vie-et-grossesse\/medicaments-et-grossesse-vaccinations\/\"]}]},{\"@type\":\"ImageObject\",\"inLanguage\":\"fr-FR\",\"@id\":\"https:\/\/www.ch-dunkerque.fr\/maternite\/ma-grossesse\/hygiene-de-vie-et-grossesse\/medicaments-et-grossesse-vaccinations\/#primaryimage\",\"url\":\"https:\/\/www.ch-dunkerque.fr\/maternite\/wp-content\/uploads\/sites\/3\/2020\/02\/AdobeStock_274131656.jpeg\",\"contentUrl\":\"https:\/\/www.ch-dunkerque.fr\/maternite\/wp-content\/uploads\/sites\/3\/2020\/02\/AdobeStock_274131656.jpeg\",\"width\":6720,\"height\":4480,\"caption\":\"Bottle and scattered pills on color background, top view. Space for text\"},{\"@type\":\"BreadcrumbList\",\"@id\":\"https:\/\/www.ch-dunkerque.fr\/maternite\/ma-grossesse\/hygiene-de-vie-et-grossesse\/medicaments-et-grossesse-vaccinations\/#breadcrumb\",\"itemListElement\":[{\"@type\":\"ListItem\",\"position\":1,\"name\":\"Accueil\",\"item\":\"https:\/\/www.ch-dunkerque.fr\/maternite\/\"},{\"@type\":\"ListItem\",\"position\":2,\"name\":\"Ma grossesse\",\"item\":\"https:\/\/www.ch-dunkerque.fr\/maternite\/ma-grossesse\/\"},{\"@type\":\"ListItem\",\"position\":3,\"name\":\"Hygi\u00e8ne de vie et grossesse\",\"item\":\"https:\/\/www.ch-dunkerque.fr\/maternite\/ma-grossesse\/hygiene-de-vie-et-grossesse\/\"},{\"@type\":\"ListItem\",\"position\":4,\"name\":\"M\u00e9dicaments, vaccination et grossesse\"}]},{\"@type\":\"WebSite\",\"@id\":\"https:\/\/www.ch-dunkerque.fr\/maternite\/#website\",\"url\":\"https:\/\/www.ch-dunkerque.fr\/maternite\/\",\"name\":\"Mini site Maternit\u00e9\",\"description\":\"Un site utilisant Les sites de chdunkerque\",\"potentialAction\":[{\"@type\":\"SearchAction\",\"target\":{\"@type\":\"EntryPoint\",\"urlTemplate\":\"https:\/\/www.ch-dunkerque.fr\/maternite\/?s={search_term_string}\"},\"query-input\":{\"@type\":\"PropertyValueSpecification\",\"valueRequired\":true,\"valueName\":\"search_term_string\"}}],\"inLanguage\":\"fr-FR\"}]}<\/script>\n<!-- \/ Yoast SEO plugin. -->","yoast_head_json":{"title":"M\u00e9dicaments, vaccination et grossesse - Mini site Maternit\u00e9","robots":{"index":"index","follow":"follow","max-snippet":"max-snippet:-1","max-image-preview":"max-image-preview:large","max-video-preview":"max-video-preview:-1"},"canonical":"https:\/\/www.ch-dunkerque.fr\/maternite\/ma-grossesse\/hygiene-de-vie-et-grossesse\/medicaments-et-grossesse-vaccinations\/","og_locale":"fr_FR","og_type":"article","og_title":"M\u00e9dicaments, vaccination et grossesse - Mini site Maternit\u00e9","og_description":"De mani\u00e8re g\u00e9n\u00e9rale, l\u2019utilisation de m\u00e9dicaments, y compris ceux vendus sans ordonnance, doit \u00eatre \u00e9vit\u00e9e au cours de la grossesse. Ne prenez aucun m\u00e9dicament sans avoir pr\u00e9alablement pris conseil aupr\u00e8s d&#8217;un professionnel de sant\u00e9. N\u2019arr\u00eatez pas ou ne modifiez pas un traitement prescrit sans en avoir pr\u00e9alablement parl\u00e9 avec votre m\u00e9decin, votre sage-femme ou votre [&hellip;]","og_url":"https:\/\/www.ch-dunkerque.fr\/maternite\/ma-grossesse\/hygiene-de-vie-et-grossesse\/medicaments-et-grossesse-vaccinations\/","og_site_name":"Mini site Maternit\u00e9","article_modified_time":"2025-02-03T10:47:32+00:00","og_image":[{"width":1024,"height":683,"url":"https:\/\/www.ch-dunkerque.fr\/maternite\/wp-content\/uploads\/sites\/3\/2020\/02\/AdobeStock_274131656-1024x683.jpeg","type":"image\/jpeg"}],"twitter_card":"summary_large_image","twitter_misc":{"Dur\u00e9e de lecture estim\u00e9e":"1 minute"},"schema":{"@context":"https:\/\/schema.org","@graph":[{"@type":"WebPage","@id":"https:\/\/www.ch-dunkerque.fr\/maternite\/ma-grossesse\/hygiene-de-vie-et-grossesse\/medicaments-et-grossesse-vaccinations\/","url":"https:\/\/www.ch-dunkerque.fr\/maternite\/ma-grossesse\/hygiene-de-vie-et-grossesse\/medicaments-et-grossesse-vaccinations\/","name":"M\u00e9dicaments, vaccination et grossesse - Mini site Maternit\u00e9","isPartOf":{"@id":"https:\/\/www.ch-dunkerque.fr\/maternite\/#website"},"primaryImageOfPage":{"@id":"https:\/\/www.ch-dunkerque.fr\/maternite\/ma-grossesse\/hygiene-de-vie-et-grossesse\/medicaments-et-grossesse-vaccinations\/#primaryimage"},"image":{"@id":"https:\/\/www.ch-dunkerque.fr\/maternite\/ma-grossesse\/hygiene-de-vie-et-grossesse\/medicaments-et-grossesse-vaccinations\/#primaryimage"},"thumbnailUrl":"https:\/\/www.ch-dunkerque.fr\/maternite\/wp-content\/uploads\/sites\/3\/2020\/02\/AdobeStock_274131656.jpeg","datePublished":"2019-05-29T07:59:15+00:00","dateModified":"2025-02-03T10:47:32+00:00","breadcrumb":{"@id":"https:\/\/www.ch-dunkerque.fr\/maternite\/ma-grossesse\/hygiene-de-vie-et-grossesse\/medicaments-et-grossesse-vaccinations\/#breadcrumb"},"inLanguage":"fr-FR","potentialAction":[{"@type":"ReadAction","target":["https:\/\/www.ch-dunkerque.fr\/maternite\/ma-grossesse\/hygiene-de-vie-et-grossesse\/medicaments-et-grossesse-vaccinations\/"]}]},{"@type":"ImageObject","inLanguage":"fr-FR","@id":"https:\/\/www.ch-dunkerque.fr\/maternite\/ma-grossesse\/hygiene-de-vie-et-grossesse\/medicaments-et-grossesse-vaccinations\/#primaryimage","url":"https:\/\/www.ch-dunkerque.fr\/maternite\/wp-content\/uploads\/sites\/3\/2020\/02\/AdobeStock_274131656.jpeg","contentUrl":"https:\/\/www.ch-dunkerque.fr\/maternite\/wp-content\/uploads\/sites\/3\/2020\/02\/AdobeStock_274131656.jpeg","width":6720,"height":4480,"caption":"Bottle and scattered pills on color background, top view. Space for text"},{"@type":"BreadcrumbList","@id":"https:\/\/www.ch-dunkerque.fr\/maternite\/ma-grossesse\/hygiene-de-vie-et-grossesse\/medicaments-et-grossesse-vaccinations\/#breadcrumb","itemListElement":[{"@type":"ListItem","position":1,"name":"Accueil","item":"https:\/\/www.ch-dunkerque.fr\/maternite\/"},{"@type":"ListItem","position":2,"name":"Ma grossesse","item":"https:\/\/www.ch-dunkerque.fr\/maternite\/ma-grossesse\/"},{"@type":"ListItem","position":3,"name":"Hygi\u00e8ne de vie et grossesse","item":"https:\/\/www.ch-dunkerque.fr\/maternite\/ma-grossesse\/hygiene-de-vie-et-grossesse\/"},{"@type":"ListItem","position":4,"name":"M\u00e9dicaments, vaccination et grossesse"}]},{"@type":"WebSite","@id":"https:\/\/www.ch-dunkerque.fr\/maternite\/#website","url":"https:\/\/www.ch-dunkerque.fr\/maternite\/","name":"Mini site Maternit\u00e9","description":"Un site utilisant Les sites de chdunkerque","potentialAction":[{"@type":"SearchAction","target":{"@type":"EntryPoint","urlTemplate":"https:\/\/www.ch-dunkerque.fr\/maternite\/?s={search_term_string}"},"query-input":{"@type":"PropertyValueSpecification","valueRequired":true,"valueName":"search_term_string"}}],"inLanguage":"fr-FR"}]}},"_links":{"self":[{"href":"https:\/\/www.ch-dunkerque.fr\/maternite\/wp-json\/wp\/v2\/pages\/35","targetHints":{"allow":["GET"]}}],"collection":[{"href":"https:\/\/www.ch-dunkerque.fr\/maternite\/wp-json\/wp\/v2\/pages"}],"about":[{"href":"https:\/\/www.ch-dunkerque.fr\/maternite\/wp-json\/wp\/v2\/types\/page"}],"author":[{"embeddable":true,"href":"https:\/\/www.ch-dunkerque.fr\/maternite\/wp-json\/wp\/v2\/users\/1"}],"replies":[{"embeddable":true,"href":"https:\/\/www.ch-dunkerque.fr\/maternite\/wp-json\/wp\/v2\/comments?post=35"}],"version-history":[{"count":6,"href":"https:\/\/www.ch-dunkerque.fr\/maternite\/wp-json\/wp\/v2\/pages\/35\/revisions"}],"predecessor-version":[{"id":638,"href":"https:\/\/www.ch-dunkerque.fr\/maternite\/wp-json\/wp\/v2\/pages\/35\/revisions\/638"}],"up":[{"embeddable":true,"href":"https:\/\/www.ch-dunkerque.fr\/maternite\/wp-json\/wp\/v2\/pages\/33"}],"wp:featuredmedia":[{"embeddable":true,"href":"https:\/\/www.ch-dunkerque.fr\/maternite\/wp-json\/wp\/v2\/media\/418"}],"wp:attachment":[{"href":"https:\/\/www.ch-dunkerque.fr\/maternite\/wp-json\/wp\/v2\/media?parent=35"}],"curies":[{"name":"wp","href":"https:\/\/api.w.org\/{rel}","templated":true}]}}