{"id":16,"date":"2019-05-29T09:56:24","date_gmt":"2019-05-29T07:56:24","guid":{"rendered":"https:\/\/www.ch-dunkerque.fr\/maternite\/?page_id=16"},"modified":"2025-02-04T09:39:45","modified_gmt":"2025-02-04T08:39:45","slug":"les-consultations-avancees","status":"publish","type":"page","link":"https:\/\/www.ch-dunkerque.fr\/maternite\/ma-grossesse\/le-suivi-medical-de-ma-grossesse\/les-consultations-avancees\/","title":{"rendered":"Les consultations avanc\u00e9es"},"content":{"rendered":"<p><strong>Sur rendez-vous au 03 28 28 51 19<\/strong><\/p>\n<p>Des consultations avanc\u00e9es \u00e0\u00a0<strong>la polyclinique de Grande-Synthe<\/strong> peuvent vous permettre de disposer du suivi de votre grossesse au plus proche de votre domicile.<\/p>\n<p>Une sage-femme de la maternit\u00e9 Ang\u00e8le Barbion y est pr\u00e9sente :<\/p>\n<ul>\n<li>Le mardi toute la journ\u00e9e<\/li>\n<\/ul>\n<p>Nos secr\u00e9taires vous proposeront ce service en fonction de votre domicile.<\/p>\n<p>N&#8217;h\u00e9sitez pas \u00e0 en faire la demande si vous \u00eates int\u00e9ress\u00e9e.<\/p>\n","protected":false},"excerpt":{"rendered":"<p>Sur rendez-vous au 03 28 28 51 19 Des consultations avanc\u00e9es \u00e0\u00a0la polyclinique de Grande-Synthe peuvent vous permettre de disposer du suivi de votre grossesse au plus proche de votre domicile. Une sage-femme de la maternit\u00e9 Ang\u00e8le Barbion y est pr\u00e9sente : Le mardi toute la journ\u00e9e Nos secr\u00e9taires vous proposeront ce service en fonction [&hellip;]<\/p>\n","protected":false},"author":1,"featured_media":337,"parent":12,"menu_order":1,"comment_status":"closed","ping_status":"closed","template":"","meta":{"_exactmetrics_skip_tracking":false,"_exactmetrics_sitenote_active":false,"_exactmetrics_sitenote_note":"","_exactmetrics_sitenote_category":0,"_genesis_hide_title":false,"_genesis_hide_breadcrumbs":false,"_genesis_hide_singular_image":false,"_genesis_hide_footer_widgets":false,"_genesis_custom_body_class":"","_genesis_custom_post_class":"","_genesis_layout":"","footnotes":""},"class_list":{"0":"post-16","1":"page","2":"type-page","3":"status-publish","4":"has-post-thumbnail","6":"entry"},"yoast_head":"<!-- This site is optimized with the Yoast SEO plugin v26.9 - https:\/\/yoast.com\/product\/yoast-seo-wordpress\/ -->\n<title>Les consultations avanc\u00e9es - Mini site Maternit\u00e9<\/title>\n<meta name=\"robots\" content=\"index, follow, max-snippet:-1, max-image-preview:large, max-video-preview:-1\" \/>\n<link rel=\"canonical\" href=\"https:\/\/www.ch-dunkerque.fr\/maternite\/ma-grossesse\/le-suivi-medical-de-ma-grossesse\/les-consultations-avancees\/\" \/>\n<meta property=\"og:locale\" content=\"fr_FR\" \/>\n<meta property=\"og:type\" content=\"article\" \/>\n<meta property=\"og:title\" content=\"Les consultations avanc\u00e9es - Mini site Maternit\u00e9\" \/>\n<meta property=\"og:description\" content=\"Sur rendez-vous au 03 28 28 51 19 Des consultations avanc\u00e9es \u00e0\u00a0la polyclinique de Grande-Synthe peuvent vous permettre de disposer du suivi de votre grossesse au plus proche de votre domicile. Une sage-femme de la maternit\u00e9 Ang\u00e8le Barbion y est pr\u00e9sente : Le mardi toute la journ\u00e9e Nos secr\u00e9taires vous proposeront ce service en fonction [&hellip;]\" \/>\n<meta property=\"og:url\" content=\"https:\/\/www.ch-dunkerque.fr\/maternite\/ma-grossesse\/le-suivi-medical-de-ma-grossesse\/les-consultations-avancees\/\" \/>\n<meta property=\"og:site_name\" content=\"Mini site Maternit\u00e9\" \/>\n<meta property=\"article:modified_time\" content=\"2025-02-04T08:39:45+00:00\" \/>\n<meta property=\"og:image\" content=\"https:\/\/www.ch-dunkerque.fr\/maternite\/wp-content\/uploads\/sites\/3\/2020\/01\/20181206_1224181-1024x576.jpg\" \/>\n\t<meta property=\"og:image:width\" content=\"1024\" \/>\n\t<meta property=\"og:image:height\" content=\"576\" \/>\n\t<meta property=\"og:image:type\" content=\"image\/jpeg\" \/>\n<meta name=\"twitter:card\" content=\"summary_large_image\" \/>\n<meta name=\"twitter:label1\" content=\"Dur\u00e9e de lecture estim\u00e9e\" \/>\n\t<meta name=\"twitter:data1\" content=\"1 minute\" \/>\n<script type=\"application\/ld+json\" class=\"yoast-schema-graph\">{\"@context\":\"https:\/\/schema.org\",\"@graph\":[{\"@type\":\"WebPage\",\"@id\":\"https:\/\/www.ch-dunkerque.fr\/maternite\/ma-grossesse\/le-suivi-medical-de-ma-grossesse\/les-consultations-avancees\/\",\"url\":\"https:\/\/www.ch-dunkerque.fr\/maternite\/ma-grossesse\/le-suivi-medical-de-ma-grossesse\/les-consultations-avancees\/\",\"name\":\"Les consultations avanc\u00e9es - Mini site Maternit\u00e9\",\"isPartOf\":{\"@id\":\"https:\/\/www.ch-dunkerque.fr\/maternite\/#website\"},\"primaryImageOfPage\":{\"@id\":\"https:\/\/www.ch-dunkerque.fr\/maternite\/ma-grossesse\/le-suivi-medical-de-ma-grossesse\/les-consultations-avancees\/#primaryimage\"},\"image\":{\"@id\":\"https:\/\/www.ch-dunkerque.fr\/maternite\/ma-grossesse\/le-suivi-medical-de-ma-grossesse\/les-consultations-avancees\/#primaryimage\"},\"thumbnailUrl\":\"https:\/\/www.ch-dunkerque.fr\/maternite\/wp-content\/uploads\/sites\/3\/2020\/01\/20181206_1224181.jpg\",\"datePublished\":\"2019-05-29T07:56:24+00:00\",\"dateModified\":\"2025-02-04T08:39:45+00:00\",\"breadcrumb\":{\"@id\":\"https:\/\/www.ch-dunkerque.fr\/maternite\/ma-grossesse\/le-suivi-medical-de-ma-grossesse\/les-consultations-avancees\/#breadcrumb\"},\"inLanguage\":\"fr-FR\",\"potentialAction\":[{\"@type\":\"ReadAction\",\"target\":[\"https:\/\/www.ch-dunkerque.fr\/maternite\/ma-grossesse\/le-suivi-medical-de-ma-grossesse\/les-consultations-avancees\/\"]}]},{\"@type\":\"ImageObject\",\"inLanguage\":\"fr-FR\",\"@id\":\"https:\/\/www.ch-dunkerque.fr\/maternite\/ma-grossesse\/le-suivi-medical-de-ma-grossesse\/les-consultations-avancees\/#primaryimage\",\"url\":\"https:\/\/www.ch-dunkerque.fr\/maternite\/wp-content\/uploads\/sites\/3\/2020\/01\/20181206_1224181.jpg\",\"contentUrl\":\"https:\/\/www.ch-dunkerque.fr\/maternite\/wp-content\/uploads\/sites\/3\/2020\/01\/20181206_1224181.jpg\",\"width\":3264,\"height\":1836},{\"@type\":\"BreadcrumbList\",\"@id\":\"https:\/\/www.ch-dunkerque.fr\/maternite\/ma-grossesse\/le-suivi-medical-de-ma-grossesse\/les-consultations-avancees\/#breadcrumb\",\"itemListElement\":[{\"@type\":\"ListItem\",\"position\":1,\"name\":\"Accueil\",\"item\":\"https:\/\/www.ch-dunkerque.fr\/maternite\/\"},{\"@type\":\"ListItem\",\"position\":2,\"name\":\"Ma grossesse\",\"item\":\"https:\/\/www.ch-dunkerque.fr\/maternite\/ma-grossesse\/\"},{\"@type\":\"ListItem\",\"position\":3,\"name\":\"Le suivi m\u00e9dical de ma grossesse\",\"item\":\"https:\/\/www.ch-dunkerque.fr\/maternite\/ma-grossesse\/le-suivi-medical-de-ma-grossesse\/\"},{\"@type\":\"ListItem\",\"position\":4,\"name\":\"Les consultations avanc\u00e9es\"}]},{\"@type\":\"WebSite\",\"@id\":\"https:\/\/www.ch-dunkerque.fr\/maternite\/#website\",\"url\":\"https:\/\/www.ch-dunkerque.fr\/maternite\/\",\"name\":\"Mini site Maternit\u00e9\",\"description\":\"Un site utilisant Les sites de chdunkerque\",\"potentialAction\":[{\"@type\":\"SearchAction\",\"target\":{\"@type\":\"EntryPoint\",\"urlTemplate\":\"https:\/\/www.ch-dunkerque.fr\/maternite\/?s={search_term_string}\"},\"query-input\":{\"@type\":\"PropertyValueSpecification\",\"valueRequired\":true,\"valueName\":\"search_term_string\"}}],\"inLanguage\":\"fr-FR\"}]}<\/script>\n<!-- \/ Yoast SEO plugin. -->","yoast_head_json":{"title":"Les consultations avanc\u00e9es - Mini site Maternit\u00e9","robots":{"index":"index","follow":"follow","max-snippet":"max-snippet:-1","max-image-preview":"max-image-preview:large","max-video-preview":"max-video-preview:-1"},"canonical":"https:\/\/www.ch-dunkerque.fr\/maternite\/ma-grossesse\/le-suivi-medical-de-ma-grossesse\/les-consultations-avancees\/","og_locale":"fr_FR","og_type":"article","og_title":"Les consultations avanc\u00e9es - Mini site Maternit\u00e9","og_description":"Sur rendez-vous au 03 28 28 51 19 Des consultations avanc\u00e9es \u00e0\u00a0la polyclinique de Grande-Synthe peuvent vous permettre de disposer du suivi de votre grossesse au plus proche de votre domicile. Une sage-femme de la maternit\u00e9 Ang\u00e8le Barbion y est pr\u00e9sente : Le mardi toute la journ\u00e9e Nos secr\u00e9taires vous proposeront ce service en fonction [&hellip;]","og_url":"https:\/\/www.ch-dunkerque.fr\/maternite\/ma-grossesse\/le-suivi-medical-de-ma-grossesse\/les-consultations-avancees\/","og_site_name":"Mini site Maternit\u00e9","article_modified_time":"2025-02-04T08:39:45+00:00","og_image":[{"width":1024,"height":576,"url":"https:\/\/www.ch-dunkerque.fr\/maternite\/wp-content\/uploads\/sites\/3\/2020\/01\/20181206_1224181-1024x576.jpg","type":"image\/jpeg"}],"twitter_card":"summary_large_image","twitter_misc":{"Dur\u00e9e de lecture estim\u00e9e":"1 minute"},"schema":{"@context":"https:\/\/schema.org","@graph":[{"@type":"WebPage","@id":"https:\/\/www.ch-dunkerque.fr\/maternite\/ma-grossesse\/le-suivi-medical-de-ma-grossesse\/les-consultations-avancees\/","url":"https:\/\/www.ch-dunkerque.fr\/maternite\/ma-grossesse\/le-suivi-medical-de-ma-grossesse\/les-consultations-avancees\/","name":"Les consultations avanc\u00e9es - Mini site Maternit\u00e9","isPartOf":{"@id":"https:\/\/www.ch-dunkerque.fr\/maternite\/#website"},"primaryImageOfPage":{"@id":"https:\/\/www.ch-dunkerque.fr\/maternite\/ma-grossesse\/le-suivi-medical-de-ma-grossesse\/les-consultations-avancees\/#primaryimage"},"image":{"@id":"https:\/\/www.ch-dunkerque.fr\/maternite\/ma-grossesse\/le-suivi-medical-de-ma-grossesse\/les-consultations-avancees\/#primaryimage"},"thumbnailUrl":"https:\/\/www.ch-dunkerque.fr\/maternite\/wp-content\/uploads\/sites\/3\/2020\/01\/20181206_1224181.jpg","datePublished":"2019-05-29T07:56:24+00:00","dateModified":"2025-02-04T08:39:45+00:00","breadcrumb":{"@id":"https:\/\/www.ch-dunkerque.fr\/maternite\/ma-grossesse\/le-suivi-medical-de-ma-grossesse\/les-consultations-avancees\/#breadcrumb"},"inLanguage":"fr-FR","potentialAction":[{"@type":"ReadAction","target":["https:\/\/www.ch-dunkerque.fr\/maternite\/ma-grossesse\/le-suivi-medical-de-ma-grossesse\/les-consultations-avancees\/"]}]},{"@type":"ImageObject","inLanguage":"fr-FR","@id":"https:\/\/www.ch-dunkerque.fr\/maternite\/ma-grossesse\/le-suivi-medical-de-ma-grossesse\/les-consultations-avancees\/#primaryimage","url":"https:\/\/www.ch-dunkerque.fr\/maternite\/wp-content\/uploads\/sites\/3\/2020\/01\/20181206_1224181.jpg","contentUrl":"https:\/\/www.ch-dunkerque.fr\/maternite\/wp-content\/uploads\/sites\/3\/2020\/01\/20181206_1224181.jpg","width":3264,"height":1836},{"@type":"BreadcrumbList","@id":"https:\/\/www.ch-dunkerque.fr\/maternite\/ma-grossesse\/le-suivi-medical-de-ma-grossesse\/les-consultations-avancees\/#breadcrumb","itemListElement":[{"@type":"ListItem","position":1,"name":"Accueil","item":"https:\/\/www.ch-dunkerque.fr\/maternite\/"},{"@type":"ListItem","position":2,"name":"Ma grossesse","item":"https:\/\/www.ch-dunkerque.fr\/maternite\/ma-grossesse\/"},{"@type":"ListItem","position":3,"name":"Le suivi m\u00e9dical de ma grossesse","item":"https:\/\/www.ch-dunkerque.fr\/maternite\/ma-grossesse\/le-suivi-medical-de-ma-grossesse\/"},{"@type":"ListItem","position":4,"name":"Les consultations avanc\u00e9es"}]},{"@type":"WebSite","@id":"https:\/\/www.ch-dunkerque.fr\/maternite\/#website","url":"https:\/\/www.ch-dunkerque.fr\/maternite\/","name":"Mini site Maternit\u00e9","description":"Un site utilisant Les sites de chdunkerque","potentialAction":[{"@type":"SearchAction","target":{"@type":"EntryPoint","urlTemplate":"https:\/\/www.ch-dunkerque.fr\/maternite\/?s={search_term_string}"},"query-input":{"@type":"PropertyValueSpecification","valueRequired":true,"valueName":"search_term_string"}}],"inLanguage":"fr-FR"}]}},"_links":{"self":[{"href":"https:\/\/www.ch-dunkerque.fr\/maternite\/wp-json\/wp\/v2\/pages\/16","targetHints":{"allow":["GET"]}}],"collection":[{"href":"https:\/\/www.ch-dunkerque.fr\/maternite\/wp-json\/wp\/v2\/pages"}],"about":[{"href":"https:\/\/www.ch-dunkerque.fr\/maternite\/wp-json\/wp\/v2\/types\/page"}],"author":[{"embeddable":true,"href":"https:\/\/www.ch-dunkerque.fr\/maternite\/wp-json\/wp\/v2\/users\/1"}],"replies":[{"embeddable":true,"href":"https:\/\/www.ch-dunkerque.fr\/maternite\/wp-json\/wp\/v2\/comments?post=16"}],"version-history":[{"count":10,"href":"https:\/\/www.ch-dunkerque.fr\/maternite\/wp-json\/wp\/v2\/pages\/16\/revisions"}],"predecessor-version":[{"id":694,"href":"https:\/\/www.ch-dunkerque.fr\/maternite\/wp-json\/wp\/v2\/pages\/16\/revisions\/694"}],"up":[{"embeddable":true,"href":"https:\/\/www.ch-dunkerque.fr\/maternite\/wp-json\/wp\/v2\/pages\/12"}],"wp:featuredmedia":[{"embeddable":true,"href":"https:\/\/www.ch-dunkerque.fr\/maternite\/wp-json\/wp\/v2\/media\/337"}],"wp:attachment":[{"href":"https:\/\/www.ch-dunkerque.fr\/maternite\/wp-json\/wp\/v2\/media?parent=16"}],"curies":[{"name":"wp","href":"https:\/\/api.w.org\/{rel}","templated":true}]}}