{"id":125,"date":"2019-05-29T10:18:17","date_gmt":"2019-05-29T08:18:17","guid":{"rendered":"https:\/\/www.ch-dunkerque.fr\/maternite\/?page_id=125"},"modified":"2025-02-06T13:59:23","modified_gmt":"2025-02-06T12:59:23","slug":"le-service-de-neonatalogie","status":"publish","type":"page","link":"https:\/\/www.ch-dunkerque.fr\/maternite\/mon-bebe-est-hospitalise\/le-service-de-neonatalogie\/","title":{"rendered":"Le service de N\u00e9onatalogie"},"content":{"rendered":"<p><span style=\"color: #ff99cc\">\u00ab<\/span>\u00a0<em>Chers parents,<\/em><\/p>\n<p><em>Votre enfant est hospitalis\u00e9 dans notre service de n\u00e9onatalogie labellis\u00e9 IHAB depuis 2021. Nous comprenons que cet \u00e9v\u00e8nement soit \u00e9prouvant. L\u2019\u00e9quipe, telle un cocon, est pr\u00e9sente pour prendre soin de votre enfant et vous accompagner en tant que parents.<\/em><span style=\"color: #ff99cc\">\u00a0\u00bb<\/span><\/p>\n<p><span style=\"color: #ff99cc\"><strong>Dr Emmanuelle ROBIN, <em>Responsable du service de n\u00e9onatologie de l&#8217;H\u00f4pital Alexandra Lep\u00e8ve<\/em><\/strong><\/span><\/p>\n<ul>\n<li><strong>Le \u00a0service de n\u00e9onatalogie est un service de m\u00e9decine n\u00e9onatale de niveau 2 A<\/strong>. Ce qui signifie que nous accueillons les enfants de plus de 33 semaines d\u2019am\u00e9norrh\u00e9e et de plus de 1kg700<\/li>\n<li>L&#8217;unit\u00e9 prend en charge les nouveau-n\u00e9s pr\u00e9matur\u00e9s ou pr\u00e9sentant une pathologie m\u00e9dicale<\/li>\n<li>Le service se situe au 1er \u00e9tage, \u00e0 gauche<\/li>\n<\/ul>\n<h2>Nos chambres<\/h2>\n<p>Le service de n\u00e9onatalogie comprend 12 lits dont 4 Chambres parents-enfants, 2 Chambres doubles, une chambre d\u2019isolement et une chambre de soins continus.<\/p>\n<p>Notre lien \u00e9troit avec la maternit\u00e9 nous permet en fonction de l\u2019\u00e9tat de sant\u00e9 de votre enfant soit de l\u2019hospitaliser dans les chambres Koala dans le service maternit\u00e9 soit avec vous dans les chambres Kangourou dans le service de n\u00e9onatologie.<\/p>\n<p>Nous avons \u00e0 c\u0153ur de ne pas s\u00e9parer l\u2019enfant de ses parents, afin de favoriser l\u2019attachement, le projet d\u2019alimentation et le peau \u00e0 peau, \u2026 \u00e0 travers des soins de d\u00e9veloppement<\/p>\n<h2>Notre \u00c9quipe<\/h2>\n<p>Notre \u00e9quipe pluridisciplinaire va vous accompagner en \u00e9tant \u00e0 l&#8217;\u00e9coute de vos besoins et \u00e0 vos c\u00f4t\u00e9s 24h\/24.<\/p>\n<p><img fetchpriority=\"high\" decoding=\"async\" class=\"alignnone wp-image-721 size-full\" src=\"https:\/\/www.ch-dunkerque.fr\/maternite\/wp-content\/uploads\/sites\/3\/2025\/02\/Equipe-du-service-de-neonatalogie-scaled.jpg\" alt=\"\" width=\"2560\" height=\"1697\" srcset=\"https:\/\/www.ch-dunkerque.fr\/maternite\/wp-content\/uploads\/sites\/3\/2025\/02\/Equipe-du-service-de-neonatalogie-scaled.jpg 2560w, https:\/\/www.ch-dunkerque.fr\/maternite\/wp-content\/uploads\/sites\/3\/2025\/02\/Equipe-du-service-de-neonatalogie-300x199.jpg 300w, https:\/\/www.ch-dunkerque.fr\/maternite\/wp-content\/uploads\/sites\/3\/2025\/02\/Equipe-du-service-de-neonatalogie-1024x679.jpg 1024w, https:\/\/www.ch-dunkerque.fr\/maternite\/wp-content\/uploads\/sites\/3\/2025\/02\/Equipe-du-service-de-neonatalogie-768x509.jpg 768w, https:\/\/www.ch-dunkerque.fr\/maternite\/wp-content\/uploads\/sites\/3\/2025\/02\/Equipe-du-service-de-neonatalogie-1536x1018.jpg 1536w, https:\/\/www.ch-dunkerque.fr\/maternite\/wp-content\/uploads\/sites\/3\/2025\/02\/Equipe-du-service-de-neonatalogie-2048x1357.jpg 2048w\" sizes=\"(max-width: 2560px) 100vw, 2560px\" \/><\/p>\n<h2><\/h2>\n<p>&nbsp;<\/p>\n<p>&nbsp;<\/p>\n","protected":false},"excerpt":{"rendered":"<p>\u00ab\u00a0Chers parents, Votre enfant est hospitalis\u00e9 dans notre service de n\u00e9onatalogie labellis\u00e9 IHAB depuis 2021. Nous comprenons que cet \u00e9v\u00e8nement soit \u00e9prouvant. L\u2019\u00e9quipe, telle un cocon, est pr\u00e9sente pour prendre soin de votre enfant et vous accompagner en tant que parents.\u00a0\u00bb Dr Emmanuelle ROBIN, Responsable du service de n\u00e9onatologie de l&#8217;H\u00f4pital Alexandra Lep\u00e8ve Le \u00a0service [&hellip;]<\/p>\n","protected":false},"author":1,"featured_media":359,"parent":123,"menu_order":0,"comment_status":"closed","ping_status":"closed","template":"","meta":{"_exactmetrics_skip_tracking":false,"_exactmetrics_sitenote_active":false,"_exactmetrics_sitenote_note":"","_exactmetrics_sitenote_category":0,"_genesis_hide_title":false,"_genesis_hide_breadcrumbs":false,"_genesis_hide_singular_image":false,"_genesis_hide_footer_widgets":false,"_genesis_custom_body_class":"","_genesis_custom_post_class":"","_genesis_layout":"","footnotes":""},"class_list":{"0":"post-125","1":"page","2":"type-page","3":"status-publish","4":"has-post-thumbnail","6":"entry"},"yoast_head":"<!-- This site is optimized with the Yoast SEO plugin v26.9 - https:\/\/yoast.com\/product\/yoast-seo-wordpress\/ -->\n<title>Le service de N\u00e9onatalogie - Mini site Maternit\u00e9<\/title>\n<meta name=\"robots\" content=\"index, follow, max-snippet:-1, max-image-preview:large, max-video-preview:-1\" \/>\n<link rel=\"canonical\" href=\"https:\/\/www.ch-dunkerque.fr\/maternite\/mon-bebe-est-hospitalise\/le-service-de-neonatalogie\/\" \/>\n<meta property=\"og:locale\" content=\"fr_FR\" \/>\n<meta property=\"og:type\" content=\"article\" \/>\n<meta property=\"og:title\" content=\"Le service de N\u00e9onatalogie - Mini site Maternit\u00e9\" \/>\n<meta property=\"og:description\" content=\"\u00ab\u00a0Chers parents, Votre enfant est hospitalis\u00e9 dans notre service de n\u00e9onatalogie labellis\u00e9 IHAB depuis 2021. Nous comprenons que cet \u00e9v\u00e8nement soit \u00e9prouvant. L\u2019\u00e9quipe, telle un cocon, est pr\u00e9sente pour prendre soin de votre enfant et vous accompagner en tant que parents.\u00a0\u00bb Dr Emmanuelle ROBIN, Responsable du service de n\u00e9onatologie de l&#8217;H\u00f4pital Alexandra Lep\u00e8ve Le \u00a0service [&hellip;]\" \/>\n<meta property=\"og:url\" content=\"https:\/\/www.ch-dunkerque.fr\/maternite\/mon-bebe-est-hospitalise\/le-service-de-neonatalogie\/\" \/>\n<meta property=\"og:site_name\" content=\"Mini site Maternit\u00e9\" \/>\n<meta property=\"article:modified_time\" content=\"2025-02-06T12:59:23+00:00\" \/>\n<meta property=\"og:image\" content=\"https:\/\/www.ch-dunkerque.fr\/maternite\/wp-content\/uploads\/sites\/3\/2020\/01\/DSC_2182-1024x683.jpg\" \/>\n\t<meta property=\"og:image:width\" content=\"1024\" \/>\n\t<meta property=\"og:image:height\" content=\"683\" \/>\n\t<meta property=\"og:image:type\" content=\"image\/jpeg\" \/>\n<meta name=\"twitter:card\" content=\"summary_large_image\" \/>\n<meta name=\"twitter:label1\" content=\"Dur\u00e9e de lecture estim\u00e9e\" \/>\n\t<meta name=\"twitter:data1\" content=\"2 minutes\" \/>\n<script type=\"application\/ld+json\" class=\"yoast-schema-graph\">{\"@context\":\"https:\/\/schema.org\",\"@graph\":[{\"@type\":\"WebPage\",\"@id\":\"https:\/\/www.ch-dunkerque.fr\/maternite\/mon-bebe-est-hospitalise\/le-service-de-neonatalogie\/\",\"url\":\"https:\/\/www.ch-dunkerque.fr\/maternite\/mon-bebe-est-hospitalise\/le-service-de-neonatalogie\/\",\"name\":\"Le service de N\u00e9onatalogie - Mini site Maternit\u00e9\",\"isPartOf\":{\"@id\":\"https:\/\/www.ch-dunkerque.fr\/maternite\/#website\"},\"primaryImageOfPage\":{\"@id\":\"https:\/\/www.ch-dunkerque.fr\/maternite\/mon-bebe-est-hospitalise\/le-service-de-neonatalogie\/#primaryimage\"},\"image\":{\"@id\":\"https:\/\/www.ch-dunkerque.fr\/maternite\/mon-bebe-est-hospitalise\/le-service-de-neonatalogie\/#primaryimage\"},\"thumbnailUrl\":\"https:\/\/www.ch-dunkerque.fr\/maternite\/wp-content\/uploads\/sites\/3\/2020\/01\/DSC_2182.jpg\",\"datePublished\":\"2019-05-29T08:18:17+00:00\",\"dateModified\":\"2025-02-06T12:59:23+00:00\",\"breadcrumb\":{\"@id\":\"https:\/\/www.ch-dunkerque.fr\/maternite\/mon-bebe-est-hospitalise\/le-service-de-neonatalogie\/#breadcrumb\"},\"inLanguage\":\"fr-FR\",\"potentialAction\":[{\"@type\":\"ReadAction\",\"target\":[\"https:\/\/www.ch-dunkerque.fr\/maternite\/mon-bebe-est-hospitalise\/le-service-de-neonatalogie\/\"]}]},{\"@type\":\"ImageObject\",\"inLanguage\":\"fr-FR\",\"@id\":\"https:\/\/www.ch-dunkerque.fr\/maternite\/mon-bebe-est-hospitalise\/le-service-de-neonatalogie\/#primaryimage\",\"url\":\"https:\/\/www.ch-dunkerque.fr\/maternite\/wp-content\/uploads\/sites\/3\/2020\/01\/DSC_2182.jpg\",\"contentUrl\":\"https:\/\/www.ch-dunkerque.fr\/maternite\/wp-content\/uploads\/sites\/3\/2020\/01\/DSC_2182.jpg\",\"width\":4176,\"height\":2784},{\"@type\":\"BreadcrumbList\",\"@id\":\"https:\/\/www.ch-dunkerque.fr\/maternite\/mon-bebe-est-hospitalise\/le-service-de-neonatalogie\/#breadcrumb\",\"itemListElement\":[{\"@type\":\"ListItem\",\"position\":1,\"name\":\"Accueil\",\"item\":\"https:\/\/www.ch-dunkerque.fr\/maternite\/\"},{\"@type\":\"ListItem\",\"position\":2,\"name\":\"Mon b\u00e9b\u00e9 est hospitalis\u00e9\",\"item\":\"https:\/\/www.ch-dunkerque.fr\/maternite\/mon-bebe-est-hospitalise\/\"},{\"@type\":\"ListItem\",\"position\":3,\"name\":\"Le service de N\u00e9onatalogie\"}]},{\"@type\":\"WebSite\",\"@id\":\"https:\/\/www.ch-dunkerque.fr\/maternite\/#website\",\"url\":\"https:\/\/www.ch-dunkerque.fr\/maternite\/\",\"name\":\"Mini site Maternit\u00e9\",\"description\":\"Un site utilisant Les sites de chdunkerque\",\"potentialAction\":[{\"@type\":\"SearchAction\",\"target\":{\"@type\":\"EntryPoint\",\"urlTemplate\":\"https:\/\/www.ch-dunkerque.fr\/maternite\/?s={search_term_string}\"},\"query-input\":{\"@type\":\"PropertyValueSpecification\",\"valueRequired\":true,\"valueName\":\"search_term_string\"}}],\"inLanguage\":\"fr-FR\"}]}<\/script>\n<!-- \/ Yoast SEO plugin. -->","yoast_head_json":{"title":"Le service de N\u00e9onatalogie - Mini site Maternit\u00e9","robots":{"index":"index","follow":"follow","max-snippet":"max-snippet:-1","max-image-preview":"max-image-preview:large","max-video-preview":"max-video-preview:-1"},"canonical":"https:\/\/www.ch-dunkerque.fr\/maternite\/mon-bebe-est-hospitalise\/le-service-de-neonatalogie\/","og_locale":"fr_FR","og_type":"article","og_title":"Le service de N\u00e9onatalogie - Mini site Maternit\u00e9","og_description":"\u00ab\u00a0Chers parents, Votre enfant est hospitalis\u00e9 dans notre service de n\u00e9onatalogie labellis\u00e9 IHAB depuis 2021. Nous comprenons que cet \u00e9v\u00e8nement soit \u00e9prouvant. L\u2019\u00e9quipe, telle un cocon, est pr\u00e9sente pour prendre soin de votre enfant et vous accompagner en tant que parents.\u00a0\u00bb Dr Emmanuelle ROBIN, Responsable du service de n\u00e9onatologie de l&#8217;H\u00f4pital Alexandra Lep\u00e8ve Le \u00a0service [&hellip;]","og_url":"https:\/\/www.ch-dunkerque.fr\/maternite\/mon-bebe-est-hospitalise\/le-service-de-neonatalogie\/","og_site_name":"Mini site Maternit\u00e9","article_modified_time":"2025-02-06T12:59:23+00:00","og_image":[{"width":1024,"height":683,"url":"https:\/\/www.ch-dunkerque.fr\/maternite\/wp-content\/uploads\/sites\/3\/2020\/01\/DSC_2182-1024x683.jpg","type":"image\/jpeg"}],"twitter_card":"summary_large_image","twitter_misc":{"Dur\u00e9e de lecture estim\u00e9e":"2 minutes"},"schema":{"@context":"https:\/\/schema.org","@graph":[{"@type":"WebPage","@id":"https:\/\/www.ch-dunkerque.fr\/maternite\/mon-bebe-est-hospitalise\/le-service-de-neonatalogie\/","url":"https:\/\/www.ch-dunkerque.fr\/maternite\/mon-bebe-est-hospitalise\/le-service-de-neonatalogie\/","name":"Le service de N\u00e9onatalogie - Mini site Maternit\u00e9","isPartOf":{"@id":"https:\/\/www.ch-dunkerque.fr\/maternite\/#website"},"primaryImageOfPage":{"@id":"https:\/\/www.ch-dunkerque.fr\/maternite\/mon-bebe-est-hospitalise\/le-service-de-neonatalogie\/#primaryimage"},"image":{"@id":"https:\/\/www.ch-dunkerque.fr\/maternite\/mon-bebe-est-hospitalise\/le-service-de-neonatalogie\/#primaryimage"},"thumbnailUrl":"https:\/\/www.ch-dunkerque.fr\/maternite\/wp-content\/uploads\/sites\/3\/2020\/01\/DSC_2182.jpg","datePublished":"2019-05-29T08:18:17+00:00","dateModified":"2025-02-06T12:59:23+00:00","breadcrumb":{"@id":"https:\/\/www.ch-dunkerque.fr\/maternite\/mon-bebe-est-hospitalise\/le-service-de-neonatalogie\/#breadcrumb"},"inLanguage":"fr-FR","potentialAction":[{"@type":"ReadAction","target":["https:\/\/www.ch-dunkerque.fr\/maternite\/mon-bebe-est-hospitalise\/le-service-de-neonatalogie\/"]}]},{"@type":"ImageObject","inLanguage":"fr-FR","@id":"https:\/\/www.ch-dunkerque.fr\/maternite\/mon-bebe-est-hospitalise\/le-service-de-neonatalogie\/#primaryimage","url":"https:\/\/www.ch-dunkerque.fr\/maternite\/wp-content\/uploads\/sites\/3\/2020\/01\/DSC_2182.jpg","contentUrl":"https:\/\/www.ch-dunkerque.fr\/maternite\/wp-content\/uploads\/sites\/3\/2020\/01\/DSC_2182.jpg","width":4176,"height":2784},{"@type":"BreadcrumbList","@id":"https:\/\/www.ch-dunkerque.fr\/maternite\/mon-bebe-est-hospitalise\/le-service-de-neonatalogie\/#breadcrumb","itemListElement":[{"@type":"ListItem","position":1,"name":"Accueil","item":"https:\/\/www.ch-dunkerque.fr\/maternite\/"},{"@type":"ListItem","position":2,"name":"Mon b\u00e9b\u00e9 est hospitalis\u00e9","item":"https:\/\/www.ch-dunkerque.fr\/maternite\/mon-bebe-est-hospitalise\/"},{"@type":"ListItem","position":3,"name":"Le service de N\u00e9onatalogie"}]},{"@type":"WebSite","@id":"https:\/\/www.ch-dunkerque.fr\/maternite\/#website","url":"https:\/\/www.ch-dunkerque.fr\/maternite\/","name":"Mini site Maternit\u00e9","description":"Un site utilisant Les sites de chdunkerque","potentialAction":[{"@type":"SearchAction","target":{"@type":"EntryPoint","urlTemplate":"https:\/\/www.ch-dunkerque.fr\/maternite\/?s={search_term_string}"},"query-input":{"@type":"PropertyValueSpecification","valueRequired":true,"valueName":"search_term_string"}}],"inLanguage":"fr-FR"}]}},"_links":{"self":[{"href":"https:\/\/www.ch-dunkerque.fr\/maternite\/wp-json\/wp\/v2\/pages\/125","targetHints":{"allow":["GET"]}}],"collection":[{"href":"https:\/\/www.ch-dunkerque.fr\/maternite\/wp-json\/wp\/v2\/pages"}],"about":[{"href":"https:\/\/www.ch-dunkerque.fr\/maternite\/wp-json\/wp\/v2\/types\/page"}],"author":[{"embeddable":true,"href":"https:\/\/www.ch-dunkerque.fr\/maternite\/wp-json\/wp\/v2\/users\/1"}],"replies":[{"embeddable":true,"href":"https:\/\/www.ch-dunkerque.fr\/maternite\/wp-json\/wp\/v2\/comments?post=125"}],"version-history":[{"count":22,"href":"https:\/\/www.ch-dunkerque.fr\/maternite\/wp-json\/wp\/v2\/pages\/125\/revisions"}],"predecessor-version":[{"id":722,"href":"https:\/\/www.ch-dunkerque.fr\/maternite\/wp-json\/wp\/v2\/pages\/125\/revisions\/722"}],"up":[{"embeddable":true,"href":"https:\/\/www.ch-dunkerque.fr\/maternite\/wp-json\/wp\/v2\/pages\/123"}],"wp:featuredmedia":[{"embeddable":true,"href":"https:\/\/www.ch-dunkerque.fr\/maternite\/wp-json\/wp\/v2\/media\/359"}],"wp:attachment":[{"href":"https:\/\/www.ch-dunkerque.fr\/maternite\/wp-json\/wp\/v2\/media?parent=125"}],"curies":[{"name":"wp","href":"https:\/\/api.w.org\/{rel}","templated":true}]}}