{"id":416,"date":"2021-03-11T16:15:05","date_gmt":"2021-03-11T15:15:05","guid":{"rendered":"https:\/\/www.ch-dunkerque.fr\/ifs\/?page_id=416"},"modified":"2025-08-26T09:22:08","modified_gmt":"2025-08-26T07:22:08","slug":"notre-projet-pedagogique","status":"publish","type":"page","link":"https:\/\/www.ch-dunkerque.fr\/ifs\/notre-institut-des-formations-en-sante-ifs\/notre-projet-pedagogique\/","title":{"rendered":"Notre \u00e9quipe p\u00e9dagogique"},"content":{"rendered":"<p>100% des formateurs sont cadres de sant\u00e9.<\/p>\n<p>88% dispose d&#8217;un Master 2 :<\/p>\n<ul>\n<li>Qualit\u00e9<\/li>\n<li>Sciences de l\u2019\u00c9ducation<\/li>\n<li>Actions et activit\u00e9s sanitaires et sociales<\/li>\n<\/ul>\n<p>Les expertises d\u00e9velopp\u00e9es par l&#8217;\u00e9quipe p\u00e9dagogique sont nombreuses et diversifi\u00e9es : sp\u00e9cialit\u00e9 en GSU, sp\u00e9cialit\u00e9 en simulation, expertise dans le prise en charge de la douleur, formation gestes et posture, sp\u00e9cialit\u00e9 en p\u00e9diatrie, sant\u00e9 mentale, milieu du handicap et g\u00e9rontologie.<\/p>\n<p><a href=\"https:\/\/www.ch-dunkerque.fr\/ifs\/wp-content\/uploads\/sites\/4\/2025\/08\/ORGANIGRAMME-INSTITUT-SEPTEMBRE-2025.pdf\">ORGANIGRAMME INSTITUT SEPTEMBRE 2025<\/a><\/p>\n","protected":false},"excerpt":{"rendered":"<p>100% des formateurs sont cadres de sant\u00e9. 88% dispose d&#8217;un Master 2 : Qualit\u00e9 Sciences de l\u2019\u00c9ducation Actions et activit\u00e9s sanitaires et sociales Les expertises d\u00e9velopp\u00e9es par l&#8217;\u00e9quipe p\u00e9dagogique sont nombreuses et diversifi\u00e9es : sp\u00e9cialit\u00e9 en GSU, sp\u00e9cialit\u00e9 en simulation, expertise dans le prise en charge de la douleur, formation gestes et posture, sp\u00e9cialit\u00e9 en [&hellip;]<\/p>\n","protected":false},"author":13,"featured_media":473,"parent":7,"menu_order":0,"comment_status":"closed","ping_status":"closed","template":"","meta":{"_exactmetrics_skip_tracking":false,"_exactmetrics_sitenote_active":false,"_exactmetrics_sitenote_note":"","_exactmetrics_sitenote_category":0,"_genesis_hide_title":false,"_genesis_hide_breadcrumbs":false,"_genesis_hide_singular_image":false,"_genesis_hide_footer_widgets":false,"_genesis_custom_body_class":"","_genesis_custom_post_class":"","_genesis_layout":"","footnotes":""},"class_list":{"0":"post-416","1":"page","2":"type-page","3":"status-publish","4":"has-post-thumbnail","6":"entry"},"yoast_head":"<!-- This site is optimized with the Yoast SEO plugin v26.9 - https:\/\/yoast.com\/product\/yoast-seo-wordpress\/ -->\n<title>Notre \u00e9quipe p\u00e9dagogique - Institut de Formation en Sant\u00e9 du CHD<\/title>\n<meta name=\"robots\" content=\"index, follow, max-snippet:-1, max-image-preview:large, max-video-preview:-1\" \/>\n<link rel=\"canonical\" href=\"https:\/\/www.ch-dunkerque.fr\/ifs\/notre-institut-des-formations-en-sante-ifs\/notre-projet-pedagogique\/\" \/>\n<meta property=\"og:locale\" content=\"fr_FR\" \/>\n<meta property=\"og:type\" content=\"article\" \/>\n<meta property=\"og:title\" content=\"Notre \u00e9quipe p\u00e9dagogique - Institut de Formation en Sant\u00e9 du CHD\" \/>\n<meta property=\"og:description\" content=\"100% des formateurs sont cadres de sant\u00e9. 88% dispose d&#8217;un Master 2 : Qualit\u00e9 Sciences de l\u2019\u00c9ducation Actions et activit\u00e9s sanitaires et sociales Les expertises d\u00e9velopp\u00e9es par l&#8217;\u00e9quipe p\u00e9dagogique sont nombreuses et diversifi\u00e9es : sp\u00e9cialit\u00e9 en GSU, sp\u00e9cialit\u00e9 en simulation, expertise dans le prise en charge de la douleur, formation gestes et posture, sp\u00e9cialit\u00e9 en [&hellip;]\" \/>\n<meta property=\"og:url\" content=\"https:\/\/www.ch-dunkerque.fr\/ifs\/notre-institut-des-formations-en-sante-ifs\/notre-projet-pedagogique\/\" \/>\n<meta property=\"og:site_name\" content=\"Institut de Formation en Sant\u00e9 du CHD\" \/>\n<meta property=\"article:modified_time\" content=\"2025-08-26T07:22:08+00:00\" \/>\n<meta property=\"og:image\" content=\"https:\/\/www.ch-dunkerque.fr\/ifs\/wp-content\/uploads\/sites\/4\/2021\/03\/IMG_0284-1-1024x768.jpg\" \/>\n\t<meta property=\"og:image:width\" content=\"1024\" \/>\n\t<meta property=\"og:image:height\" content=\"768\" \/>\n\t<meta property=\"og:image:type\" content=\"image\/jpeg\" \/>\n<meta name=\"twitter:card\" content=\"summary_large_image\" \/>\n<meta name=\"twitter:label1\" content=\"Dur\u00e9e de lecture estim\u00e9e\" \/>\n\t<meta name=\"twitter:data1\" content=\"1 minute\" \/>\n<script type=\"application\/ld+json\" class=\"yoast-schema-graph\">{\"@context\":\"https:\/\/schema.org\",\"@graph\":[{\"@type\":\"WebPage\",\"@id\":\"https:\/\/www.ch-dunkerque.fr\/ifs\/notre-institut-des-formations-en-sante-ifs\/notre-projet-pedagogique\/\",\"url\":\"https:\/\/www.ch-dunkerque.fr\/ifs\/notre-institut-des-formations-en-sante-ifs\/notre-projet-pedagogique\/\",\"name\":\"Notre \u00e9quipe p\u00e9dagogique - Institut de Formation en Sant\u00e9 du CHD\",\"isPartOf\":{\"@id\":\"https:\/\/www.ch-dunkerque.fr\/ifs\/#website\"},\"primaryImageOfPage\":{\"@id\":\"https:\/\/www.ch-dunkerque.fr\/ifs\/notre-institut-des-formations-en-sante-ifs\/notre-projet-pedagogique\/#primaryimage\"},\"image\":{\"@id\":\"https:\/\/www.ch-dunkerque.fr\/ifs\/notre-institut-des-formations-en-sante-ifs\/notre-projet-pedagogique\/#primaryimage\"},\"thumbnailUrl\":\"https:\/\/www.ch-dunkerque.fr\/ifs\/wp-content\/uploads\/sites\/4\/2021\/03\/IMG_0284-1.jpg\",\"datePublished\":\"2021-03-11T15:15:05+00:00\",\"dateModified\":\"2025-08-26T07:22:08+00:00\",\"breadcrumb\":{\"@id\":\"https:\/\/www.ch-dunkerque.fr\/ifs\/notre-institut-des-formations-en-sante-ifs\/notre-projet-pedagogique\/#breadcrumb\"},\"inLanguage\":\"fr-FR\",\"potentialAction\":[{\"@type\":\"ReadAction\",\"target\":[\"https:\/\/www.ch-dunkerque.fr\/ifs\/notre-institut-des-formations-en-sante-ifs\/notre-projet-pedagogique\/\"]}]},{\"@type\":\"ImageObject\",\"inLanguage\":\"fr-FR\",\"@id\":\"https:\/\/www.ch-dunkerque.fr\/ifs\/notre-institut-des-formations-en-sante-ifs\/notre-projet-pedagogique\/#primaryimage\",\"url\":\"https:\/\/www.ch-dunkerque.fr\/ifs\/wp-content\/uploads\/sites\/4\/2021\/03\/IMG_0284-1.jpg\",\"contentUrl\":\"https:\/\/www.ch-dunkerque.fr\/ifs\/wp-content\/uploads\/sites\/4\/2021\/03\/IMG_0284-1.jpg\",\"width\":4032,\"height\":3024},{\"@type\":\"BreadcrumbList\",\"@id\":\"https:\/\/www.ch-dunkerque.fr\/ifs\/notre-institut-des-formations-en-sante-ifs\/notre-projet-pedagogique\/#breadcrumb\",\"itemListElement\":[{\"@type\":\"ListItem\",\"position\":1,\"name\":\"Accueil\",\"item\":\"https:\/\/www.ch-dunkerque.fr\/ifs\/\"},{\"@type\":\"ListItem\",\"position\":2,\"name\":\"Notre Institut des Formations en Sant\u00e9 (IFS)\",\"item\":\"https:\/\/www.ch-dunkerque.fr\/ifs\/notre-institut-des-formations-en-sante-ifs\/\"},{\"@type\":\"ListItem\",\"position\":3,\"name\":\"Notre \u00e9quipe p\u00e9dagogique\"}]},{\"@type\":\"WebSite\",\"@id\":\"https:\/\/www.ch-dunkerque.fr\/ifs\/#website\",\"url\":\"https:\/\/www.ch-dunkerque.fr\/ifs\/\",\"name\":\"Institut de Formation en Sant\u00e9 du CHD\",\"description\":\"Un site utilisant Les sites de chdunkerque\",\"potentialAction\":[{\"@type\":\"SearchAction\",\"target\":{\"@type\":\"EntryPoint\",\"urlTemplate\":\"https:\/\/www.ch-dunkerque.fr\/ifs\/?s={search_term_string}\"},\"query-input\":{\"@type\":\"PropertyValueSpecification\",\"valueRequired\":true,\"valueName\":\"search_term_string\"}}],\"inLanguage\":\"fr-FR\"}]}<\/script>\n<!-- \/ Yoast SEO plugin. -->","yoast_head_json":{"title":"Notre \u00e9quipe p\u00e9dagogique - Institut de Formation en Sant\u00e9 du CHD","robots":{"index":"index","follow":"follow","max-snippet":"max-snippet:-1","max-image-preview":"max-image-preview:large","max-video-preview":"max-video-preview:-1"},"canonical":"https:\/\/www.ch-dunkerque.fr\/ifs\/notre-institut-des-formations-en-sante-ifs\/notre-projet-pedagogique\/","og_locale":"fr_FR","og_type":"article","og_title":"Notre \u00e9quipe p\u00e9dagogique - Institut de Formation en Sant\u00e9 du CHD","og_description":"100% des formateurs sont cadres de sant\u00e9. 88% dispose d&#8217;un Master 2 : Qualit\u00e9 Sciences de l\u2019\u00c9ducation Actions et activit\u00e9s sanitaires et sociales Les expertises d\u00e9velopp\u00e9es par l&#8217;\u00e9quipe p\u00e9dagogique sont nombreuses et diversifi\u00e9es : sp\u00e9cialit\u00e9 en GSU, sp\u00e9cialit\u00e9 en simulation, expertise dans le prise en charge de la douleur, formation gestes et posture, sp\u00e9cialit\u00e9 en [&hellip;]","og_url":"https:\/\/www.ch-dunkerque.fr\/ifs\/notre-institut-des-formations-en-sante-ifs\/notre-projet-pedagogique\/","og_site_name":"Institut de Formation en Sant\u00e9 du CHD","article_modified_time":"2025-08-26T07:22:08+00:00","og_image":[{"width":1024,"height":768,"url":"https:\/\/www.ch-dunkerque.fr\/ifs\/wp-content\/uploads\/sites\/4\/2021\/03\/IMG_0284-1-1024x768.jpg","type":"image\/jpeg"}],"twitter_card":"summary_large_image","twitter_misc":{"Dur\u00e9e de lecture estim\u00e9e":"1 minute"},"schema":{"@context":"https:\/\/schema.org","@graph":[{"@type":"WebPage","@id":"https:\/\/www.ch-dunkerque.fr\/ifs\/notre-institut-des-formations-en-sante-ifs\/notre-projet-pedagogique\/","url":"https:\/\/www.ch-dunkerque.fr\/ifs\/notre-institut-des-formations-en-sante-ifs\/notre-projet-pedagogique\/","name":"Notre \u00e9quipe p\u00e9dagogique - Institut de Formation en Sant\u00e9 du CHD","isPartOf":{"@id":"https:\/\/www.ch-dunkerque.fr\/ifs\/#website"},"primaryImageOfPage":{"@id":"https:\/\/www.ch-dunkerque.fr\/ifs\/notre-institut-des-formations-en-sante-ifs\/notre-projet-pedagogique\/#primaryimage"},"image":{"@id":"https:\/\/www.ch-dunkerque.fr\/ifs\/notre-institut-des-formations-en-sante-ifs\/notre-projet-pedagogique\/#primaryimage"},"thumbnailUrl":"https:\/\/www.ch-dunkerque.fr\/ifs\/wp-content\/uploads\/sites\/4\/2021\/03\/IMG_0284-1.jpg","datePublished":"2021-03-11T15:15:05+00:00","dateModified":"2025-08-26T07:22:08+00:00","breadcrumb":{"@id":"https:\/\/www.ch-dunkerque.fr\/ifs\/notre-institut-des-formations-en-sante-ifs\/notre-projet-pedagogique\/#breadcrumb"},"inLanguage":"fr-FR","potentialAction":[{"@type":"ReadAction","target":["https:\/\/www.ch-dunkerque.fr\/ifs\/notre-institut-des-formations-en-sante-ifs\/notre-projet-pedagogique\/"]}]},{"@type":"ImageObject","inLanguage":"fr-FR","@id":"https:\/\/www.ch-dunkerque.fr\/ifs\/notre-institut-des-formations-en-sante-ifs\/notre-projet-pedagogique\/#primaryimage","url":"https:\/\/www.ch-dunkerque.fr\/ifs\/wp-content\/uploads\/sites\/4\/2021\/03\/IMG_0284-1.jpg","contentUrl":"https:\/\/www.ch-dunkerque.fr\/ifs\/wp-content\/uploads\/sites\/4\/2021\/03\/IMG_0284-1.jpg","width":4032,"height":3024},{"@type":"BreadcrumbList","@id":"https:\/\/www.ch-dunkerque.fr\/ifs\/notre-institut-des-formations-en-sante-ifs\/notre-projet-pedagogique\/#breadcrumb","itemListElement":[{"@type":"ListItem","position":1,"name":"Accueil","item":"https:\/\/www.ch-dunkerque.fr\/ifs\/"},{"@type":"ListItem","position":2,"name":"Notre Institut des Formations en Sant\u00e9 (IFS)","item":"https:\/\/www.ch-dunkerque.fr\/ifs\/notre-institut-des-formations-en-sante-ifs\/"},{"@type":"ListItem","position":3,"name":"Notre \u00e9quipe p\u00e9dagogique"}]},{"@type":"WebSite","@id":"https:\/\/www.ch-dunkerque.fr\/ifs\/#website","url":"https:\/\/www.ch-dunkerque.fr\/ifs\/","name":"Institut de Formation en Sant\u00e9 du CHD","description":"Un site utilisant Les sites de chdunkerque","potentialAction":[{"@type":"SearchAction","target":{"@type":"EntryPoint","urlTemplate":"https:\/\/www.ch-dunkerque.fr\/ifs\/?s={search_term_string}"},"query-input":{"@type":"PropertyValueSpecification","valueRequired":true,"valueName":"search_term_string"}}],"inLanguage":"fr-FR"}]}},"_links":{"self":[{"href":"https:\/\/www.ch-dunkerque.fr\/ifs\/wp-json\/wp\/v2\/pages\/416","targetHints":{"allow":["GET"]}}],"collection":[{"href":"https:\/\/www.ch-dunkerque.fr\/ifs\/wp-json\/wp\/v2\/pages"}],"about":[{"href":"https:\/\/www.ch-dunkerque.fr\/ifs\/wp-json\/wp\/v2\/types\/page"}],"author":[{"embeddable":true,"href":"https:\/\/www.ch-dunkerque.fr\/ifs\/wp-json\/wp\/v2\/users\/13"}],"replies":[{"embeddable":true,"href":"https:\/\/www.ch-dunkerque.fr\/ifs\/wp-json\/wp\/v2\/comments?post=416"}],"version-history":[{"count":21,"href":"https:\/\/www.ch-dunkerque.fr\/ifs\/wp-json\/wp\/v2\/pages\/416\/revisions"}],"predecessor-version":[{"id":1283,"href":"https:\/\/www.ch-dunkerque.fr\/ifs\/wp-json\/wp\/v2\/pages\/416\/revisions\/1283"}],"up":[{"embeddable":true,"href":"https:\/\/www.ch-dunkerque.fr\/ifs\/wp-json\/wp\/v2\/pages\/7"}],"wp:featuredmedia":[{"embeddable":true,"href":"https:\/\/www.ch-dunkerque.fr\/ifs\/wp-json\/wp\/v2\/media\/473"}],"wp:attachment":[{"href":"https:\/\/www.ch-dunkerque.fr\/ifs\/wp-json\/wp\/v2\/media?parent=416"}],"curies":[{"name":"wp","href":"https:\/\/api.w.org\/{rel}","templated":true}]}}

Notre équipe pédagogique

<p>100% des formateurs sont cadres de santé.</p>
<p>88% dispose d&#8217;un Master 2 :</p>
<ul>
<li>Qualité</li>
<li>Sciences de l’Éducation</li>
<li>Actions et activités sanitaires et sociales</li>
</ul>
<p>Les expertises développées par l&#8217;équipe pédagogique sont nombreuses et diversifiées : spécialité en GSU, spécialité en simulation, expertise dans le prise en charge de la douleur, formation gestes et posture, spécialité en pédiatrie, santé mentale, milieu du handicap et gérontologie.</p>
<p><a href="https://www.ch-dunkerque.fr/ifs/wp-content/uploads/sites/4/2025/08/ORGANIGRAMME-INSTITUT-SEPTEMBRE-2025.pdf">ORGANIGRAMME INSTITUT SEPTEMBRE 2025</a></p>

<p>100% des formateurs sont cadres de santé. 88% dispose d&#8217;un Master 2 : Qualité Sciences de l’Éducation Actions et activités sanitaires et sociales Les expertises développées par l&#8217;équipe pédagogique sont nombreuses et diversifiées : spécialité en GSU, spécialité en simulation, expertise dans le prise en charge de la douleur, formation gestes et posture, spécialité en [&hellip;]</p>

<!-- This site is optimized with the Yoast SEO plugin v26.9 - https://yoast.com/product/yoast-seo-wordpress/ -->
<title>Notre équipe pédagogique - Institut de Formation en Santé du CHD</title>
<meta name="robots" content="index, follow, max-snippet:-1, max-image-preview:large, max-video-preview:-1" />
<link rel="canonical" href="https://www.ch-dunkerque.fr/ifs/notre-institut-des-formations-en-sante-ifs/notre-projet-pedagogique/" />
<meta property="og:locale" content="fr_FR" />
<meta property="og:type" content="article" />
<meta property="og:title" content="Notre équipe pédagogique - Institut de Formation en Santé du CHD" />
<meta property="og:description" content="100% des formateurs sont cadres de santé. 88% dispose d&#8217;un Master 2 : Qualité Sciences de l’Éducation Actions et activités sanitaires et sociales Les expertises développées par l&#8217;équipe pédagogique sont nombreuses et diversifiées : spécialité en GSU, spécialité en simulation, expertise dans le prise en charge de la douleur, formation gestes et posture, spécialité en [&hellip;]" />
<meta property="og:url" content="https://www.ch-dunkerque.fr/ifs/notre-institut-des-formations-en-sante-ifs/notre-projet-pedagogique/" />
<meta property="og:site_name" content="Institut de Formation en Santé du CHD" />
<meta property="article:modified_time" content="2025-08-26T07:22:08+00:00" />
<meta property="og:image" content="https://www.ch-dunkerque.fr/ifs/wp-content/uploads/sites/4/2021/03/IMG_0284-1-1024x768.jpg" />
	<meta property="og:image:width" content="1024" />
	<meta property="og:image:height" content="768" />
	<meta property="og:image:type" content="image/jpeg" />
<meta name="twitter:card" content="summary_large_image" />
<meta name="twitter:label1" content="Durée de lecture estimée" />
	<meta name="twitter:data1" content="1 minute" />
<script type="application/ld+json" class="yoast-schema-graph">{"@context":"https://schema.org","@graph":[{"@type":"WebPage","@id":"https://www.ch-dunkerque.fr/ifs/notre-institut-des-formations-en-sante-ifs/notre-projet-pedagogique/","url":"https://www.ch-dunkerque.fr/ifs/notre-institut-des-formations-en-sante-ifs/notre-projet-pedagogique/","name":"Notre équipe pédagogique - Institut de Formation en Santé du CHD","isPartOf":{"@id":"https://www.ch-dunkerque.fr/ifs/#website"},"primaryImageOfPage":{"@id":"https://www.ch-dunkerque.fr/ifs/notre-institut-des-formations-en-sante-ifs/notre-projet-pedagogique/#primaryimage"},"image":{"@id":"https://www.ch-dunkerque.fr/ifs/notre-institut-des-formations-en-sante-ifs/notre-projet-pedagogique/#primaryimage"},"thumbnailUrl":"https://www.ch-dunkerque.fr/ifs/wp-content/uploads/sites/4/2021/03/IMG_0284-1.jpg","datePublished":"2021-03-11T15:15:05+00:00","dateModified":"2025-08-26T07:22:08+00:00","breadcrumb":{"@id":"https://www.ch-dunkerque.fr/ifs/notre-institut-des-formations-en-sante-ifs/notre-projet-pedagogique/#breadcrumb"},"inLanguage":"fr-FR","potentialAction":[{"@type":"ReadAction","target":["https://www.ch-dunkerque.fr/ifs/notre-institut-des-formations-en-sante-ifs/notre-projet-pedagogique/"]}]},{"@type":"ImageObject","inLanguage":"fr-FR","@id":"https://www.ch-dunkerque.fr/ifs/notre-institut-des-formations-en-sante-ifs/notre-projet-pedagogique/#primaryimage","url":"https://www.ch-dunkerque.fr/ifs/wp-content/uploads/sites/4/2021/03/IMG_0284-1.jpg","contentUrl":"https://www.ch-dunkerque.fr/ifs/wp-content/uploads/sites/4/2021/03/IMG_0284-1.jpg","width":4032,"height":3024},{"@type":"BreadcrumbList","@id":"https://www.ch-dunkerque.fr/ifs/notre-institut-des-formations-en-sante-ifs/notre-projet-pedagogique/#breadcrumb","itemListElement":[{"@type":"ListItem","position":1,"name":"Accueil","item":"https://www.ch-dunkerque.fr/ifs/"},{"@type":"ListItem","position":2,"name":"Notre Institut des Formations en Santé (IFS)","item":"https://www.ch-dunkerque.fr/ifs/notre-institut-des-formations-en-sante-ifs/"},{"@type":"ListItem","position":3,"name":"Notre équipe pédagogique"}]},{"@type":"WebSite","@id":"https://www.ch-dunkerque.fr/ifs/#website","url":"https://www.ch-dunkerque.fr/ifs/","name":"Institut de Formation en Santé du CHD","description":"Un site utilisant Les sites de chdunkerque","potentialAction":[{"@type":"SearchAction","target":{"@type":"EntryPoint","urlTemplate":"https://www.ch-dunkerque.fr/ifs/?s={search_term_string}"},"query-input":{"@type":"PropertyValueSpecification","valueRequired":true,"valueName":"search_term_string"}}],"inLanguage":"fr-FR"}]}</script>
<!-- / Yoast SEO plugin. -->

Notre équipe pédagogique - Institut de Formation en Santé du CHD

100% des formateurs sont cadres de santé. 88% dispose d&#8217;un Master 2 : Qualité Sciences de l’Éducation Actions et activités sanitaires et sociales Les expertises développées par l&#8217;équipe pédagogique sont nombreuses et diversifiées : spécialité en GSU, spécialité en simulation, expertise dans le prise en charge de la douleur, formation gestes et posture, spécialité en [&hellip;]

Institut de Formation en Santé du CHD

Notre Institut des Formations en Santé (IFS)
