{"id":159,"date":"2021-01-13T09:54:46","date_gmt":"2021-01-13T08:54:46","guid":{"rendered":"https:\/\/www.ch-dunkerque.fr\/ifs\/?page_id=159"},"modified":"2026-01-16T15:56:44","modified_gmt":"2026-01-16T14:56:44","slug":"lacces-a-la-formation","status":"publish","type":"page","link":"https:\/\/www.ch-dunkerque.fr\/ifs\/nos-formations\/aide-soignant\/lacces-a-la-formation\/","title":{"rendered":"Acc\u00e8s \u00e0 la formation"},"content":{"rendered":"<div>\n<p><span style=\"color: #000000\">Public et Pr\u00e9requis : \u00eatre \u00e2g\u00e9 de 17 ans au moins \u00e0 la date d&#8217;entr\u00e9e en formation.<\/span><\/p>\n<p><span style=\"color: #000000\">La formation d\u2019aide-soignant est accessible \u00e0 toute personne ayant satisfait \u00e0 l\u2019\u00e9preuve de s\u00e9lection sur la base d\u2019un dossier et d\u2019un entretien.<\/span><\/p>\n<p><span style=\"color: #000000\">Cas particulier : Sont dispens\u00e9s de l&#8217;\u00e9preuve de s\u00e9lection, les agents des services hospitaliers qualifi\u00e9s de la fonction publique hospitali\u00e8re et les agents de service :<\/span><\/p>\n<ul>\n<li><span style=\"color: #000000\">Justifiant d&#8217;une anciennet\u00e9 de services cumul\u00e9e d&#8217;au moins un an en \u00e9quivalent temps plein, effectu\u00e9s au sein d&#8217;un ou plusieurs \u00e9tablissements sanitaires et m\u00e9dico-sociaux des secteurs public et priv\u00e9 ou dans des services d&#8217;accompagnement et d&#8217;aide au domicile des personnes ;<\/span><\/li>\n<li><span style=\"color: #000000\">Ou justifiant \u00e0 la fois du suivi de la formation continue de soixante-dix heures relative \u00e0 la participation aux soins d&#8217;hygi\u00e8ne, de confort et de bien-\u00eatre de la personne \u00e2g\u00e9e et d&#8217;une anciennet\u00e9 de services cumul\u00e9e d&#8217;au moins six mois en \u00e9quivalent temps plein, effectu\u00e9s au sein d&#8217;un ou plusieurs \u00e9tablissements sanitaires et m\u00e9dico-sociaux des secteurs public et priv\u00e9 ou dans des services d&#8217;accompagnement et d&#8217;aide au domicile des personnes.<\/span><\/li>\n<\/ul>\n<\/div>\n<p><span style=\"color: #000000\">Le dossier d&#8217;inscription pour les \u00e9preuves de s\u00e9lection pour la formation aide-soignante :<\/span><\/p>\n<p><strong>\u00a0<\/strong><\/p>\n<p>&nbsp;<\/p>\n","protected":false},"excerpt":{"rendered":"<p>Public et Pr\u00e9requis : \u00eatre \u00e2g\u00e9 de 17 ans au moins \u00e0 la date d&#8217;entr\u00e9e en formation. La formation d\u2019aide-soignant est accessible \u00e0 toute personne ayant satisfait \u00e0 l\u2019\u00e9preuve de s\u00e9lection sur la base d\u2019un dossier et d\u2019un entretien. Cas particulier : Sont dispens\u00e9s de l&#8217;\u00e9preuve de s\u00e9lection, les agents des services hospitaliers qualifi\u00e9s de [&hellip;]<\/p>\n","protected":false},"author":13,"featured_media":0,"parent":142,"menu_order":0,"comment_status":"closed","ping_status":"closed","template":"","meta":{"_exactmetrics_skip_tracking":false,"_exactmetrics_sitenote_active":false,"_exactmetrics_sitenote_note":"","_exactmetrics_sitenote_category":0,"_genesis_hide_title":false,"_genesis_hide_breadcrumbs":false,"_genesis_hide_singular_image":false,"_genesis_hide_footer_widgets":false,"_genesis_custom_body_class":"","_genesis_custom_post_class":"","_genesis_layout":"","footnotes":""},"class_list":{"0":"post-159","1":"page","2":"type-page","3":"status-publish","5":"entry"},"yoast_head":"<!-- This site is optimized with the Yoast SEO plugin v26.9 - https:\/\/yoast.com\/product\/yoast-seo-wordpress\/ -->\n<title>Acc\u00e8s \u00e0 la formation - Institut de Formation en Sant\u00e9 du CHD<\/title>\n<meta name=\"robots\" content=\"index, follow, max-snippet:-1, max-image-preview:large, max-video-preview:-1\" \/>\n<link rel=\"canonical\" href=\"https:\/\/www.ch-dunkerque.fr\/ifs\/nos-formations\/aide-soignant\/lacces-a-la-formation\/\" \/>\n<meta property=\"og:locale\" content=\"fr_FR\" \/>\n<meta property=\"og:type\" content=\"article\" \/>\n<meta property=\"og:title\" content=\"Acc\u00e8s \u00e0 la formation - Institut de Formation en Sant\u00e9 du CHD\" \/>\n<meta property=\"og:description\" content=\"Public et Pr\u00e9requis : \u00eatre \u00e2g\u00e9 de 17 ans au moins \u00e0 la date d&#8217;entr\u00e9e en formation. La formation d\u2019aide-soignant est accessible \u00e0 toute personne ayant satisfait \u00e0 l\u2019\u00e9preuve de s\u00e9lection sur la base d\u2019un dossier et d\u2019un entretien. Cas particulier : Sont dispens\u00e9s de l&#8217;\u00e9preuve de s\u00e9lection, les agents des services hospitaliers qualifi\u00e9s de [&hellip;]\" \/>\n<meta property=\"og:url\" content=\"https:\/\/www.ch-dunkerque.fr\/ifs\/nos-formations\/aide-soignant\/lacces-a-la-formation\/\" \/>\n<meta property=\"og:site_name\" content=\"Institut de Formation en Sant\u00e9 du CHD\" \/>\n<meta property=\"article:modified_time\" content=\"2026-01-16T14:56:44+00:00\" \/>\n<meta name=\"twitter:card\" content=\"summary_large_image\" \/>\n<meta name=\"twitter:label1\" content=\"Dur\u00e9e de lecture estim\u00e9e\" \/>\n\t<meta name=\"twitter:data1\" content=\"1 minute\" \/>\n<script type=\"application\/ld+json\" class=\"yoast-schema-graph\">{\"@context\":\"https:\/\/schema.org\",\"@graph\":[{\"@type\":\"WebPage\",\"@id\":\"https:\/\/www.ch-dunkerque.fr\/ifs\/nos-formations\/aide-soignant\/lacces-a-la-formation\/\",\"url\":\"https:\/\/www.ch-dunkerque.fr\/ifs\/nos-formations\/aide-soignant\/lacces-a-la-formation\/\",\"name\":\"Acc\u00e8s \u00e0 la formation - Institut de Formation en Sant\u00e9 du CHD\",\"isPartOf\":{\"@id\":\"https:\/\/www.ch-dunkerque.fr\/ifs\/#website\"},\"datePublished\":\"2021-01-13T08:54:46+00:00\",\"dateModified\":\"2026-01-16T14:56:44+00:00\",\"breadcrumb\":{\"@id\":\"https:\/\/www.ch-dunkerque.fr\/ifs\/nos-formations\/aide-soignant\/lacces-a-la-formation\/#breadcrumb\"},\"inLanguage\":\"fr-FR\",\"potentialAction\":[{\"@type\":\"ReadAction\",\"target\":[\"https:\/\/www.ch-dunkerque.fr\/ifs\/nos-formations\/aide-soignant\/lacces-a-la-formation\/\"]}]},{\"@type\":\"BreadcrumbList\",\"@id\":\"https:\/\/www.ch-dunkerque.fr\/ifs\/nos-formations\/aide-soignant\/lacces-a-la-formation\/#breadcrumb\",\"itemListElement\":[{\"@type\":\"ListItem\",\"position\":1,\"name\":\"Accueil\",\"item\":\"https:\/\/www.ch-dunkerque.fr\/ifs\/\"},{\"@type\":\"ListItem\",\"position\":2,\"name\":\"Nos formations\",\"item\":\"https:\/\/www.ch-dunkerque.fr\/ifs\/nos-formations\/\"},{\"@type\":\"ListItem\",\"position\":3,\"name\":\"Aide-soignant\",\"item\":\"https:\/\/www.ch-dunkerque.fr\/ifs\/nos-formations\/aide-soignant\/\"},{\"@type\":\"ListItem\",\"position\":4,\"name\":\"Acc\u00e8s \u00e0 la formation\"}]},{\"@type\":\"WebSite\",\"@id\":\"https:\/\/www.ch-dunkerque.fr\/ifs\/#website\",\"url\":\"https:\/\/www.ch-dunkerque.fr\/ifs\/\",\"name\":\"Institut de Formation en Sant\u00e9 du CHD\",\"description\":\"Un site utilisant Les sites de chdunkerque\",\"potentialAction\":[{\"@type\":\"SearchAction\",\"target\":{\"@type\":\"EntryPoint\",\"urlTemplate\":\"https:\/\/www.ch-dunkerque.fr\/ifs\/?s={search_term_string}\"},\"query-input\":{\"@type\":\"PropertyValueSpecification\",\"valueRequired\":true,\"valueName\":\"search_term_string\"}}],\"inLanguage\":\"fr-FR\"}]}<\/script>\n<!-- \/ Yoast SEO plugin. -->","yoast_head_json":{"title":"Acc\u00e8s \u00e0 la formation - Institut de Formation en Sant\u00e9 du CHD","robots":{"index":"index","follow":"follow","max-snippet":"max-snippet:-1","max-image-preview":"max-image-preview:large","max-video-preview":"max-video-preview:-1"},"canonical":"https:\/\/www.ch-dunkerque.fr\/ifs\/nos-formations\/aide-soignant\/lacces-a-la-formation\/","og_locale":"fr_FR","og_type":"article","og_title":"Acc\u00e8s \u00e0 la formation - Institut de Formation en Sant\u00e9 du CHD","og_description":"Public et Pr\u00e9requis : \u00eatre \u00e2g\u00e9 de 17 ans au moins \u00e0 la date d&#8217;entr\u00e9e en formation. La formation d\u2019aide-soignant est accessible \u00e0 toute personne ayant satisfait \u00e0 l\u2019\u00e9preuve de s\u00e9lection sur la base d\u2019un dossier et d\u2019un entretien. Cas particulier : Sont dispens\u00e9s de l&#8217;\u00e9preuve de s\u00e9lection, les agents des services hospitaliers qualifi\u00e9s de [&hellip;]","og_url":"https:\/\/www.ch-dunkerque.fr\/ifs\/nos-formations\/aide-soignant\/lacces-a-la-formation\/","og_site_name":"Institut de Formation en Sant\u00e9 du CHD","article_modified_time":"2026-01-16T14:56:44+00:00","twitter_card":"summary_large_image","twitter_misc":{"Dur\u00e9e de lecture estim\u00e9e":"1 minute"},"schema":{"@context":"https:\/\/schema.org","@graph":[{"@type":"WebPage","@id":"https:\/\/www.ch-dunkerque.fr\/ifs\/nos-formations\/aide-soignant\/lacces-a-la-formation\/","url":"https:\/\/www.ch-dunkerque.fr\/ifs\/nos-formations\/aide-soignant\/lacces-a-la-formation\/","name":"Acc\u00e8s \u00e0 la formation - Institut de Formation en Sant\u00e9 du CHD","isPartOf":{"@id":"https:\/\/www.ch-dunkerque.fr\/ifs\/#website"},"datePublished":"2021-01-13T08:54:46+00:00","dateModified":"2026-01-16T14:56:44+00:00","breadcrumb":{"@id":"https:\/\/www.ch-dunkerque.fr\/ifs\/nos-formations\/aide-soignant\/lacces-a-la-formation\/#breadcrumb"},"inLanguage":"fr-FR","potentialAction":[{"@type":"ReadAction","target":["https:\/\/www.ch-dunkerque.fr\/ifs\/nos-formations\/aide-soignant\/lacces-a-la-formation\/"]}]},{"@type":"BreadcrumbList","@id":"https:\/\/www.ch-dunkerque.fr\/ifs\/nos-formations\/aide-soignant\/lacces-a-la-formation\/#breadcrumb","itemListElement":[{"@type":"ListItem","position":1,"name":"Accueil","item":"https:\/\/www.ch-dunkerque.fr\/ifs\/"},{"@type":"ListItem","position":2,"name":"Nos formations","item":"https:\/\/www.ch-dunkerque.fr\/ifs\/nos-formations\/"},{"@type":"ListItem","position":3,"name":"Aide-soignant","item":"https:\/\/www.ch-dunkerque.fr\/ifs\/nos-formations\/aide-soignant\/"},{"@type":"ListItem","position":4,"name":"Acc\u00e8s \u00e0 la formation"}]},{"@type":"WebSite","@id":"https:\/\/www.ch-dunkerque.fr\/ifs\/#website","url":"https:\/\/www.ch-dunkerque.fr\/ifs\/","name":"Institut de Formation en Sant\u00e9 du CHD","description":"Un site utilisant Les sites de chdunkerque","potentialAction":[{"@type":"SearchAction","target":{"@type":"EntryPoint","urlTemplate":"https:\/\/www.ch-dunkerque.fr\/ifs\/?s={search_term_string}"},"query-input":{"@type":"PropertyValueSpecification","valueRequired":true,"valueName":"search_term_string"}}],"inLanguage":"fr-FR"}]}},"_links":{"self":[{"href":"https:\/\/www.ch-dunkerque.fr\/ifs\/wp-json\/wp\/v2\/pages\/159","targetHints":{"allow":["GET"]}}],"collection":[{"href":"https:\/\/www.ch-dunkerque.fr\/ifs\/wp-json\/wp\/v2\/pages"}],"about":[{"href":"https:\/\/www.ch-dunkerque.fr\/ifs\/wp-json\/wp\/v2\/types\/page"}],"author":[{"embeddable":true,"href":"https:\/\/www.ch-dunkerque.fr\/ifs\/wp-json\/wp\/v2\/users\/13"}],"replies":[{"embeddable":true,"href":"https:\/\/www.ch-dunkerque.fr\/ifs\/wp-json\/wp\/v2\/comments?post=159"}],"version-history":[{"count":23,"href":"https:\/\/www.ch-dunkerque.fr\/ifs\/wp-json\/wp\/v2\/pages\/159\/revisions"}],"predecessor-version":[{"id":1431,"href":"https:\/\/www.ch-dunkerque.fr\/ifs\/wp-json\/wp\/v2\/pages\/159\/revisions\/1431"}],"up":[{"embeddable":true,"href":"https:\/\/www.ch-dunkerque.fr\/ifs\/wp-json\/wp\/v2\/pages\/142"}],"wp:attachment":[{"href":"https:\/\/www.ch-dunkerque.fr\/ifs\/wp-json\/wp\/v2\/media?parent=159"}],"curies":[{"name":"wp","href":"https:\/\/api.w.org\/{rel}","templated":true}]}}

Accès à la formation

<div>
<p><span style="color: #000000">Public et Prérequis : être âgé de 17 ans au moins à la date d&#8217;entrée en formation.</span></p>
<p><span style="color: #000000">La formation d’aide-soignant est accessible à toute personne ayant satisfait à l’épreuve de sélection sur la base d’un dossier et d’un entretien.</span></p>
<p><span style="color: #000000">Cas particulier : Sont dispensés de l&#8217;épreuve de sélection, les agents des services hospitaliers qualifiés de la fonction publique hospitalière et les agents de service :</span></p>
<ul>
<li><span style="color: #000000">Justifiant d&#8217;une ancienneté de services cumulée d&#8217;au moins un an en équivalent temps plein, effectués au sein d&#8217;un ou plusieurs établissements sanitaires et médico-sociaux des secteurs public et privé ou dans des services d&#8217;accompagnement et d&#8217;aide au domicile des personnes ;</span></li>
<li><span style="color: #000000">Ou justifiant à la fois du suivi de la formation continue de soixante-dix heures relative à la participation aux soins d&#8217;hygiène, de confort et de bien-être de la personne âgée et d&#8217;une ancienneté de services cumulée d&#8217;au moins six mois en équivalent temps plein, effectués au sein d&#8217;un ou plusieurs établissements sanitaires et médico-sociaux des secteurs public et privé ou dans des services d&#8217;accompagnement et d&#8217;aide au domicile des personnes.</span></li>
</ul>
</div>
<p><span style="color: #000000">Le dossier d&#8217;inscription pour les épreuves de sélection pour la formation aide-soignante :</span></p>
<p><strong> </strong></p>
<p>&nbsp;</p>

<p>Public et Prérequis : être âgé de 17 ans au moins à la date d&#8217;entrée en formation. La formation d’aide-soignant est accessible à toute personne ayant satisfait à l’épreuve de sélection sur la base d’un dossier et d’un entretien. Cas particulier : Sont dispensés de l&#8217;épreuve de sélection, les agents des services hospitaliers qualifiés de [&hellip;]</p>

<!-- This site is optimized with the Yoast SEO plugin v26.9 - https://yoast.com/product/yoast-seo-wordpress/ -->
<title>Accès à la formation - Institut de Formation en Santé du CHD</title>
<meta name="robots" content="index, follow, max-snippet:-1, max-image-preview:large, max-video-preview:-1" />
<link rel="canonical" href="https://www.ch-dunkerque.fr/ifs/nos-formations/aide-soignant/lacces-a-la-formation/" />
<meta property="og:locale" content="fr_FR" />
<meta property="og:type" content="article" />
<meta property="og:title" content="Accès à la formation - Institut de Formation en Santé du CHD" />
<meta property="og:description" content="Public et Prérequis : être âgé de 17 ans au moins à la date d&#8217;entrée en formation. La formation d’aide-soignant est accessible à toute personne ayant satisfait à l’épreuve de sélection sur la base d’un dossier et d’un entretien. Cas particulier : Sont dispensés de l&#8217;épreuve de sélection, les agents des services hospitaliers qualifiés de [&hellip;]" />
<meta property="og:url" content="https://www.ch-dunkerque.fr/ifs/nos-formations/aide-soignant/lacces-a-la-formation/" />
<meta property="og:site_name" content="Institut de Formation en Santé du CHD" />
<meta property="article:modified_time" content="2026-01-16T14:56:44+00:00" />
<meta name="twitter:card" content="summary_large_image" />
<meta name="twitter:label1" content="Durée de lecture estimée" />
	<meta name="twitter:data1" content="1 minute" />
<script type="application/ld+json" class="yoast-schema-graph">{"@context":"https://schema.org","@graph":[{"@type":"WebPage","@id":"https://www.ch-dunkerque.fr/ifs/nos-formations/aide-soignant/lacces-a-la-formation/","url":"https://www.ch-dunkerque.fr/ifs/nos-formations/aide-soignant/lacces-a-la-formation/","name":"Accès à la formation - Institut de Formation en Santé du CHD","isPartOf":{"@id":"https://www.ch-dunkerque.fr/ifs/#website"},"datePublished":"2021-01-13T08:54:46+00:00","dateModified":"2026-01-16T14:56:44+00:00","breadcrumb":{"@id":"https://www.ch-dunkerque.fr/ifs/nos-formations/aide-soignant/lacces-a-la-formation/#breadcrumb"},"inLanguage":"fr-FR","potentialAction":[{"@type":"ReadAction","target":["https://www.ch-dunkerque.fr/ifs/nos-formations/aide-soignant/lacces-a-la-formation/"]}]},{"@type":"BreadcrumbList","@id":"https://www.ch-dunkerque.fr/ifs/nos-formations/aide-soignant/lacces-a-la-formation/#breadcrumb","itemListElement":[{"@type":"ListItem","position":1,"name":"Accueil","item":"https://www.ch-dunkerque.fr/ifs/"},{"@type":"ListItem","position":2,"name":"Nos formations","item":"https://www.ch-dunkerque.fr/ifs/nos-formations/"},{"@type":"ListItem","position":3,"name":"Aide-soignant","item":"https://www.ch-dunkerque.fr/ifs/nos-formations/aide-soignant/"},{"@type":"ListItem","position":4,"name":"Accès à la formation"}]},{"@type":"WebSite","@id":"https://www.ch-dunkerque.fr/ifs/#website","url":"https://www.ch-dunkerque.fr/ifs/","name":"Institut de Formation en Santé du CHD","description":"Un site utilisant Les sites de chdunkerque","potentialAction":[{"@type":"SearchAction","target":{"@type":"EntryPoint","urlTemplate":"https://www.ch-dunkerque.fr/ifs/?s={search_term_string}"},"query-input":{"@type":"PropertyValueSpecification","valueRequired":true,"valueName":"search_term_string"}}],"inLanguage":"fr-FR"}]}</script>
<!-- / Yoast SEO plugin. -->

Accès à la formation - Institut de Formation en Santé du CHD

Public et Prérequis : être âgé de 17 ans au moins à la date d&#8217;entrée en formation. La formation d’aide-soignant est accessible à toute personne ayant satisfait à l’épreuve de sélection sur la base d’un dossier et d’un entretien. Cas particulier : Sont dispensés de l&#8217;épreuve de sélection, les agents des services hospitaliers qualifiés de [&hellip;]

Institut de Formation en Santé du CHD
