{"id":150,"date":"2021-01-13T09:56:08","date_gmt":"2021-01-13T08:56:08","guid":{"rendered":"https:\/\/www.ch-dunkerque.fr\/ifs\/?page_id=150"},"modified":"2026-01-26T10:25:21","modified_gmt":"2026-01-26T09:25:21","slug":"immersion","status":"publish","type":"page","link":"https:\/\/www.ch-dunkerque.fr\/ifs\/nos-formations\/immersion\/","title":{"rendered":"Journ\u00e9e d\u00e9couverte formation infirmi\u00e8re"},"content":{"rendered":"<p><span style=\"color: #000000\">Depuis la rentr\u00e9e 2019, l\u2019admission en formation infirmi\u00e8re s\u2019effectue via la plateforme \u00ab Parcoursup \u00bb. C\u2019est pourquoi, nous vous proposons cette journ\u00e9e d\u00e9couverte au sein de notre Institut de Formation. Si vous \u00eates int\u00e9ress\u00e9(e) inscrivez-vous !<\/span><\/p>\n<p><a href=\"https:\/\/www.ch-dunkerque.fr\/ifs\/wp-content\/uploads\/sites\/4\/2025\/10\/Livret-decouverte-formation-IDE-Imp-118-003.pdf\">Livret d\u00e9couverte formation IDE &#8211; Imp 118 (003)<\/a><\/p>\n<h2>OBJECTIFS :<\/h2>\n<ul>\n<li><span style=\"color: #000000\">\u00c9tayer ses repr\u00e9sentations du m\u00e9tier d&#8217;infirmier(e)<\/span><\/li>\n<li><span style=\"color: #000000\">D\u00e9couvrir la formation<\/span><\/li>\n<li><span style=\"color: #000000\">Sa familiariser avec l&#8217;institut, ses m\u00e9thodes p\u00e9dagogiques<\/span><\/li>\n<li><span style=\"color: #000000\">Confirmer son projet professionnel<\/span><\/li>\n<\/ul>\n<h2>PUBLIC &#8211; PR\u00c9REQUIS :<\/h2>\n<p><span style=\"color: #000000\">Lyc\u00e9ens de terminale, Personnes en reconversion professionnelle<\/span><\/p>\n<p><span style=\"color: #000000\">NOMBRE DE PARTICIPANTS : Groupe de 20 \u00e0 26 personnes maximum par journ\u00e9e. Les places \u00e9tant limit\u00e9es, merci de respecter votre engagement.<\/span><\/p>\n<h2>FORMATEURS :<\/h2>\n<p><span style=\"color: #000000\">Cadres de Sant\u00e9 Formateurs en IFS<\/span><\/p>\n<h2>METHODES P\u00c9DAGOGIQUES ET D&#8217;EVALUATION :<\/h2>\n<ul>\n<li><span style=\"color: #000000\">Apports didactiques<\/span><\/li>\n<li><span style=\"color: #000000\">Brainstorming<\/span><\/li>\n<li><span style=\"color: #000000\">Vid\u00e9o<\/span><\/li>\n<li><span style=\"color: #000000\">Quiz<\/span><\/li>\n<li><span style=\"color: #000000\">Retour d\u2019exp\u00e9riences des \u00e9tudiants de Premi\u00e8re et de Deuxi\u00e8me Ann\u00e9e<\/span><\/li>\n<\/ul>\n<h2>CO\u00dbT DE LA FORMATION :<\/h2>\n<p><span style=\"color: #000000\">Gratuite<\/span><\/p>\n<h2>DATES (2026) :<\/h2>\n<p><span style=\"color: #000000\">Jeudi 19 f\u00e9vrier 2026 : <strong><span style=\"color: #ff0000\">COMPLET<\/span><\/strong><\/span><\/p>\n<p><span style=\"color: #000000\">Mardi 24 f\u00e9vrier 2026 : <strong><span style=\"color: #ff0000\">COMPLET<\/span><\/strong><\/span><\/p>\n<p><span style=\"color: #000000\">Mercredi 25 f\u00e9vrier 2026 : <span style=\"color: #ff0000\"><strong>COMPLET<\/strong><\/span><\/span><\/p>\n<h3>INSCRIPTION :\u00a0<span style=\"color: #ff0000\"> ( \u00e0 partir du lundi 5 janvier 2026 &#8211; 14h00)<\/span><\/h3>\n<p><span style=\"color: #000000\">Vous pouvez remplir le formulaire disponible sur le site internet de l&#8217;IFS et :<br \/>\n&#8211; le retourner par mail \u00e0 l&#8217;adresse : ifs@ch-dunkerque.fr<br \/>\n&#8211; ou le d\u00e9poser \u00e0 l&#8217;IFS : impasse flor\u00e9al &#8211; CS 76 367 59385 Dunkerque Cedex 1<\/span><\/p>\n<p><span style=\"color: #000000\">Le formulaire d&#8217;inscription :<\/span><\/p>\n<p><a href=\"https:\/\/www.ch-dunkerque.fr\/ifs\/wp-content\/uploads\/sites\/4\/2026\/01\/Formulaire-decouverte-formation-IDE-2026.pdf\">Formulaire d\u00e9couverte formation IDE 2026<\/a><\/p>\n","protected":false},"excerpt":{"rendered":"<p>Depuis la rentr\u00e9e 2019, l\u2019admission en formation infirmi\u00e8re s\u2019effectue via la plateforme \u00ab Parcoursup \u00bb. C\u2019est pourquoi, nous vous proposons cette journ\u00e9e d\u00e9couverte au sein de notre Institut de Formation. Si vous \u00eates int\u00e9ress\u00e9(e) inscrivez-vous ! Livret d\u00e9couverte formation IDE &#8211; Imp 118 (003) OBJECTIFS : \u00c9tayer ses repr\u00e9sentations du m\u00e9tier d&#8217;infirmier(e) D\u00e9couvrir la formation [&hellip;]<\/p>\n","protected":false},"author":13,"featured_media":503,"parent":9,"menu_order":0,"comment_status":"closed","ping_status":"closed","template":"","meta":{"_exactmetrics_skip_tracking":false,"_exactmetrics_sitenote_active":false,"_exactmetrics_sitenote_note":"","_exactmetrics_sitenote_category":0,"_genesis_hide_title":false,"_genesis_hide_breadcrumbs":false,"_genesis_hide_singular_image":false,"_genesis_hide_footer_widgets":false,"_genesis_custom_body_class":"","_genesis_custom_post_class":"","_genesis_layout":"","footnotes":""},"class_list":{"0":"post-150","1":"page","2":"type-page","3":"status-publish","4":"has-post-thumbnail","6":"entry"},"yoast_head":"<!-- This site is optimized with the Yoast SEO plugin v26.9 - https:\/\/yoast.com\/product\/yoast-seo-wordpress\/ -->\n<title>Journ\u00e9e d\u00e9couverte formation infirmi\u00e8re - Institut de Formation en Sant\u00e9 du CHD<\/title>\n<meta name=\"robots\" content=\"index, follow, max-snippet:-1, max-image-preview:large, max-video-preview:-1\" \/>\n<link rel=\"canonical\" href=\"https:\/\/www.ch-dunkerque.fr\/ifs\/nos-formations\/immersion\/\" \/>\n<meta property=\"og:locale\" content=\"fr_FR\" \/>\n<meta property=\"og:type\" content=\"article\" \/>\n<meta property=\"og:title\" content=\"Journ\u00e9e d\u00e9couverte formation infirmi\u00e8re - Institut de Formation en Sant\u00e9 du CHD\" \/>\n<meta property=\"og:description\" content=\"Depuis la rentr\u00e9e 2019, l\u2019admission en formation infirmi\u00e8re s\u2019effectue via la plateforme \u00ab Parcoursup \u00bb. C\u2019est pourquoi, nous vous proposons cette journ\u00e9e d\u00e9couverte au sein de notre Institut de Formation. Si vous \u00eates int\u00e9ress\u00e9(e) inscrivez-vous ! Livret d\u00e9couverte formation IDE &#8211; Imp 118 (003) OBJECTIFS : \u00c9tayer ses repr\u00e9sentations du m\u00e9tier d&#8217;infirmier(e) D\u00e9couvrir la formation [&hellip;]\" \/>\n<meta property=\"og:url\" content=\"https:\/\/www.ch-dunkerque.fr\/ifs\/nos-formations\/immersion\/\" \/>\n<meta property=\"og:site_name\" content=\"Institut de Formation en Sant\u00e9 du CHD\" \/>\n<meta property=\"article:modified_time\" content=\"2026-01-26T09:25:21+00:00\" \/>\n<meta property=\"og:image\" content=\"https:\/\/www.ch-dunkerque.fr\/ifs\/wp-content\/uploads\/sites\/4\/2021\/03\/IMG_0269-bis.jpg\" \/>\n\t<meta property=\"og:image:width\" content=\"3360\" \/>\n\t<meta property=\"og:image:height\" content=\"2486\" \/>\n\t<meta property=\"og:image:type\" content=\"image\/jpeg\" \/>\n<meta name=\"twitter:card\" content=\"summary_large_image\" \/>\n<meta name=\"twitter:label1\" content=\"Dur\u00e9e de lecture estim\u00e9e\" \/>\n\t<meta name=\"twitter:data1\" content=\"2 minutes\" \/>\n<script type=\"application\/ld+json\" class=\"yoast-schema-graph\">{\"@context\":\"https:\/\/schema.org\",\"@graph\":[{\"@type\":\"WebPage\",\"@id\":\"https:\/\/www.ch-dunkerque.fr\/ifs\/nos-formations\/immersion\/\",\"url\":\"https:\/\/www.ch-dunkerque.fr\/ifs\/nos-formations\/immersion\/\",\"name\":\"Journ\u00e9e d\u00e9couverte formation infirmi\u00e8re - Institut de Formation en Sant\u00e9 du CHD\",\"isPartOf\":{\"@id\":\"https:\/\/www.ch-dunkerque.fr\/ifs\/#website\"},\"primaryImageOfPage\":{\"@id\":\"https:\/\/www.ch-dunkerque.fr\/ifs\/nos-formations\/immersion\/#primaryimage\"},\"image\":{\"@id\":\"https:\/\/www.ch-dunkerque.fr\/ifs\/nos-formations\/immersion\/#primaryimage\"},\"thumbnailUrl\":\"https:\/\/www.ch-dunkerque.fr\/ifs\/wp-content\/uploads\/sites\/4\/2021\/03\/IMG_0269-bis.jpg\",\"datePublished\":\"2021-01-13T08:56:08+00:00\",\"dateModified\":\"2026-01-26T09:25:21+00:00\",\"breadcrumb\":{\"@id\":\"https:\/\/www.ch-dunkerque.fr\/ifs\/nos-formations\/immersion\/#breadcrumb\"},\"inLanguage\":\"fr-FR\",\"potentialAction\":[{\"@type\":\"ReadAction\",\"target\":[\"https:\/\/www.ch-dunkerque.fr\/ifs\/nos-formations\/immersion\/\"]}]},{\"@type\":\"ImageObject\",\"inLanguage\":\"fr-FR\",\"@id\":\"https:\/\/www.ch-dunkerque.fr\/ifs\/nos-formations\/immersion\/#primaryimage\",\"url\":\"https:\/\/www.ch-dunkerque.fr\/ifs\/wp-content\/uploads\/sites\/4\/2021\/03\/IMG_0269-bis.jpg\",\"contentUrl\":\"https:\/\/www.ch-dunkerque.fr\/ifs\/wp-content\/uploads\/sites\/4\/2021\/03\/IMG_0269-bis.jpg\",\"width\":3360,\"height\":2486},{\"@type\":\"BreadcrumbList\",\"@id\":\"https:\/\/www.ch-dunkerque.fr\/ifs\/nos-formations\/immersion\/#breadcrumb\",\"itemListElement\":[{\"@type\":\"ListItem\",\"position\":1,\"name\":\"Accueil\",\"item\":\"https:\/\/www.ch-dunkerque.fr\/ifs\/\"},{\"@type\":\"ListItem\",\"position\":2,\"name\":\"Nos formations\",\"item\":\"https:\/\/www.ch-dunkerque.fr\/ifs\/nos-formations\/\"},{\"@type\":\"ListItem\",\"position\":3,\"name\":\"Journ\u00e9e d\u00e9couverte formation infirmi\u00e8re\"}]},{\"@type\":\"WebSite\",\"@id\":\"https:\/\/www.ch-dunkerque.fr\/ifs\/#website\",\"url\":\"https:\/\/www.ch-dunkerque.fr\/ifs\/\",\"name\":\"Institut de Formation en Sant\u00e9 du CHD\",\"description\":\"Un site utilisant Les sites de chdunkerque\",\"potentialAction\":[{\"@type\":\"SearchAction\",\"target\":{\"@type\":\"EntryPoint\",\"urlTemplate\":\"https:\/\/www.ch-dunkerque.fr\/ifs\/?s={search_term_string}\"},\"query-input\":{\"@type\":\"PropertyValueSpecification\",\"valueRequired\":true,\"valueName\":\"search_term_string\"}}],\"inLanguage\":\"fr-FR\"}]}<\/script>\n<!-- \/ Yoast SEO plugin. -->","yoast_head_json":{"title":"Journ\u00e9e d\u00e9couverte formation infirmi\u00e8re - Institut de Formation en Sant\u00e9 du CHD","robots":{"index":"index","follow":"follow","max-snippet":"max-snippet:-1","max-image-preview":"max-image-preview:large","max-video-preview":"max-video-preview:-1"},"canonical":"https:\/\/www.ch-dunkerque.fr\/ifs\/nos-formations\/immersion\/","og_locale":"fr_FR","og_type":"article","og_title":"Journ\u00e9e d\u00e9couverte formation infirmi\u00e8re - Institut de Formation en Sant\u00e9 du CHD","og_description":"Depuis la rentr\u00e9e 2019, l\u2019admission en formation infirmi\u00e8re s\u2019effectue via la plateforme \u00ab Parcoursup \u00bb. C\u2019est pourquoi, nous vous proposons cette journ\u00e9e d\u00e9couverte au sein de notre Institut de Formation. Si vous \u00eates int\u00e9ress\u00e9(e) inscrivez-vous ! Livret d\u00e9couverte formation IDE &#8211; Imp 118 (003) OBJECTIFS : \u00c9tayer ses repr\u00e9sentations du m\u00e9tier d&#8217;infirmier(e) D\u00e9couvrir la formation [&hellip;]","og_url":"https:\/\/www.ch-dunkerque.fr\/ifs\/nos-formations\/immersion\/","og_site_name":"Institut de Formation en Sant\u00e9 du CHD","article_modified_time":"2026-01-26T09:25:21+00:00","og_image":[{"width":3360,"height":2486,"url":"https:\/\/www.ch-dunkerque.fr\/ifs\/wp-content\/uploads\/sites\/4\/2021\/03\/IMG_0269-bis.jpg","type":"image\/jpeg"}],"twitter_card":"summary_large_image","twitter_misc":{"Dur\u00e9e de lecture estim\u00e9e":"2 minutes"},"schema":{"@context":"https:\/\/schema.org","@graph":[{"@type":"WebPage","@id":"https:\/\/www.ch-dunkerque.fr\/ifs\/nos-formations\/immersion\/","url":"https:\/\/www.ch-dunkerque.fr\/ifs\/nos-formations\/immersion\/","name":"Journ\u00e9e d\u00e9couverte formation infirmi\u00e8re - Institut de Formation en Sant\u00e9 du CHD","isPartOf":{"@id":"https:\/\/www.ch-dunkerque.fr\/ifs\/#website"},"primaryImageOfPage":{"@id":"https:\/\/www.ch-dunkerque.fr\/ifs\/nos-formations\/immersion\/#primaryimage"},"image":{"@id":"https:\/\/www.ch-dunkerque.fr\/ifs\/nos-formations\/immersion\/#primaryimage"},"thumbnailUrl":"https:\/\/www.ch-dunkerque.fr\/ifs\/wp-content\/uploads\/sites\/4\/2021\/03\/IMG_0269-bis.jpg","datePublished":"2021-01-13T08:56:08+00:00","dateModified":"2026-01-26T09:25:21+00:00","breadcrumb":{"@id":"https:\/\/www.ch-dunkerque.fr\/ifs\/nos-formations\/immersion\/#breadcrumb"},"inLanguage":"fr-FR","potentialAction":[{"@type":"ReadAction","target":["https:\/\/www.ch-dunkerque.fr\/ifs\/nos-formations\/immersion\/"]}]},{"@type":"ImageObject","inLanguage":"fr-FR","@id":"https:\/\/www.ch-dunkerque.fr\/ifs\/nos-formations\/immersion\/#primaryimage","url":"https:\/\/www.ch-dunkerque.fr\/ifs\/wp-content\/uploads\/sites\/4\/2021\/03\/IMG_0269-bis.jpg","contentUrl":"https:\/\/www.ch-dunkerque.fr\/ifs\/wp-content\/uploads\/sites\/4\/2021\/03\/IMG_0269-bis.jpg","width":3360,"height":2486},{"@type":"BreadcrumbList","@id":"https:\/\/www.ch-dunkerque.fr\/ifs\/nos-formations\/immersion\/#breadcrumb","itemListElement":[{"@type":"ListItem","position":1,"name":"Accueil","item":"https:\/\/www.ch-dunkerque.fr\/ifs\/"},{"@type":"ListItem","position":2,"name":"Nos formations","item":"https:\/\/www.ch-dunkerque.fr\/ifs\/nos-formations\/"},{"@type":"ListItem","position":3,"name":"Journ\u00e9e d\u00e9couverte formation infirmi\u00e8re"}]},{"@type":"WebSite","@id":"https:\/\/www.ch-dunkerque.fr\/ifs\/#website","url":"https:\/\/www.ch-dunkerque.fr\/ifs\/","name":"Institut de Formation en Sant\u00e9 du CHD","description":"Un site utilisant Les sites de chdunkerque","potentialAction":[{"@type":"SearchAction","target":{"@type":"EntryPoint","urlTemplate":"https:\/\/www.ch-dunkerque.fr\/ifs\/?s={search_term_string}"},"query-input":{"@type":"PropertyValueSpecification","valueRequired":true,"valueName":"search_term_string"}}],"inLanguage":"fr-FR"}]}},"_links":{"self":[{"href":"https:\/\/www.ch-dunkerque.fr\/ifs\/wp-json\/wp\/v2\/pages\/150","targetHints":{"allow":["GET"]}}],"collection":[{"href":"https:\/\/www.ch-dunkerque.fr\/ifs\/wp-json\/wp\/v2\/pages"}],"about":[{"href":"https:\/\/www.ch-dunkerque.fr\/ifs\/wp-json\/wp\/v2\/types\/page"}],"author":[{"embeddable":true,"href":"https:\/\/www.ch-dunkerque.fr\/ifs\/wp-json\/wp\/v2\/users\/13"}],"replies":[{"embeddable":true,"href":"https:\/\/www.ch-dunkerque.fr\/ifs\/wp-json\/wp\/v2\/comments?post=150"}],"version-history":[{"count":46,"href":"https:\/\/www.ch-dunkerque.fr\/ifs\/wp-json\/wp\/v2\/pages\/150\/revisions"}],"predecessor-version":[{"id":1441,"href":"https:\/\/www.ch-dunkerque.fr\/ifs\/wp-json\/wp\/v2\/pages\/150\/revisions\/1441"}],"up":[{"embeddable":true,"href":"https:\/\/www.ch-dunkerque.fr\/ifs\/wp-json\/wp\/v2\/pages\/9"}],"wp:featuredmedia":[{"embeddable":true,"href":"https:\/\/www.ch-dunkerque.fr\/ifs\/wp-json\/wp\/v2\/media\/503"}],"wp:attachment":[{"href":"https:\/\/www.ch-dunkerque.fr\/ifs\/wp-json\/wp\/v2\/media?parent=150"}],"curies":[{"name":"wp","href":"https:\/\/api.w.org\/{rel}","templated":true}]}}