{"id":1421,"date":"2026-01-16T15:22:15","date_gmt":"2026-01-16T14:22:15","guid":{"rendered":"https:\/\/www.ch-dunkerque.fr\/ifs\/?page_id=1421"},"modified":"2026-02-24T10:26:58","modified_gmt":"2026-02-24T09:26:58","slug":"acces-au-diplome-infirmier-pour-les-medecins-maieuticiens-et-les-titulaires-du-dfasm","status":"publish","type":"page","link":"https:\/\/www.ch-dunkerque.fr\/ifs\/acces-au-diplome-infirmier-pour-les-medecins-maieuticiens-et-les-titulaires-du-dfasm\/","title":{"rendered":"Acc\u00e8s au dipl\u00f4me infirmier pour les m\u00e9decins, ma\u00efeuticiens et les titulaires du DFASM"},"content":{"rendered":"<h2>Public et pr\u00e9requis<\/h2>\n<p><span style=\"color: #000000\">Personnes titulaires d&#8217;une autorisation permettant l&#8217;exercice de la profession de m\u00e9decin ou de ma\u00efeuticien en France ou \u00e0 l&#8217;\u00e9tranger et les personnes titulaires du dipl\u00f4me de formation approfondie en sciences m\u00e9dicales. (Article 9 de l\u2019Arr\u00eat\u00e9 du 31 juillet 2009 modifi\u00e9 relatif au Dipl\u00f4me d\u2019\u00c9tat d&#8217;infirmier)<\/span><\/p>\n<h2>Inscription<\/h2>\n<ul>\n<li><span style=\"color: #000000\">\u00catre titulaire d\u2019un titre ou dipl\u00f4me permettant l\u2019acc\u00e8s \u00e0 la formation (cf. articles 9 cit\u00e9 en pr\u00e9requis)\u00a0<\/span><\/li>\n<li><span style=\"color: #000000\">Constitution d\u2019un dossier \u00e9crit\u00a0: Lien vers le dossier d\u2019inscription<\/span><\/li>\n<li><span style=\"color: #000000\">Entretien oral pr\u00e9alable \u00e0 l\u2019admission pour les dossiers retenus.<\/span><\/li>\n<\/ul>\n<table style=\"border-collapse: collapse;width: 100%;height: 96px\">\n<tbody>\n<tr style=\"height: 24px\">\n<td style=\"width: 50%;height: 24px;border-style: solid;border-color: #000000\">Inscription<\/td>\n<td style=\"width: 50%;height: 24px;border-style: solid;border-color: #000000\">A partir du 5 janvier 2026<\/td>\n<\/tr>\n<tr style=\"height: 24px\">\n<td style=\"width: 50%;height: 24px;border-style: solid;border-color: #000000\">Cl\u00f4ture de r\u00e9ception des dossiers<\/td>\n<td style=\"width: 50%;border-style: solid;border-color: #000000\">20 avril 2026 ( cachet de la poste faisant foi)<\/td>\n<\/tr>\n<tr style=\"height: 24px\">\n<td style=\"width: 50%;height: 24px;border-style: solid;border-color: #000000\">Test de positionnement<\/td>\n<td style=\"width: 50%;border-style: solid;border-color: #000000\">courant juin 2026<\/td>\n<\/tr>\n<tr style=\"height: 24px\">\n<td style=\"width: 50%;height: 24px;border-style: solid;border-color: #000000\">D\u00e9but de la formation<\/td>\n<td style=\"width: 50%;height: 24px;border-style: solid;border-color: #000000\">septembre 2026<\/td>\n<\/tr>\n<\/tbody>\n<\/table>\n<p>Dossier d&#8217;inscription : <a href=\"https:\/\/www.ch-dunkerque.fr\/ifs\/wp-content\/uploads\/sites\/4\/2025\/10\/DOSSIER-DINSCRIPTION-MEDECIN-ETRANGER-2026-2027.pdf\">DOSSIER-DINSCRIPTION-MEDECIN-ETRANGER-2026-2027<\/a><\/p>\n<h2>Objectif de la formation<\/h2>\n<p><span style=\"color: #000000\">Permettre, aux candidats qui remplissent les conditions cit\u00e9es pr\u00e9c\u00e9demment (article 9 de l\u2019arr\u00eat\u00e9 du 31 juillet 2009 relatif au dipl\u00f4me d\u2019\u00c9tat d\u2019infirmier) d\u2019obtenir le dipl\u00f4me d\u2019\u00c9tat infirmier Fran\u00e7ais.<\/span><\/p>\n<h2>Contenu de la formation<\/h2>\n<p><span style=\"color: #000000\">DUR\u00c9E DE LA FORMATION : 656 heures<\/span><\/p>\n<p><span style=\"color: #000000\">Un test de positionnement est r\u00e9alis\u00e9 afin d&#8217;adapter la contenu de la formation. La formation comprend notamment les enseignements en lien avec le Unit\u00e9s d&#8217;Enseignement 3.1 S1 et 3.1 S2 \u00ab Raisonnement et d\u00e9marche clinique infirmi\u00e8re \u00bb.\u00a0<\/span><\/p>\n<p><span style=\"color: #000000\">A cela s&#8217;ajoute deux stages \u00e0 temps complet de soins infirmiers d&#8217;une dur\u00e9e totale de quinze semaines.\u00a0<\/span><\/p>\n<h2>Moyens p\u00e9dagogiques<\/h2>\n<ul>\n<li><span style=\"color: #000000\">Cours magistraux<\/span><\/li>\n<li><span style=\"color: #000000\">Travaux dirig\u00e9s<\/span><\/li>\n<li><span style=\"color: #000000\">Travaux pratiques<\/span><\/li>\n<li><span style=\"color: #000000\">Travail personnel guid\u00e9<\/span><\/li>\n<li><span style=\"color: #000000\">Accompagnement p\u00e9dagogique personnalis\u00e9<\/span><\/li>\n<li><span style=\"color: #000000\">Stages<\/span><\/li>\n<\/ul>\n<h2>Ressources mat\u00e9rielles<\/h2>\n<ul>\n<li><span style=\"color: #000000\">1 amphith\u00e9\u00e2tre (130 places)<\/span><\/li>\n<li><span style=\"color: #000000\">des salles de groupe<\/span><\/li>\n<li><span style=\"color: #000000\">des salles de pratique<\/span><\/li>\n<li><span style=\"color: #000000\">des salles de simulation<\/span><\/li>\n<\/ul>\n<h2>\u00c9valuation de la formation et certification<\/h2>\n<p><span style=\"color: #000000\">Apr\u00e8s avoir r\u00e9alis\u00e9 le parcours de formation, les dossiers des candidats sont pr\u00e9sent\u00e9s au jury final. Ce jury statue sur la validation des UE 3.1 S1 et 3.2 S2, la validation des comp\u00e9tences 1-2-4 et 9 ainsi que sur la validation de l&#8217;\u00e9crit professionnel.\u00a0<\/span><\/p>\n<h2>Frais de scolarit\u00e9<\/h2>\n<p><span style=\"color: #000000\"><em>(tarifs 2026)<\/em><\/span><\/p>\n<table style=\"border-collapse: collapse;width: 100%\">\n<tbody>\n<tr>\n<td style=\"width: 50%;border-style: solid;border-color: #000000;text-align: center\"><span style=\"color: #000000\">Prestations<\/span><\/td>\n<td style=\"width: 50%;border-style: solid;border-color: #000000;text-align: center\"><span style=\"color: #000000\">Tarifs ( nombre d&#8217;heures)<\/span><\/td>\n<\/tr>\n<tr>\n<td style=\"width: 50%;border-style: solid;border-color: #000000\"><span style=\"color: #000000\">Tests de positionnement (QCM + cas clinique)<\/span><\/td>\n<td style=\"width: 50%;border-style: solid;border-color: #000000\"><span style=\"color: #000000\">58,50\u20ac ( 5 heures)<\/span><\/td>\n<\/tr>\n<tr>\n<td style=\"width: 50%;border-style: solid;border-color: #000000\"><span style=\"color: #000000\">Socle de base de formation et d&#8217;accompagnement<\/span><\/td>\n<td style=\"width: 50%;border-style: solid;border-color: #000000\"><span style=\"color: #000000\">1 703 \u20ac ( 110 heures + 21 heures de GSU)<\/span><\/td>\n<\/tr>\n<tr>\n<td style=\"width: 50%;border-style: solid;border-color: #000000\"><span style=\"color: #000000\">Compl\u00e9ment de formation<\/span><\/td>\n<td style=\"width: 50%;border-style: solid;border-color: #000000\"><span style=\"color: #000000\">13 \u20ac de l&#8217;heure<\/span><\/td>\n<\/tr>\n<\/tbody>\n<\/table>\n<p><span style=\"color: #000000\">Pour chaque prestation, un devis sera remis au candidat.<\/span><\/p>\n<p><span style=\"text-decoration: underline\"><span style=\"color: #000000;text-decoration: underline\">Prise en charge financi\u00e8re :\u00a0<\/span><\/span><\/p>\n<p><span style=\"color: #000000\">Prise en charge financi\u00e8re du co\u00fbt de la formation : vous devez garantir cette prise en charge dans une des deux situations suivantes :\u00a0<\/span><\/p>\n<p><span style=\"color: #000000\">1. Par un employeur ou un fonds de formation en produisant l&#8217;attestation de prise en charge des frais de formation<\/span><\/p>\n<p><span style=\"color: #000000\">2. A titre individuel, en r\u00e9glant le co\u00fbt de la formation. En cas de non-paiement dans les d\u00e9lais, la formation est interrompue.\u00a0<\/span><\/p>\n<p><span style=\"color: #000000\">Quel que soit le statut du candidat, la formation n&#8217;est pas subventionn\u00e9e par la R\u00e9gion.\u00a0<\/span><\/p>\n","protected":false},"excerpt":{"rendered":"<p>Public et pr\u00e9requis Personnes titulaires d&#8217;une autorisation permettant l&#8217;exercice de la profession de m\u00e9decin ou de ma\u00efeuticien en France ou \u00e0 l&#8217;\u00e9tranger et les personnes titulaires du dipl\u00f4me de formation approfondie en sciences m\u00e9dicales. (Article 9 de l\u2019Arr\u00eat\u00e9 du 31 juillet 2009 modifi\u00e9 relatif au Dipl\u00f4me d\u2019\u00c9tat d&#8217;infirmier) Inscription \u00catre titulaire d\u2019un titre ou dipl\u00f4me [&hellip;]<\/p>\n","protected":false},"author":13,"featured_media":0,"parent":0,"menu_order":0,"comment_status":"closed","ping_status":"closed","template":"","meta":{"_exactmetrics_skip_tracking":false,"_exactmetrics_sitenote_active":false,"_exactmetrics_sitenote_note":"","_exactmetrics_sitenote_category":0,"_genesis_hide_title":false,"_genesis_hide_breadcrumbs":false,"_genesis_hide_singular_image":false,"_genesis_hide_footer_widgets":false,"_genesis_custom_body_class":"","_genesis_custom_post_class":"","_genesis_layout":"","footnotes":""},"class_list":{"0":"post-1421","1":"page","2":"type-page","3":"status-publish","5":"entry"},"yoast_head":"<!-- This site is optimized with the Yoast SEO plugin v26.9 - https:\/\/yoast.com\/product\/yoast-seo-wordpress\/ -->\n<title>Acc\u00e8s au dipl\u00f4me infirmier pour les m\u00e9decins, ma\u00efeuticiens et les titulaires du DFASM - Institut de Formation en Sant\u00e9 du CHD<\/title>\n<meta name=\"robots\" content=\"index, follow, max-snippet:-1, max-image-preview:large, max-video-preview:-1\" \/>\n<link rel=\"canonical\" href=\"https:\/\/www.ch-dunkerque.fr\/ifs\/acces-au-diplome-infirmier-pour-les-medecins-maieuticiens-et-les-titulaires-du-dfasm\/\" \/>\n<meta property=\"og:locale\" content=\"fr_FR\" \/>\n<meta property=\"og:type\" content=\"article\" \/>\n<meta property=\"og:title\" content=\"Acc\u00e8s au dipl\u00f4me infirmier pour les m\u00e9decins, ma\u00efeuticiens et les titulaires du DFASM - Institut de Formation en Sant\u00e9 du CHD\" \/>\n<meta property=\"og:description\" content=\"Public et pr\u00e9requis Personnes titulaires d&#8217;une autorisation permettant l&#8217;exercice de la profession de m\u00e9decin ou de ma\u00efeuticien en France ou \u00e0 l&#8217;\u00e9tranger et les personnes titulaires du dipl\u00f4me de formation approfondie en sciences m\u00e9dicales. (Article 9 de l\u2019Arr\u00eat\u00e9 du 31 juillet 2009 modifi\u00e9 relatif au Dipl\u00f4me d\u2019\u00c9tat d&#8217;infirmier) Inscription \u00catre titulaire d\u2019un titre ou dipl\u00f4me [&hellip;]\" \/>\n<meta property=\"og:url\" content=\"https:\/\/www.ch-dunkerque.fr\/ifs\/acces-au-diplome-infirmier-pour-les-medecins-maieuticiens-et-les-titulaires-du-dfasm\/\" \/>\n<meta property=\"og:site_name\" content=\"Institut de Formation en Sant\u00e9 du CHD\" \/>\n<meta property=\"article:modified_time\" content=\"2026-02-24T09:26:58+00:00\" \/>\n<meta name=\"twitter:card\" content=\"summary_large_image\" \/>\n<meta name=\"twitter:label1\" content=\"Dur\u00e9e de lecture estim\u00e9e\" \/>\n\t<meta name=\"twitter:data1\" content=\"3 minutes\" \/>\n<script type=\"application\/ld+json\" class=\"yoast-schema-graph\">{\"@context\":\"https:\/\/schema.org\",\"@graph\":[{\"@type\":\"WebPage\",\"@id\":\"https:\/\/www.ch-dunkerque.fr\/ifs\/acces-au-diplome-infirmier-pour-les-medecins-maieuticiens-et-les-titulaires-du-dfasm\/\",\"url\":\"https:\/\/www.ch-dunkerque.fr\/ifs\/acces-au-diplome-infirmier-pour-les-medecins-maieuticiens-et-les-titulaires-du-dfasm\/\",\"name\":\"Acc\u00e8s au dipl\u00f4me infirmier pour les m\u00e9decins, ma\u00efeuticiens et les titulaires du DFASM - Institut de Formation en Sant\u00e9 du CHD\",\"isPartOf\":{\"@id\":\"https:\/\/www.ch-dunkerque.fr\/ifs\/#website\"},\"datePublished\":\"2026-01-16T14:22:15+00:00\",\"dateModified\":\"2026-02-24T09:26:58+00:00\",\"breadcrumb\":{\"@id\":\"https:\/\/www.ch-dunkerque.fr\/ifs\/acces-au-diplome-infirmier-pour-les-medecins-maieuticiens-et-les-titulaires-du-dfasm\/#breadcrumb\"},\"inLanguage\":\"fr-FR\",\"potentialAction\":[{\"@type\":\"ReadAction\",\"target\":[\"https:\/\/www.ch-dunkerque.fr\/ifs\/acces-au-diplome-infirmier-pour-les-medecins-maieuticiens-et-les-titulaires-du-dfasm\/\"]}]},{\"@type\":\"BreadcrumbList\",\"@id\":\"https:\/\/www.ch-dunkerque.fr\/ifs\/acces-au-diplome-infirmier-pour-les-medecins-maieuticiens-et-les-titulaires-du-dfasm\/#breadcrumb\",\"itemListElement\":[{\"@type\":\"ListItem\",\"position\":1,\"name\":\"Accueil\",\"item\":\"https:\/\/www.ch-dunkerque.fr\/ifs\/\"},{\"@type\":\"ListItem\",\"position\":2,\"name\":\"Acc\u00e8s au dipl\u00f4me infirmier pour les m\u00e9decins, ma\u00efeuticiens et les titulaires du DFASM\"}]},{\"@type\":\"WebSite\",\"@id\":\"https:\/\/www.ch-dunkerque.fr\/ifs\/#website\",\"url\":\"https:\/\/www.ch-dunkerque.fr\/ifs\/\",\"name\":\"Institut de Formation en Sant\u00e9 du CHD\",\"description\":\"Un site utilisant Les sites de chdunkerque\",\"potentialAction\":[{\"@type\":\"SearchAction\",\"target\":{\"@type\":\"EntryPoint\",\"urlTemplate\":\"https:\/\/www.ch-dunkerque.fr\/ifs\/?s={search_term_string}\"},\"query-input\":{\"@type\":\"PropertyValueSpecification\",\"valueRequired\":true,\"valueName\":\"search_term_string\"}}],\"inLanguage\":\"fr-FR\"}]}<\/script>\n<!-- \/ Yoast SEO plugin. -->","yoast_head_json":{"title":"Acc\u00e8s au dipl\u00f4me infirmier pour les m\u00e9decins, ma\u00efeuticiens et les titulaires du DFASM - Institut de Formation en Sant\u00e9 du CHD","robots":{"index":"index","follow":"follow","max-snippet":"max-snippet:-1","max-image-preview":"max-image-preview:large","max-video-preview":"max-video-preview:-1"},"canonical":"https:\/\/www.ch-dunkerque.fr\/ifs\/acces-au-diplome-infirmier-pour-les-medecins-maieuticiens-et-les-titulaires-du-dfasm\/","og_locale":"fr_FR","og_type":"article","og_title":"Acc\u00e8s au dipl\u00f4me infirmier pour les m\u00e9decins, ma\u00efeuticiens et les titulaires du DFASM - Institut de Formation en Sant\u00e9 du CHD","og_description":"Public et pr\u00e9requis Personnes titulaires d&#8217;une autorisation permettant l&#8217;exercice de la profession de m\u00e9decin ou de ma\u00efeuticien en France ou \u00e0 l&#8217;\u00e9tranger et les personnes titulaires du dipl\u00f4me de formation approfondie en sciences m\u00e9dicales. (Article 9 de l\u2019Arr\u00eat\u00e9 du 31 juillet 2009 modifi\u00e9 relatif au Dipl\u00f4me d\u2019\u00c9tat d&#8217;infirmier) Inscription \u00catre titulaire d\u2019un titre ou dipl\u00f4me [&hellip;]","og_url":"https:\/\/www.ch-dunkerque.fr\/ifs\/acces-au-diplome-infirmier-pour-les-medecins-maieuticiens-et-les-titulaires-du-dfasm\/","og_site_name":"Institut de Formation en Sant\u00e9 du CHD","article_modified_time":"2026-02-24T09:26:58+00:00","twitter_card":"summary_large_image","twitter_misc":{"Dur\u00e9e de lecture estim\u00e9e":"3 minutes"},"schema":{"@context":"https:\/\/schema.org","@graph":[{"@type":"WebPage","@id":"https:\/\/www.ch-dunkerque.fr\/ifs\/acces-au-diplome-infirmier-pour-les-medecins-maieuticiens-et-les-titulaires-du-dfasm\/","url":"https:\/\/www.ch-dunkerque.fr\/ifs\/acces-au-diplome-infirmier-pour-les-medecins-maieuticiens-et-les-titulaires-du-dfasm\/","name":"Acc\u00e8s au dipl\u00f4me infirmier pour les m\u00e9decins, ma\u00efeuticiens et les titulaires du DFASM - Institut de Formation en Sant\u00e9 du CHD","isPartOf":{"@id":"https:\/\/www.ch-dunkerque.fr\/ifs\/#website"},"datePublished":"2026-01-16T14:22:15+00:00","dateModified":"2026-02-24T09:26:58+00:00","breadcrumb":{"@id":"https:\/\/www.ch-dunkerque.fr\/ifs\/acces-au-diplome-infirmier-pour-les-medecins-maieuticiens-et-les-titulaires-du-dfasm\/#breadcrumb"},"inLanguage":"fr-FR","potentialAction":[{"@type":"ReadAction","target":["https:\/\/www.ch-dunkerque.fr\/ifs\/acces-au-diplome-infirmier-pour-les-medecins-maieuticiens-et-les-titulaires-du-dfasm\/"]}]},{"@type":"BreadcrumbList","@id":"https:\/\/www.ch-dunkerque.fr\/ifs\/acces-au-diplome-infirmier-pour-les-medecins-maieuticiens-et-les-titulaires-du-dfasm\/#breadcrumb","itemListElement":[{"@type":"ListItem","position":1,"name":"Accueil","item":"https:\/\/www.ch-dunkerque.fr\/ifs\/"},{"@type":"ListItem","position":2,"name":"Acc\u00e8s au dipl\u00f4me infirmier pour les m\u00e9decins, ma\u00efeuticiens et les titulaires du DFASM"}]},{"@type":"WebSite","@id":"https:\/\/www.ch-dunkerque.fr\/ifs\/#website","url":"https:\/\/www.ch-dunkerque.fr\/ifs\/","name":"Institut de Formation en Sant\u00e9 du CHD","description":"Un site utilisant Les sites de chdunkerque","potentialAction":[{"@type":"SearchAction","target":{"@type":"EntryPoint","urlTemplate":"https:\/\/www.ch-dunkerque.fr\/ifs\/?s={search_term_string}"},"query-input":{"@type":"PropertyValueSpecification","valueRequired":true,"valueName":"search_term_string"}}],"inLanguage":"fr-FR"}]}},"_links":{"self":[{"href":"https:\/\/www.ch-dunkerque.fr\/ifs\/wp-json\/wp\/v2\/pages\/1421","targetHints":{"allow":["GET"]}}],"collection":[{"href":"https:\/\/www.ch-dunkerque.fr\/ifs\/wp-json\/wp\/v2\/pages"}],"about":[{"href":"https:\/\/www.ch-dunkerque.fr\/ifs\/wp-json\/wp\/v2\/types\/page"}],"author":[{"embeddable":true,"href":"https:\/\/www.ch-dunkerque.fr\/ifs\/wp-json\/wp\/v2\/users\/13"}],"replies":[{"embeddable":true,"href":"https:\/\/www.ch-dunkerque.fr\/ifs\/wp-json\/wp\/v2\/comments?post=1421"}],"version-history":[{"count":9,"href":"https:\/\/www.ch-dunkerque.fr\/ifs\/wp-json\/wp\/v2\/pages\/1421\/revisions"}],"predecessor-version":[{"id":1454,"href":"https:\/\/www.ch-dunkerque.fr\/ifs\/wp-json\/wp\/v2\/pages\/1421\/revisions\/1454"}],"wp:attachment":[{"href":"https:\/\/www.ch-dunkerque.fr\/ifs\/wp-json\/wp\/v2\/media?parent=1421"}],"curies":[{"name":"wp","href":"https:\/\/api.w.org\/{rel}","templated":true}]}}