{"id":136,"date":"2021-01-13T09:45:10","date_gmt":"2021-01-13T08:45:10","guid":{"rendered":"https:\/\/www.ch-dunkerque.fr\/ifs\/?page_id=136"},"modified":"2023-05-25T12:27:17","modified_gmt":"2023-05-25T10:27:17","slug":"la-pratique","status":"publish","type":"page","link":"https:\/\/www.ch-dunkerque.fr\/ifs\/nos-atouts\/la-pratique\/","title":{"rendered":"La pratique"},"content":{"rendered":"<h2>La salle de simulation<\/h2>\n<p><span style=\"color: #000000\">Elle permet une mise en situation des apprenants au plus pr\u00e8s de la r\u00e9alit\u00e9.<\/span><\/p>\n<p><img fetchpriority=\"high\" decoding=\"async\" class=\"wp-image-273 alignleft\" src=\"https:\/\/www.ch-dunkerque.fr\/ifs\/wp-content\/uploads\/sites\/4\/2021\/02\/IMG_8290-1-300x225.jpeg\" alt=\"\" width=\"312\" height=\"234\" srcset=\"https:\/\/www.ch-dunkerque.fr\/ifs\/wp-content\/uploads\/sites\/4\/2021\/02\/IMG_8290-1-300x225.jpeg 300w, https:\/\/www.ch-dunkerque.fr\/ifs\/wp-content\/uploads\/sites\/4\/2021\/02\/IMG_8290-1-768x576.jpeg 768w, https:\/\/www.ch-dunkerque.fr\/ifs\/wp-content\/uploads\/sites\/4\/2021\/02\/IMG_8290-1-1024x768.jpeg 1024w, https:\/\/www.ch-dunkerque.fr\/ifs\/wp-content\/uploads\/sites\/4\/2021\/02\/IMG_8290-1-293x220.jpeg 293w\" sizes=\"(max-width: 312px) 100vw, 312px\" \/><\/p>\n<p>&nbsp;<\/p>\n<p><img decoding=\"async\" class=\"size-medium wp-image-75 alignnone\" src=\"https:\/\/www.ch-dunkerque.fr\/ifs\/wp-content\/uploads\/sites\/4\/2020\/11\/IMG_8291-1-300x225.jpeg\" alt=\"\" width=\"300\" height=\"225\" srcset=\"https:\/\/www.ch-dunkerque.fr\/ifs\/wp-content\/uploads\/sites\/4\/2020\/11\/IMG_8291-1-300x225.jpeg 300w, https:\/\/www.ch-dunkerque.fr\/ifs\/wp-content\/uploads\/sites\/4\/2020\/11\/IMG_8291-1-768x576.jpeg 768w, https:\/\/www.ch-dunkerque.fr\/ifs\/wp-content\/uploads\/sites\/4\/2020\/11\/IMG_8291-1-1024x768.jpeg 1024w, https:\/\/www.ch-dunkerque.fr\/ifs\/wp-content\/uploads\/sites\/4\/2020\/11\/IMG_8291-1-293x220.jpeg 293w\" sizes=\"(max-width: 300px) 100vw, 300px\" \/><\/p>\n<h2>Les\u00a0 ateliers pratiques avec mat\u00e9riel permettent de pratiquer une grande partie des soins en premier sur mannequin<\/h2>\n<p><img decoding=\"async\" class=\"wp-image-272 aligncenter\" src=\"https:\/\/www.ch-dunkerque.fr\/ifs\/wp-content\/uploads\/sites\/4\/2021\/02\/IMG_2561-300x169.jpeg\" alt=\"\" width=\"351\" height=\"198\" srcset=\"https:\/\/www.ch-dunkerque.fr\/ifs\/wp-content\/uploads\/sites\/4\/2021\/02\/IMG_2561-300x169.jpeg 300w, https:\/\/www.ch-dunkerque.fr\/ifs\/wp-content\/uploads\/sites\/4\/2021\/02\/IMG_2561-768x432.jpeg 768w, https:\/\/www.ch-dunkerque.fr\/ifs\/wp-content\/uploads\/sites\/4\/2021\/02\/IMG_2561-1024x576.jpeg 1024w, https:\/\/www.ch-dunkerque.fr\/ifs\/wp-content\/uploads\/sites\/4\/2021\/02\/IMG_2561.jpeg 1920w\" sizes=\"(max-width: 351px) 100vw, 351px\" \/><\/p>\n<h2>La Formation aux Gestes et Soins d\u2019Urgence est int\u00e9gr\u00e9e \u00a0\u00e0 la formation infirmi\u00e8re et aide-soignante.<\/h2>\n<p><img loading=\"lazy\" decoding=\"async\" class=\"wp-image-271 aligncenter\" src=\"https:\/\/www.ch-dunkerque.fr\/ifs\/wp-content\/uploads\/sites\/4\/2021\/02\/DSCF5211-300x225.jpg\" alt=\"\" width=\"281\" height=\"211\" srcset=\"https:\/\/www.ch-dunkerque.fr\/ifs\/wp-content\/uploads\/sites\/4\/2021\/02\/DSCF5211-300x225.jpg 300w, https:\/\/www.ch-dunkerque.fr\/ifs\/wp-content\/uploads\/sites\/4\/2021\/02\/DSCF5211-768x576.jpg 768w, https:\/\/www.ch-dunkerque.fr\/ifs\/wp-content\/uploads\/sites\/4\/2021\/02\/DSCF5211-1024x768.jpg 1024w, https:\/\/www.ch-dunkerque.fr\/ifs\/wp-content\/uploads\/sites\/4\/2021\/02\/DSCF5211-293x220.jpg 293w\" sizes=\"(max-width: 281px) 100vw, 281px\" \/><\/p>\n","protected":false},"excerpt":{"rendered":"<p>La salle de simulation Elle permet une mise en situation des apprenants au plus pr\u00e8s de la r\u00e9alit\u00e9. &nbsp; Les\u00a0 ateliers pratiques avec mat\u00e9riel permettent de pratiquer une grande partie des soins en premier sur mannequin La Formation aux Gestes et Soins d\u2019Urgence est int\u00e9gr\u00e9e \u00a0\u00e0 la formation infirmi\u00e8re et aide-soignante.<\/p>\n","protected":false},"author":13,"featured_media":76,"parent":10,"menu_order":1,"comment_status":"closed","ping_status":"closed","template":"","meta":{"_exactmetrics_skip_tracking":false,"_exactmetrics_sitenote_active":false,"_exactmetrics_sitenote_note":"","_exactmetrics_sitenote_category":0,"_genesis_hide_title":false,"_genesis_hide_breadcrumbs":false,"_genesis_hide_singular_image":false,"_genesis_hide_footer_widgets":false,"_genesis_custom_body_class":"","_genesis_custom_post_class":"","_genesis_layout":"","footnotes":""},"class_list":{"0":"post-136","1":"page","2":"type-page","3":"status-publish","4":"has-post-thumbnail","6":"entry"},"yoast_head":"<!-- This site is optimized with the Yoast SEO plugin v26.9 - https:\/\/yoast.com\/product\/yoast-seo-wordpress\/ -->\n<title>La pratique - Institut de Formation en Sant\u00e9 du CHD<\/title>\n<meta name=\"robots\" content=\"index, follow, max-snippet:-1, max-image-preview:large, max-video-preview:-1\" \/>\n<link rel=\"canonical\" href=\"https:\/\/www.ch-dunkerque.fr\/ifs\/nos-atouts\/la-pratique\/\" \/>\n<meta property=\"og:locale\" content=\"fr_FR\" \/>\n<meta property=\"og:type\" content=\"article\" \/>\n<meta property=\"og:title\" content=\"La pratique - Institut de Formation en Sant\u00e9 du CHD\" \/>\n<meta property=\"og:description\" content=\"La salle de simulation Elle permet une mise en situation des apprenants au plus pr\u00e8s de la r\u00e9alit\u00e9. &nbsp; Les\u00a0 ateliers pratiques avec mat\u00e9riel permettent de pratiquer une grande partie des soins en premier sur mannequin La Formation aux Gestes et Soins d\u2019Urgence est int\u00e9gr\u00e9e \u00a0\u00e0 la formation infirmi\u00e8re et aide-soignante.\" \/>\n<meta property=\"og:url\" content=\"https:\/\/www.ch-dunkerque.fr\/ifs\/nos-atouts\/la-pratique\/\" \/>\n<meta property=\"og:site_name\" content=\"Institut de Formation en Sant\u00e9 du CHD\" \/>\n<meta property=\"article:modified_time\" content=\"2023-05-25T10:27:17+00:00\" \/>\n<meta property=\"og:image\" content=\"https:\/\/www.ch-dunkerque.fr\/ifs\/wp-content\/uploads\/sites\/4\/2020\/11\/IMG_2561.jpeg\" \/>\n\t<meta property=\"og:image:width\" content=\"1920\" \/>\n\t<meta property=\"og:image:height\" content=\"1080\" \/>\n\t<meta property=\"og:image:type\" content=\"image\/jpeg\" \/>\n<meta name=\"twitter:card\" content=\"summary_large_image\" \/>\n<meta name=\"twitter:label1\" content=\"Dur\u00e9e de lecture estim\u00e9e\" \/>\n\t<meta name=\"twitter:data1\" content=\"2 minutes\" \/>\n<script type=\"application\/ld+json\" class=\"yoast-schema-graph\">{\"@context\":\"https:\/\/schema.org\",\"@graph\":[{\"@type\":\"WebPage\",\"@id\":\"https:\/\/www.ch-dunkerque.fr\/ifs\/nos-atouts\/la-pratique\/\",\"url\":\"https:\/\/www.ch-dunkerque.fr\/ifs\/nos-atouts\/la-pratique\/\",\"name\":\"La pratique - Institut de Formation en Sant\u00e9 du CHD\",\"isPartOf\":{\"@id\":\"https:\/\/www.ch-dunkerque.fr\/ifs\/#website\"},\"primaryImageOfPage\":{\"@id\":\"https:\/\/www.ch-dunkerque.fr\/ifs\/nos-atouts\/la-pratique\/#primaryimage\"},\"image\":{\"@id\":\"https:\/\/www.ch-dunkerque.fr\/ifs\/nos-atouts\/la-pratique\/#primaryimage\"},\"thumbnailUrl\":\"https:\/\/www.ch-dunkerque.fr\/ifs\/wp-content\/uploads\/sites\/4\/2020\/11\/IMG_2561.jpeg\",\"datePublished\":\"2021-01-13T08:45:10+00:00\",\"dateModified\":\"2023-05-25T10:27:17+00:00\",\"breadcrumb\":{\"@id\":\"https:\/\/www.ch-dunkerque.fr\/ifs\/nos-atouts\/la-pratique\/#breadcrumb\"},\"inLanguage\":\"fr-FR\",\"potentialAction\":[{\"@type\":\"ReadAction\",\"target\":[\"https:\/\/www.ch-dunkerque.fr\/ifs\/nos-atouts\/la-pratique\/\"]}]},{\"@type\":\"ImageObject\",\"inLanguage\":\"fr-FR\",\"@id\":\"https:\/\/www.ch-dunkerque.fr\/ifs\/nos-atouts\/la-pratique\/#primaryimage\",\"url\":\"https:\/\/www.ch-dunkerque.fr\/ifs\/wp-content\/uploads\/sites\/4\/2020\/11\/IMG_2561.jpeg\",\"contentUrl\":\"https:\/\/www.ch-dunkerque.fr\/ifs\/wp-content\/uploads\/sites\/4\/2020\/11\/IMG_2561.jpeg\",\"width\":1920,\"height\":1080},{\"@type\":\"BreadcrumbList\",\"@id\":\"https:\/\/www.ch-dunkerque.fr\/ifs\/nos-atouts\/la-pratique\/#breadcrumb\",\"itemListElement\":[{\"@type\":\"ListItem\",\"position\":1,\"name\":\"Accueil\",\"item\":\"https:\/\/www.ch-dunkerque.fr\/ifs\/\"},{\"@type\":\"ListItem\",\"position\":2,\"name\":\"Nos atouts\",\"item\":\"https:\/\/www.ch-dunkerque.fr\/ifs\/nos-atouts\/\"},{\"@type\":\"ListItem\",\"position\":3,\"name\":\"La pratique\"}]},{\"@type\":\"WebSite\",\"@id\":\"https:\/\/www.ch-dunkerque.fr\/ifs\/#website\",\"url\":\"https:\/\/www.ch-dunkerque.fr\/ifs\/\",\"name\":\"Institut de Formation en Sant\u00e9 du CHD\",\"description\":\"Un site utilisant Les sites de chdunkerque\",\"potentialAction\":[{\"@type\":\"SearchAction\",\"target\":{\"@type\":\"EntryPoint\",\"urlTemplate\":\"https:\/\/www.ch-dunkerque.fr\/ifs\/?s={search_term_string}\"},\"query-input\":{\"@type\":\"PropertyValueSpecification\",\"valueRequired\":true,\"valueName\":\"search_term_string\"}}],\"inLanguage\":\"fr-FR\"}]}<\/script>\n<!-- \/ Yoast SEO plugin. -->","yoast_head_json":{"title":"La pratique - Institut de Formation en Sant\u00e9 du CHD","robots":{"index":"index","follow":"follow","max-snippet":"max-snippet:-1","max-image-preview":"max-image-preview:large","max-video-preview":"max-video-preview:-1"},"canonical":"https:\/\/www.ch-dunkerque.fr\/ifs\/nos-atouts\/la-pratique\/","og_locale":"fr_FR","og_type":"article","og_title":"La pratique - Institut de Formation en Sant\u00e9 du CHD","og_description":"La salle de simulation Elle permet une mise en situation des apprenants au plus pr\u00e8s de la r\u00e9alit\u00e9. &nbsp; Les\u00a0 ateliers pratiques avec mat\u00e9riel permettent de pratiquer une grande partie des soins en premier sur mannequin La Formation aux Gestes et Soins d\u2019Urgence est int\u00e9gr\u00e9e \u00a0\u00e0 la formation infirmi\u00e8re et aide-soignante.","og_url":"https:\/\/www.ch-dunkerque.fr\/ifs\/nos-atouts\/la-pratique\/","og_site_name":"Institut de Formation en Sant\u00e9 du CHD","article_modified_time":"2023-05-25T10:27:17+00:00","og_image":[{"width":1920,"height":1080,"url":"https:\/\/www.ch-dunkerque.fr\/ifs\/wp-content\/uploads\/sites\/4\/2020\/11\/IMG_2561.jpeg","type":"image\/jpeg"}],"twitter_card":"summary_large_image","twitter_misc":{"Dur\u00e9e de lecture estim\u00e9e":"2 minutes"},"schema":{"@context":"https:\/\/schema.org","@graph":[{"@type":"WebPage","@id":"https:\/\/www.ch-dunkerque.fr\/ifs\/nos-atouts\/la-pratique\/","url":"https:\/\/www.ch-dunkerque.fr\/ifs\/nos-atouts\/la-pratique\/","name":"La pratique - Institut de Formation en Sant\u00e9 du CHD","isPartOf":{"@id":"https:\/\/www.ch-dunkerque.fr\/ifs\/#website"},"primaryImageOfPage":{"@id":"https:\/\/www.ch-dunkerque.fr\/ifs\/nos-atouts\/la-pratique\/#primaryimage"},"image":{"@id":"https:\/\/www.ch-dunkerque.fr\/ifs\/nos-atouts\/la-pratique\/#primaryimage"},"thumbnailUrl":"https:\/\/www.ch-dunkerque.fr\/ifs\/wp-content\/uploads\/sites\/4\/2020\/11\/IMG_2561.jpeg","datePublished":"2021-01-13T08:45:10+00:00","dateModified":"2023-05-25T10:27:17+00:00","breadcrumb":{"@id":"https:\/\/www.ch-dunkerque.fr\/ifs\/nos-atouts\/la-pratique\/#breadcrumb"},"inLanguage":"fr-FR","potentialAction":[{"@type":"ReadAction","target":["https:\/\/www.ch-dunkerque.fr\/ifs\/nos-atouts\/la-pratique\/"]}]},{"@type":"ImageObject","inLanguage":"fr-FR","@id":"https:\/\/www.ch-dunkerque.fr\/ifs\/nos-atouts\/la-pratique\/#primaryimage","url":"https:\/\/www.ch-dunkerque.fr\/ifs\/wp-content\/uploads\/sites\/4\/2020\/11\/IMG_2561.jpeg","contentUrl":"https:\/\/www.ch-dunkerque.fr\/ifs\/wp-content\/uploads\/sites\/4\/2020\/11\/IMG_2561.jpeg","width":1920,"height":1080},{"@type":"BreadcrumbList","@id":"https:\/\/www.ch-dunkerque.fr\/ifs\/nos-atouts\/la-pratique\/#breadcrumb","itemListElement":[{"@type":"ListItem","position":1,"name":"Accueil","item":"https:\/\/www.ch-dunkerque.fr\/ifs\/"},{"@type":"ListItem","position":2,"name":"Nos atouts","item":"https:\/\/www.ch-dunkerque.fr\/ifs\/nos-atouts\/"},{"@type":"ListItem","position":3,"name":"La pratique"}]},{"@type":"WebSite","@id":"https:\/\/www.ch-dunkerque.fr\/ifs\/#website","url":"https:\/\/www.ch-dunkerque.fr\/ifs\/","name":"Institut de Formation en Sant\u00e9 du CHD","description":"Un site utilisant Les sites de chdunkerque","potentialAction":[{"@type":"SearchAction","target":{"@type":"EntryPoint","urlTemplate":"https:\/\/www.ch-dunkerque.fr\/ifs\/?s={search_term_string}"},"query-input":{"@type":"PropertyValueSpecification","valueRequired":true,"valueName":"search_term_string"}}],"inLanguage":"fr-FR"}]}},"_links":{"self":[{"href":"https:\/\/www.ch-dunkerque.fr\/ifs\/wp-json\/wp\/v2\/pages\/136","targetHints":{"allow":["GET"]}}],"collection":[{"href":"https:\/\/www.ch-dunkerque.fr\/ifs\/wp-json\/wp\/v2\/pages"}],"about":[{"href":"https:\/\/www.ch-dunkerque.fr\/ifs\/wp-json\/wp\/v2\/types\/page"}],"author":[{"embeddable":true,"href":"https:\/\/www.ch-dunkerque.fr\/ifs\/wp-json\/wp\/v2\/users\/13"}],"replies":[{"embeddable":true,"href":"https:\/\/www.ch-dunkerque.fr\/ifs\/wp-json\/wp\/v2\/comments?post=136"}],"version-history":[{"count":13,"href":"https:\/\/www.ch-dunkerque.fr\/ifs\/wp-json\/wp\/v2\/pages\/136\/revisions"}],"predecessor-version":[{"id":895,"href":"https:\/\/www.ch-dunkerque.fr\/ifs\/wp-json\/wp\/v2\/pages\/136\/revisions\/895"}],"up":[{"embeddable":true,"href":"https:\/\/www.ch-dunkerque.fr\/ifs\/wp-json\/wp\/v2\/pages\/10"}],"wp:featuredmedia":[{"embeddable":true,"href":"https:\/\/www.ch-dunkerque.fr\/ifs\/wp-json\/wp\/v2\/media\/76"}],"wp:attachment":[{"href":"https:\/\/www.ch-dunkerque.fr\/ifs\/wp-json\/wp\/v2\/media?parent=136"}],"curies":[{"name":"wp","href":"https:\/\/api.w.org\/{rel}","templated":true}]}}