{"id":67,"date":"2019-05-29T10:59:13","date_gmt":"2019-05-29T08:59:13","guid":{"rendered":"https:\/\/www.ch-dunkerque.fr\/ehpad\/?page_id=67"},"modified":"2026-03-17T11:29:58","modified_gmt":"2026-03-17T10:29:58","slug":"venir-a-la-residence-les-charmilles-et-me-reperer","status":"publish","type":"page","link":"https:\/\/www.ch-dunkerque.fr\/ehpad\/tarifs-modalites-dadmissions\/venir-a-la-residence-les-charmilles-et-me-reperer\/","title":{"rendered":"Venir \u00e0 la r\u00e9sidence les Charmilles et me rep\u00e9rer"},"content":{"rendered":"","protected":false},"excerpt":{"rendered":"","protected":false},"author":1,"featured_media":411,"parent":61,"menu_order":2,"comment_status":"closed","ping_status":"closed","template":"","meta":{"_exactmetrics_skip_tracking":false,"_exactmetrics_sitenote_active":false,"_exactmetrics_sitenote_note":"","_exactmetrics_sitenote_category":0,"_genesis_hide_title":false,"_genesis_hide_breadcrumbs":false,"_genesis_hide_singular_image":false,"_genesis_hide_footer_widgets":false,"_genesis_custom_body_class":"","_genesis_custom_post_class":"","_genesis_layout":"","footnotes":""},"class_list":{"0":"post-67","1":"page","2":"type-page","3":"status-publish","4":"has-post-thumbnail","6":"entry"},"yoast_head":"\nVenir \u00e0 la r\u00e9sidence les Charmilles et me rep\u00e9rer - Mini site EHPAD<\/title>\n<meta name=\"robots\" content=\"index, follow, max-snippet:-1, max-image-preview:large, max-video-preview:-1\" \/>\n<link rel=\"canonical\" href=\"https:\/\/www.ch-dunkerque.fr\/ehpad\/tarifs-modalites-dadmissions\/venir-a-la-residence-les-charmilles-et-me-reperer\/\" \/>\n<meta property=\"og:locale\" content=\"fr_FR\" \/>\n<meta property=\"og:type\" content=\"article\" \/>\n<meta property=\"og:title\" content=\"Venir \u00e0 la r\u00e9sidence les Charmilles et me rep\u00e9rer - Mini site EHPAD\" \/>\n<meta property=\"og:url\" content=\"https:\/\/www.ch-dunkerque.fr\/ehpad\/tarifs-modalites-dadmissions\/venir-a-la-residence-les-charmilles-et-me-reperer\/\" \/>\n<meta property=\"og:site_name\" content=\"Mini site EHPAD\" \/>\n<meta property=\"article:modified_time\" content=\"2026-03-17T10:29:58+00:00\" \/>\n<meta property=\"og:image\" content=\"https:\/\/www.ch-dunkerque.fr\/ehpad\/wp-content\/uploads\/sites\/2\/2026\/03\/DSC1640web.jpg\" \/>\n\t<meta property=\"og:image:width\" content=\"2560\" \/>\n\t<meta property=\"og:image:height\" content=\"1614\" \/>\n\t<meta property=\"og:image:type\" content=\"image\/jpeg\" \/>\n<meta name=\"twitter:card\" content=\"summary_large_image\" \/>\n<meta name=\"twitter:label1\" content=\"Dur\u00e9e de lecture estim\u00e9e\" \/>\n\t<meta name=\"twitter:data1\" content=\"1 minute\" \/>\n<script type=\"application\/ld+json\" class=\"yoast-schema-graph\">{\"@context\":\"https:\/\/schema.org\",\"@graph\":[{\"@type\":\"WebPage\",\"@id\":\"https:\/\/www.ch-dunkerque.fr\/ehpad\/tarifs-modalites-dadmissions\/venir-a-la-residence-les-charmilles-et-me-reperer\/\",\"url\":\"https:\/\/www.ch-dunkerque.fr\/ehpad\/tarifs-modalites-dadmissions\/venir-a-la-residence-les-charmilles-et-me-reperer\/\",\"name\":\"Venir \u00e0 la r\u00e9sidence les Charmilles et me rep\u00e9rer - Mini site EHPAD\",\"isPartOf\":{\"@id\":\"https:\/\/www.ch-dunkerque.fr\/ehpad\/#website\"},\"primaryImageOfPage\":{\"@id\":\"https:\/\/www.ch-dunkerque.fr\/ehpad\/tarifs-modalites-dadmissions\/venir-a-la-residence-les-charmilles-et-me-reperer\/#primaryimage\"},\"image\":{\"@id\":\"https:\/\/www.ch-dunkerque.fr\/ehpad\/tarifs-modalites-dadmissions\/venir-a-la-residence-les-charmilles-et-me-reperer\/#primaryimage\"},\"thumbnailUrl\":\"https:\/\/www.ch-dunkerque.fr\/ehpad\/wp-content\/uploads\/sites\/2\/2026\/03\/DSC1640web.jpg\",\"datePublished\":\"2019-05-29T08:59:13+00:00\",\"dateModified\":\"2026-03-17T10:29:58+00:00\",\"breadcrumb\":{\"@id\":\"https:\/\/www.ch-dunkerque.fr\/ehpad\/tarifs-modalites-dadmissions\/venir-a-la-residence-les-charmilles-et-me-reperer\/#breadcrumb\"},\"inLanguage\":\"fr-FR\",\"potentialAction\":[{\"@type\":\"ReadAction\",\"target\":[\"https:\/\/www.ch-dunkerque.fr\/ehpad\/tarifs-modalites-dadmissions\/venir-a-la-residence-les-charmilles-et-me-reperer\/\"]}]},{\"@type\":\"ImageObject\",\"inLanguage\":\"fr-FR\",\"@id\":\"https:\/\/www.ch-dunkerque.fr\/ehpad\/tarifs-modalites-dadmissions\/venir-a-la-residence-les-charmilles-et-me-reperer\/#primaryimage\",\"url\":\"https:\/\/www.ch-dunkerque.fr\/ehpad\/wp-content\/uploads\/sites\/2\/2026\/03\/DSC1640web.jpg\",\"contentUrl\":\"https:\/\/www.ch-dunkerque.fr\/ehpad\/wp-content\/uploads\/sites\/2\/2026\/03\/DSC1640web.jpg\",\"width\":2560,\"height\":1614},{\"@type\":\"BreadcrumbList\",\"@id\":\"https:\/\/www.ch-dunkerque.fr\/ehpad\/tarifs-modalites-dadmissions\/venir-a-la-residence-les-charmilles-et-me-reperer\/#breadcrumb\",\"itemListElement\":[{\"@type\":\"ListItem\",\"position\":1,\"name\":\"Accueil\",\"item\":\"https:\/\/www.ch-dunkerque.fr\/ehpad\/\"},{\"@type\":\"ListItem\",\"position\":2,\"name\":\"Votre admission et nos tarifs\",\"item\":\"https:\/\/www.ch-dunkerque.fr\/ehpad\/tarifs-modalites-dadmissions\/\"},{\"@type\":\"ListItem\",\"position\":3,\"name\":\"Venir \u00e0 la r\u00e9sidence les Charmilles et me rep\u00e9rer\"}]},{\"@type\":\"WebSite\",\"@id\":\"https:\/\/www.ch-dunkerque.fr\/ehpad\/#website\",\"url\":\"https:\/\/www.ch-dunkerque.fr\/ehpad\/\",\"name\":\"Mini site EHPAD\",\"description\":\"Un site utilisant Les sites de chdunkerque\",\"potentialAction\":[{\"@type\":\"SearchAction\",\"target\":{\"@type\":\"EntryPoint\",\"urlTemplate\":\"https:\/\/www.ch-dunkerque.fr\/ehpad\/?s={search_term_string}\"},\"query-input\":{\"@type\":\"PropertyValueSpecification\",\"valueRequired\":true,\"valueName\":\"search_term_string\"}}],\"inLanguage\":\"fr-FR\"}]}<\/script>\n<!-- \/ Yoast SEO plugin. -->","yoast_head_json":{"title":"Venir \u00e0 la r\u00e9sidence les Charmilles et me rep\u00e9rer - Mini site EHPAD","robots":{"index":"index","follow":"follow","max-snippet":"max-snippet:-1","max-image-preview":"max-image-preview:large","max-video-preview":"max-video-preview:-1"},"canonical":"https:\/\/www.ch-dunkerque.fr\/ehpad\/tarifs-modalites-dadmissions\/venir-a-la-residence-les-charmilles-et-me-reperer\/","og_locale":"fr_FR","og_type":"article","og_title":"Venir \u00e0 la r\u00e9sidence les Charmilles et me rep\u00e9rer - Mini site EHPAD","og_url":"https:\/\/www.ch-dunkerque.fr\/ehpad\/tarifs-modalites-dadmissions\/venir-a-la-residence-les-charmilles-et-me-reperer\/","og_site_name":"Mini site EHPAD","article_modified_time":"2026-03-17T10:29:58+00:00","og_image":[{"width":2560,"height":1614,"url":"https:\/\/www.ch-dunkerque.fr\/ehpad\/wp-content\/uploads\/sites\/2\/2026\/03\/DSC1640web.jpg","type":"image\/jpeg"}],"twitter_card":"summary_large_image","twitter_misc":{"Dur\u00e9e de lecture estim\u00e9e":"1 minute"},"schema":{"@context":"https:\/\/schema.org","@graph":[{"@type":"WebPage","@id":"https:\/\/www.ch-dunkerque.fr\/ehpad\/tarifs-modalites-dadmissions\/venir-a-la-residence-les-charmilles-et-me-reperer\/","url":"https:\/\/www.ch-dunkerque.fr\/ehpad\/tarifs-modalites-dadmissions\/venir-a-la-residence-les-charmilles-et-me-reperer\/","name":"Venir \u00e0 la r\u00e9sidence les Charmilles et me rep\u00e9rer - Mini site EHPAD","isPartOf":{"@id":"https:\/\/www.ch-dunkerque.fr\/ehpad\/#website"},"primaryImageOfPage":{"@id":"https:\/\/www.ch-dunkerque.fr\/ehpad\/tarifs-modalites-dadmissions\/venir-a-la-residence-les-charmilles-et-me-reperer\/#primaryimage"},"image":{"@id":"https:\/\/www.ch-dunkerque.fr\/ehpad\/tarifs-modalites-dadmissions\/venir-a-la-residence-les-charmilles-et-me-reperer\/#primaryimage"},"thumbnailUrl":"https:\/\/www.ch-dunkerque.fr\/ehpad\/wp-content\/uploads\/sites\/2\/2026\/03\/DSC1640web.jpg","datePublished":"2019-05-29T08:59:13+00:00","dateModified":"2026-03-17T10:29:58+00:00","breadcrumb":{"@id":"https:\/\/www.ch-dunkerque.fr\/ehpad\/tarifs-modalites-dadmissions\/venir-a-la-residence-les-charmilles-et-me-reperer\/#breadcrumb"},"inLanguage":"fr-FR","potentialAction":[{"@type":"ReadAction","target":["https:\/\/www.ch-dunkerque.fr\/ehpad\/tarifs-modalites-dadmissions\/venir-a-la-residence-les-charmilles-et-me-reperer\/"]}]},{"@type":"ImageObject","inLanguage":"fr-FR","@id":"https:\/\/www.ch-dunkerque.fr\/ehpad\/tarifs-modalites-dadmissions\/venir-a-la-residence-les-charmilles-et-me-reperer\/#primaryimage","url":"https:\/\/www.ch-dunkerque.fr\/ehpad\/wp-content\/uploads\/sites\/2\/2026\/03\/DSC1640web.jpg","contentUrl":"https:\/\/www.ch-dunkerque.fr\/ehpad\/wp-content\/uploads\/sites\/2\/2026\/03\/DSC1640web.jpg","width":2560,"height":1614},{"@type":"BreadcrumbList","@id":"https:\/\/www.ch-dunkerque.fr\/ehpad\/tarifs-modalites-dadmissions\/venir-a-la-residence-les-charmilles-et-me-reperer\/#breadcrumb","itemListElement":[{"@type":"ListItem","position":1,"name":"Accueil","item":"https:\/\/www.ch-dunkerque.fr\/ehpad\/"},{"@type":"ListItem","position":2,"name":"Votre admission et nos tarifs","item":"https:\/\/www.ch-dunkerque.fr\/ehpad\/tarifs-modalites-dadmissions\/"},{"@type":"ListItem","position":3,"name":"Venir \u00e0 la r\u00e9sidence les Charmilles et me rep\u00e9rer"}]},{"@type":"WebSite","@id":"https:\/\/www.ch-dunkerque.fr\/ehpad\/#website","url":"https:\/\/www.ch-dunkerque.fr\/ehpad\/","name":"Mini site EHPAD","description":"Un site utilisant Les sites de chdunkerque","potentialAction":[{"@type":"SearchAction","target":{"@type":"EntryPoint","urlTemplate":"https:\/\/www.ch-dunkerque.fr\/ehpad\/?s={search_term_string}"},"query-input":{"@type":"PropertyValueSpecification","valueRequired":true,"valueName":"search_term_string"}}],"inLanguage":"fr-FR"}]}},"_links":{"self":[{"href":"https:\/\/www.ch-dunkerque.fr\/ehpad\/wp-json\/wp\/v2\/pages\/67","targetHints":{"allow":["GET"]}}],"collection":[{"href":"https:\/\/www.ch-dunkerque.fr\/ehpad\/wp-json\/wp\/v2\/pages"}],"about":[{"href":"https:\/\/www.ch-dunkerque.fr\/ehpad\/wp-json\/wp\/v2\/types\/page"}],"author":[{"embeddable":true,"href":"https:\/\/www.ch-dunkerque.fr\/ehpad\/wp-json\/wp\/v2\/users\/1"}],"replies":[{"embeddable":true,"href":"https:\/\/www.ch-dunkerque.fr\/ehpad\/wp-json\/wp\/v2\/comments?post=67"}],"version-history":[{"count":1,"href":"https:\/\/www.ch-dunkerque.fr\/ehpad\/wp-json\/wp\/v2\/pages\/67\/revisions"}],"predecessor-version":[{"id":68,"href":"https:\/\/www.ch-dunkerque.fr\/ehpad\/wp-json\/wp\/v2\/pages\/67\/revisions\/68"}],"up":[{"embeddable":true,"href":"https:\/\/www.ch-dunkerque.fr\/ehpad\/wp-json\/wp\/v2\/pages\/61"}],"wp:featuredmedia":[{"embeddable":true,"href":"https:\/\/www.ch-dunkerque.fr\/ehpad\/wp-json\/wp\/v2\/media\/411"}],"wp:attachment":[{"href":"https:\/\/www.ch-dunkerque.fr\/ehpad\/wp-json\/wp\/v2\/media?parent=67"}],"curies":[{"name":"wp","href":"https:\/\/api.w.org\/{rel}","templated":true}]}}

Venir à la résidence les Charmilles et me repérer

Venir à la résidence les Charmilles et me repérer - Mini site EHPAD</title>
<meta name="robots" content="index, follow, max-snippet:-1, max-image-preview:large, max-video-preview:-1" />
<link rel="canonical" href="https://www.ch-dunkerque.fr/ehpad/tarifs-modalites-dadmissions/venir-a-la-residence-les-charmilles-et-me-reperer/" />
<meta property="og:locale" content="fr_FR" />
<meta property="og:type" content="article" />
<meta property="og:title" content="Venir à la résidence les Charmilles et me repérer - Mini site EHPAD" />
<meta property="og:url" content="https://www.ch-dunkerque.fr/ehpad/tarifs-modalites-dadmissions/venir-a-la-residence-les-charmilles-et-me-reperer/" />
<meta property="og:site_name" content="Mini site EHPAD" />
<meta property="article:modified_time" content="2026-03-17T10:29:58+00:00" />
<meta property="og:image" content="https://www.ch-dunkerque.fr/ehpad/wp-content/uploads/sites/2/2026/03/DSC1640web.jpg" />
	<meta property="og:image:width" content="2560" />
	<meta property="og:image:height" content="1614" />
	<meta property="og:image:type" content="image/jpeg" />
<meta name="twitter:card" content="summary_large_image" />
<meta name="twitter:label1" content="Durée de lecture estimée" />
	<meta name="twitter:data1" content="1 minute" />
<script type="application/ld+json" class="yoast-schema-graph">{"@context":"https://schema.org","@graph":[{"@type":"WebPage","@id":"https://www.ch-dunkerque.fr/ehpad/tarifs-modalites-dadmissions/venir-a-la-residence-les-charmilles-et-me-reperer/","url":"https://www.ch-dunkerque.fr/ehpad/tarifs-modalites-dadmissions/venir-a-la-residence-les-charmilles-et-me-reperer/","name":"Venir à la résidence les Charmilles et me repérer - Mini site EHPAD","isPartOf":{"@id":"https://www.ch-dunkerque.fr/ehpad/#website"},"primaryImageOfPage":{"@id":"https://www.ch-dunkerque.fr/ehpad/tarifs-modalites-dadmissions/venir-a-la-residence-les-charmilles-et-me-reperer/#primaryimage"},"image":{"@id":"https://www.ch-dunkerque.fr/ehpad/tarifs-modalites-dadmissions/venir-a-la-residence-les-charmilles-et-me-reperer/#primaryimage"},"thumbnailUrl":"https://www.ch-dunkerque.fr/ehpad/wp-content/uploads/sites/2/2026/03/DSC1640web.jpg","datePublished":"2019-05-29T08:59:13+00:00","dateModified":"2026-03-17T10:29:58+00:00","breadcrumb":{"@id":"https://www.ch-dunkerque.fr/ehpad/tarifs-modalites-dadmissions/venir-a-la-residence-les-charmilles-et-me-reperer/#breadcrumb"},"inLanguage":"fr-FR","potentialAction":[{"@type":"ReadAction","target":["https://www.ch-dunkerque.fr/ehpad/tarifs-modalites-dadmissions/venir-a-la-residence-les-charmilles-et-me-reperer/"]}]},{"@type":"ImageObject","inLanguage":"fr-FR","@id":"https://www.ch-dunkerque.fr/ehpad/tarifs-modalites-dadmissions/venir-a-la-residence-les-charmilles-et-me-reperer/#primaryimage","url":"https://www.ch-dunkerque.fr/ehpad/wp-content/uploads/sites/2/2026/03/DSC1640web.jpg","contentUrl":"https://www.ch-dunkerque.fr/ehpad/wp-content/uploads/sites/2/2026/03/DSC1640web.jpg","width":2560,"height":1614},{"@type":"BreadcrumbList","@id":"https://www.ch-dunkerque.fr/ehpad/tarifs-modalites-dadmissions/venir-a-la-residence-les-charmilles-et-me-reperer/#breadcrumb","itemListElement":[{"@type":"ListItem","position":1,"name":"Accueil","item":"https://www.ch-dunkerque.fr/ehpad/"},{"@type":"ListItem","position":2,"name":"Votre admission et nos tarifs","item":"https://www.ch-dunkerque.fr/ehpad/tarifs-modalites-dadmissions/"},{"@type":"ListItem","position":3,"name":"Venir à la résidence les Charmilles et me repérer"}]},{"@type":"WebSite","@id":"https://www.ch-dunkerque.fr/ehpad/#website","url":"https://www.ch-dunkerque.fr/ehpad/","name":"Mini site EHPAD","description":"Un site utilisant Les sites de chdunkerque","potentialAction":[{"@type":"SearchAction","target":{"@type":"EntryPoint","urlTemplate":"https://www.ch-dunkerque.fr/ehpad/?s={search_term_string}"},"query-input":{"@type":"PropertyValueSpecification","valueRequired":true,"valueName":"search_term_string"}}],"inLanguage":"fr-FR"}]}</script>
<!-- / Yoast SEO plugin. -->

Venir à la résidence les Charmilles et me repérer - Mini site EHPAD
