{"id":4,"date":"2019-05-28T16:48:17","date_gmt":"2019-05-28T14:48:17","guid":{"rendered":"https:\/\/www.ch-dunkerque.fr\/ehpad\/?page_id=4"},"modified":"2026-03-20T14:47:11","modified_gmt":"2026-03-20T13:47:11","slug":"accueil","status":"publish","type":"page","link":"https:\/\/www.ch-dunkerque.fr\/ehpad\/","title":{"rendered":"Accueil"},"content":{"rendered":"\t\t<div data-elementor-type=\"wp-post\" data-elementor-id=\"4\" class=\"elementor elementor-4\">\n\t\t\t\t\t\t<section class=\"elementor-section elementor-top-section elementor-element elementor-element-12e2471 elementor-section-boxed elementor-section-height-default elementor-section-height-default\" data-id=\"12e2471\" data-element_type=\"section\" data-e-type=\"section\">\n\t\t\t\t\t\t<div class=\"elementor-container elementor-column-gap-default\">\n\t\t\t\t\t<div class=\"elementor-column elementor-col-100 elementor-top-column elementor-element elementor-element-5127000\" data-id=\"5127000\" data-element_type=\"column\" data-e-type=\"column\">\n\t\t\t<div class=\"elementor-widget-wrap elementor-element-populated\">\n\t\t\t\t\t\t<div class=\"elementor-element elementor-element-762bf83 elementor-widget elementor-widget-text-editor\" data-id=\"762bf83\" data-element_type=\"widget\" data-e-type=\"widget\" data-widget_type=\"text-editor.default\">\n\t\t\t\t<div class=\"elementor-widget-container\">\n\t\t\t\t\t\t\t\t\t<p style=\"text-align: center\"><span style=\"font-size: 18pt\"><a href=\"https:\/\/www.ch-dunkerque.fr\/ehpad\/wp-content\/uploads\/sites\/2\/2026\/03\/livret-daccueil-EHPAD-20268_V5_cpd.pdf\">Cliquez ici pour acc\u00e9der au livret d&#8217;accueil de la r\u00e9sidence (EHPAD) &#8221; Les Charmilles &#8220;<\/a><\/span><\/p>\t\t\t\t\t\t\t\t<\/div>\n\t\t\t\t<\/div>\n\t\t\t\t\t<\/div>\n\t\t<\/div>\n\t\t\t\t\t<\/div>\n\t\t<\/section>\n\t\t\t\t<section class=\"elementor-section elementor-top-section elementor-element elementor-element-ba7a694 elementor-section-boxed elementor-section-height-default elementor-section-height-default\" data-id=\"ba7a694\" data-element_type=\"section\" data-e-type=\"section\">\n\t\t\t\t\t\t<div class=\"elementor-container elementor-column-gap-default\">\n\t\t\t\t\t<div class=\"elementor-column elementor-col-100 elementor-top-column elementor-element elementor-element-ccb424d\" data-id=\"ccb424d\" data-element_type=\"column\" data-e-type=\"column\">\n\t\t\t<div class=\"elementor-widget-wrap elementor-element-populated\">\n\t\t\t\t\t\t<div class=\"elementor-element elementor-element-ffa4f95 elementor-widget elementor-widget-image\" data-id=\"ffa4f95\" data-element_type=\"widget\" data-e-type=\"widget\" data-widget_type=\"image.default\">\n\t\t\t\t<div class=\"elementor-widget-container\">\n\t\t\t\t\t\t\t\t\t\t\t\t\t\t\t<img decoding=\"async\" src=\"https:\/\/www.ch-dunkerque.fr\/ehpad\/wp-content\/uploads\/sites\/2\/elementor\/thumbs\/DSC_1332-Copie-scaled-qwzl5oddqpt3xxp0bcfcoueppwm085xdfur40f2irs.jpg\" title=\"DSC_1332 &#8211; Copie\" alt=\"DSC_1332 - Copie\" loading=\"lazy\" \/>\t\t\t\t\t\t\t\t\t\t\t\t\t\t\t<\/div>\n\t\t\t\t<\/div>\n\t\t\t\t\t<\/div>\n\t\t<\/div>\n\t\t\t\t\t<\/div>\n\t\t<\/section>\n\t\t\t\t<\/div>\n\t\t","protected":false},"excerpt":{"rendered":"<p>Cliquez ici pour acc\u00e9der au livret d&#8217;accueil de la r\u00e9sidence (EHPAD) &#8221; Les Charmilles &#8220;<\/p>\n","protected":false},"author":1,"featured_media":0,"parent":0,"menu_order":0,"comment_status":"closed","ping_status":"closed","template":"","meta":{"_exactmetrics_skip_tracking":false,"_exactmetrics_sitenote_active":false,"_exactmetrics_sitenote_note":"","_exactmetrics_sitenote_category":0,"_genesis_hide_title":false,"_genesis_hide_breadcrumbs":false,"_genesis_hide_singular_image":false,"_genesis_hide_footer_widgets":false,"_genesis_custom_body_class":"","_genesis_custom_post_class":"","_genesis_layout":"","footnotes":""},"class_list":{"0":"post-4","1":"page","2":"type-page","3":"status-publish","5":"entry"},"yoast_head":"<!-- This site is optimized with the Yoast SEO plugin v26.9 - https:\/\/yoast.com\/product\/yoast-seo-wordpress\/ -->\n<title>Accueil - Mini site EHPAD<\/title>\n<meta name=\"description\" content=\"D\u00e9couvrez toutes les informations sur cet espace consacr\u00e9 \u00e0 la r\u00e9sidence Les Charmilles du Centre Hospitalier de Dunkerque.\" \/>\n<meta name=\"robots\" content=\"index, follow, max-snippet:-1, max-image-preview:large, max-video-preview:-1\" \/>\n<link rel=\"canonical\" href=\"https:\/\/www.ch-dunkerque.fr\/ehpad\/\" \/>\n<meta property=\"og:locale\" content=\"fr_FR\" \/>\n<meta property=\"og:type\" content=\"article\" \/>\n<meta property=\"og:title\" content=\"Accueil - Mini site EHPAD\" \/>\n<meta property=\"og:description\" content=\"D\u00e9couvrez toutes les informations sur cet espace consacr\u00e9 \u00e0 la r\u00e9sidence Les Charmilles du Centre Hospitalier de Dunkerque.\" \/>\n<meta property=\"og:url\" content=\"https:\/\/www.ch-dunkerque.fr\/ehpad\/\" \/>\n<meta property=\"og:site_name\" content=\"Mini site EHPAD\" \/>\n<meta property=\"article:modified_time\" content=\"2026-03-20T13:47:11+00:00\" \/>\n<meta property=\"og:image\" content=\"https:\/\/www.ch-dunkerque.fr\/ehpad\/wp-content\/uploads\/sites\/2\/elementor\/thumbs\/DSC_1332-Copie-scaled-qwzl5oddqpt3xxp0bcfcoueppwm085xdfur40f2irs.jpg\" \/>\n<meta name=\"twitter:card\" content=\"summary_large_image\" \/>\n<meta name=\"twitter:label1\" content=\"Dur\u00e9e de lecture estim\u00e9e\" \/>\n\t<meta name=\"twitter:data1\" content=\"1 minute\" \/>\n<script type=\"application\/ld+json\" class=\"yoast-schema-graph\">{\"@context\":\"https:\/\/schema.org\",\"@graph\":[{\"@type\":\"WebPage\",\"@id\":\"https:\/\/www.ch-dunkerque.fr\/ehpad\/\",\"url\":\"https:\/\/www.ch-dunkerque.fr\/ehpad\/\",\"name\":\"Accueil - Mini site EHPAD\",\"isPartOf\":{\"@id\":\"https:\/\/www.ch-dunkerque.fr\/ehpad\/#website\"},\"primaryImageOfPage\":{\"@id\":\"https:\/\/www.ch-dunkerque.fr\/ehpad\/#primaryimage\"},\"image\":{\"@id\":\"https:\/\/www.ch-dunkerque.fr\/ehpad\/#primaryimage\"},\"thumbnailUrl\":\"https:\/\/www.ch-dunkerque.fr\/ehpad\/wp-content\/uploads\/sites\/2\/elementor\/thumbs\/DSC_1332-Copie-scaled-qwzl5oddqpt3xxp0bcfcoueppwm085xdfur40f2irs.jpg\",\"datePublished\":\"2019-05-28T14:48:17+00:00\",\"dateModified\":\"2026-03-20T13:47:11+00:00\",\"description\":\"D\u00e9couvrez toutes les informations sur cet espace consacr\u00e9 \u00e0 la r\u00e9sidence Les Charmilles du Centre Hospitalier de Dunkerque.\",\"breadcrumb\":{\"@id\":\"https:\/\/www.ch-dunkerque.fr\/ehpad\/#breadcrumb\"},\"inLanguage\":\"fr-FR\",\"potentialAction\":[{\"@type\":\"ReadAction\",\"target\":[\"https:\/\/www.ch-dunkerque.fr\/ehpad\/\"]}]},{\"@type\":\"ImageObject\",\"inLanguage\":\"fr-FR\",\"@id\":\"https:\/\/www.ch-dunkerque.fr\/ehpad\/#primaryimage\",\"url\":\"https:\/\/www.ch-dunkerque.fr\/ehpad\/wp-content\/uploads\/sites\/2\/elementor\/thumbs\/DSC_1332-Copie-scaled-qwzl5oddqpt3xxp0bcfcoueppwm085xdfur40f2irs.jpg\",\"contentUrl\":\"https:\/\/www.ch-dunkerque.fr\/ehpad\/wp-content\/uploads\/sites\/2\/elementor\/thumbs\/DSC_1332-Copie-scaled-qwzl5oddqpt3xxp0bcfcoueppwm085xdfur40f2irs.jpg\"},{\"@type\":\"BreadcrumbList\",\"@id\":\"https:\/\/www.ch-dunkerque.fr\/ehpad\/#breadcrumb\",\"itemListElement\":[{\"@type\":\"ListItem\",\"position\":1,\"name\":\"Accueil\",\"item\":\"https:\/\/www.ch-dunkerque.fr\/ehpad\/\"},{\"@type\":\"ListItem\",\"position\":2,\"name\":\"Accueil\"}]},{\"@type\":\"WebSite\",\"@id\":\"https:\/\/www.ch-dunkerque.fr\/ehpad\/#website\",\"url\":\"https:\/\/www.ch-dunkerque.fr\/ehpad\/\",\"name\":\"Mini site EHPAD\",\"description\":\"Un site utilisant Les sites de chdunkerque\",\"potentialAction\":[{\"@type\":\"SearchAction\",\"target\":{\"@type\":\"EntryPoint\",\"urlTemplate\":\"https:\/\/www.ch-dunkerque.fr\/ehpad\/?s={search_term_string}\"},\"query-input\":{\"@type\":\"PropertyValueSpecification\",\"valueRequired\":true,\"valueName\":\"search_term_string\"}}],\"inLanguage\":\"fr-FR\"}]}<\/script>\n<!-- \/ Yoast SEO plugin. -->","yoast_head_json":{"title":"Accueil - Mini site EHPAD","description":"D\u00e9couvrez toutes les informations sur cet espace consacr\u00e9 \u00e0 la r\u00e9sidence Les Charmilles du Centre Hospitalier de Dunkerque.","robots":{"index":"index","follow":"follow","max-snippet":"max-snippet:-1","max-image-preview":"max-image-preview:large","max-video-preview":"max-video-preview:-1"},"canonical":"https:\/\/www.ch-dunkerque.fr\/ehpad\/","og_locale":"fr_FR","og_type":"article","og_title":"Accueil - Mini site EHPAD","og_description":"D\u00e9couvrez toutes les informations sur cet espace consacr\u00e9 \u00e0 la r\u00e9sidence Les Charmilles du Centre Hospitalier de Dunkerque.","og_url":"https:\/\/www.ch-dunkerque.fr\/ehpad\/","og_site_name":"Mini site EHPAD","article_modified_time":"2026-03-20T13:47:11+00:00","og_image":[{"url":"https:\/\/www.ch-dunkerque.fr\/ehpad\/wp-content\/uploads\/sites\/2\/elementor\/thumbs\/DSC_1332-Copie-scaled-qwzl5oddqpt3xxp0bcfcoueppwm085xdfur40f2irs.jpg","type":"","width":"","height":""}],"twitter_card":"summary_large_image","twitter_misc":{"Dur\u00e9e de lecture estim\u00e9e":"1 minute"},"schema":{"@context":"https:\/\/schema.org","@graph":[{"@type":"WebPage","@id":"https:\/\/www.ch-dunkerque.fr\/ehpad\/","url":"https:\/\/www.ch-dunkerque.fr\/ehpad\/","name":"Accueil - Mini site EHPAD","isPartOf":{"@id":"https:\/\/www.ch-dunkerque.fr\/ehpad\/#website"},"primaryImageOfPage":{"@id":"https:\/\/www.ch-dunkerque.fr\/ehpad\/#primaryimage"},"image":{"@id":"https:\/\/www.ch-dunkerque.fr\/ehpad\/#primaryimage"},"thumbnailUrl":"https:\/\/www.ch-dunkerque.fr\/ehpad\/wp-content\/uploads\/sites\/2\/elementor\/thumbs\/DSC_1332-Copie-scaled-qwzl5oddqpt3xxp0bcfcoueppwm085xdfur40f2irs.jpg","datePublished":"2019-05-28T14:48:17+00:00","dateModified":"2026-03-20T13:47:11+00:00","description":"D\u00e9couvrez toutes les informations sur cet espace consacr\u00e9 \u00e0 la r\u00e9sidence Les Charmilles du Centre Hospitalier de Dunkerque.","breadcrumb":{"@id":"https:\/\/www.ch-dunkerque.fr\/ehpad\/#breadcrumb"},"inLanguage":"fr-FR","potentialAction":[{"@type":"ReadAction","target":["https:\/\/www.ch-dunkerque.fr\/ehpad\/"]}]},{"@type":"ImageObject","inLanguage":"fr-FR","@id":"https:\/\/www.ch-dunkerque.fr\/ehpad\/#primaryimage","url":"https:\/\/www.ch-dunkerque.fr\/ehpad\/wp-content\/uploads\/sites\/2\/elementor\/thumbs\/DSC_1332-Copie-scaled-qwzl5oddqpt3xxp0bcfcoueppwm085xdfur40f2irs.jpg","contentUrl":"https:\/\/www.ch-dunkerque.fr\/ehpad\/wp-content\/uploads\/sites\/2\/elementor\/thumbs\/DSC_1332-Copie-scaled-qwzl5oddqpt3xxp0bcfcoueppwm085xdfur40f2irs.jpg"},{"@type":"BreadcrumbList","@id":"https:\/\/www.ch-dunkerque.fr\/ehpad\/#breadcrumb","itemListElement":[{"@type":"ListItem","position":1,"name":"Accueil","item":"https:\/\/www.ch-dunkerque.fr\/ehpad\/"},{"@type":"ListItem","position":2,"name":"Accueil"}]},{"@type":"WebSite","@id":"https:\/\/www.ch-dunkerque.fr\/ehpad\/#website","url":"https:\/\/www.ch-dunkerque.fr\/ehpad\/","name":"Mini site EHPAD","description":"Un site utilisant Les sites de chdunkerque","potentialAction":[{"@type":"SearchAction","target":{"@type":"EntryPoint","urlTemplate":"https:\/\/www.ch-dunkerque.fr\/ehpad\/?s={search_term_string}"},"query-input":{"@type":"PropertyValueSpecification","valueRequired":true,"valueName":"search_term_string"}}],"inLanguage":"fr-FR"}]}},"_links":{"self":[{"href":"https:\/\/www.ch-dunkerque.fr\/ehpad\/wp-json\/wp\/v2\/pages\/4","targetHints":{"allow":["GET"]}}],"collection":[{"href":"https:\/\/www.ch-dunkerque.fr\/ehpad\/wp-json\/wp\/v2\/pages"}],"about":[{"href":"https:\/\/www.ch-dunkerque.fr\/ehpad\/wp-json\/wp\/v2\/types\/page"}],"author":[{"embeddable":true,"href":"https:\/\/www.ch-dunkerque.fr\/ehpad\/wp-json\/wp\/v2\/users\/1"}],"replies":[{"embeddable":true,"href":"https:\/\/www.ch-dunkerque.fr\/ehpad\/wp-json\/wp\/v2\/comments?post=4"}],"version-history":[{"count":37,"href":"https:\/\/www.ch-dunkerque.fr\/ehpad\/wp-json\/wp\/v2\/pages\/4\/revisions"}],"predecessor-version":[{"id":472,"href":"https:\/\/www.ch-dunkerque.fr\/ehpad\/wp-json\/wp\/v2\/pages\/4\/revisions\/472"}],"wp:attachment":[{"href":"https:\/\/www.ch-dunkerque.fr\/ehpad\/wp-json\/wp\/v2\/media?parent=4"}],"curies":[{"name":"wp","href":"https:\/\/api.w.org\/{rel}","templated":true}]}}

<div data-elementor-type="wp-post" data-elementor-id="4" class="elementor elementor-4">
						<section class="elementor-section elementor-top-section elementor-element elementor-element-12e2471 elementor-section-boxed elementor-section-height-default elementor-section-height-default" data-id="12e2471" data-element_type="section" data-e-type="section">
						<div class="elementor-container elementor-column-gap-default">
					<div class="elementor-column elementor-col-100 elementor-top-column elementor-element elementor-element-5127000" data-id="5127000" data-element_type="column" data-e-type="column">
			<div class="elementor-widget-wrap elementor-element-populated">
						<div class="elementor-element elementor-element-762bf83 elementor-widget elementor-widget-text-editor" data-id="762bf83" data-element_type="widget" data-e-type="widget" data-widget_type="text-editor.default">
				<div class="elementor-widget-container">
									<p style="text-align: center"><span style="font-size: 18pt"><a href="https://www.ch-dunkerque.fr/ehpad/wp-content/uploads/sites/2/2026/03/livret-daccueil-EHPAD-20268_V5_cpd.pdf">Cliquez ici pour accéder au livret d&#8217;accueil de la résidence (EHPAD) &#8221; Les Charmilles &#8220;</a></span></p>								</div>
				</div>
					</div>
		</div>
					</div>
		</section>
				<section class="elementor-section elementor-top-section elementor-element elementor-element-ba7a694 elementor-section-boxed elementor-section-height-default elementor-section-height-default" data-id="ba7a694" data-element_type="section" data-e-type="section">
						<div class="elementor-container elementor-column-gap-default">
					<div class="elementor-column elementor-col-100 elementor-top-column elementor-element elementor-element-ccb424d" data-id="ccb424d" data-element_type="column" data-e-type="column">
			<div class="elementor-widget-wrap elementor-element-populated">
						<div class="elementor-element elementor-element-ffa4f95 elementor-widget elementor-widget-image" data-id="ffa4f95" data-element_type="widget" data-e-type="widget" data-widget_type="image.default">
				<div class="elementor-widget-container">
															<img decoding="async" src="https://www.ch-dunkerque.fr/ehpad/wp-content/uploads/sites/2/elementor/thumbs/DSC_1332-Copie-scaled-qwzl5oddqpt3xxp0bcfcoueppwm085xdfur40f2irs.jpg" title="DSC_1332 &#8211; Copie" alt="DSC_1332 - Copie" loading="lazy" />															</div>
				</div>
					</div>
		</div>
					</div>
		</section>
				</div>

<p>Cliquez ici pour accéder au livret d&#8217;accueil de la résidence (EHPAD) &#8221; Les Charmilles &#8220;</p>

<!-- This site is optimized with the Yoast SEO plugin v26.9 - https://yoast.com/product/yoast-seo-wordpress/ -->
<title>Accueil - Mini site EHPAD</title>
<meta name="description" content="Découvrez toutes les informations sur cet espace consacré à la résidence Les Charmilles du Centre Hospitalier de Dunkerque." />
<meta name="robots" content="index, follow, max-snippet:-1, max-image-preview:large, max-video-preview:-1" />
<link rel="canonical" href="https://www.ch-dunkerque.fr/ehpad/" />
<meta property="og:locale" content="fr_FR" />
<meta property="og:type" content="article" />
<meta property="og:title" content="Accueil - Mini site EHPAD" />
<meta property="og:description" content="Découvrez toutes les informations sur cet espace consacré à la résidence Les Charmilles du Centre Hospitalier de Dunkerque." />
<meta property="og:url" content="https://www.ch-dunkerque.fr/ehpad/" />
<meta property="og:site_name" content="Mini site EHPAD" />
<meta property="article:modified_time" content="2026-03-20T13:47:11+00:00" />
<meta property="og:image" content="https://www.ch-dunkerque.fr/ehpad/wp-content/uploads/sites/2/elementor/thumbs/DSC_1332-Copie-scaled-qwzl5oddqpt3xxp0bcfcoueppwm085xdfur40f2irs.jpg" />
<meta name="twitter:card" content="summary_large_image" />
<meta name="twitter:label1" content="Durée de lecture estimée" />
	<meta name="twitter:data1" content="1 minute" />
<script type="application/ld+json" class="yoast-schema-graph">{"@context":"https://schema.org","@graph":[{"@type":"WebPage","@id":"https://www.ch-dunkerque.fr/ehpad/","url":"https://www.ch-dunkerque.fr/ehpad/","name":"Accueil - Mini site EHPAD","isPartOf":{"@id":"https://www.ch-dunkerque.fr/ehpad/#website"},"primaryImageOfPage":{"@id":"https://www.ch-dunkerque.fr/ehpad/#primaryimage"},"image":{"@id":"https://www.ch-dunkerque.fr/ehpad/#primaryimage"},"thumbnailUrl":"https://www.ch-dunkerque.fr/ehpad/wp-content/uploads/sites/2/elementor/thumbs/DSC_1332-Copie-scaled-qwzl5oddqpt3xxp0bcfcoueppwm085xdfur40f2irs.jpg","datePublished":"2019-05-28T14:48:17+00:00","dateModified":"2026-03-20T13:47:11+00:00","description":"Découvrez toutes les informations sur cet espace consacré à la résidence Les Charmilles du Centre Hospitalier de Dunkerque.","breadcrumb":{"@id":"https://www.ch-dunkerque.fr/ehpad/#breadcrumb"},"inLanguage":"fr-FR","potentialAction":[{"@type":"ReadAction","target":["https://www.ch-dunkerque.fr/ehpad/"]}]},{"@type":"ImageObject","inLanguage":"fr-FR","@id":"https://www.ch-dunkerque.fr/ehpad/#primaryimage","url":"https://www.ch-dunkerque.fr/ehpad/wp-content/uploads/sites/2/elementor/thumbs/DSC_1332-Copie-scaled-qwzl5oddqpt3xxp0bcfcoueppwm085xdfur40f2irs.jpg","contentUrl":"https://www.ch-dunkerque.fr/ehpad/wp-content/uploads/sites/2/elementor/thumbs/DSC_1332-Copie-scaled-qwzl5oddqpt3xxp0bcfcoueppwm085xdfur40f2irs.jpg"},{"@type":"BreadcrumbList","@id":"https://www.ch-dunkerque.fr/ehpad/#breadcrumb","itemListElement":[{"@type":"ListItem","position":1,"name":"Accueil","item":"https://www.ch-dunkerque.fr/ehpad/"},{"@type":"ListItem","position":2,"name":"Accueil"}]},{"@type":"WebSite","@id":"https://www.ch-dunkerque.fr/ehpad/#website","url":"https://www.ch-dunkerque.fr/ehpad/","name":"Mini site EHPAD","description":"Un site utilisant Les sites de chdunkerque","potentialAction":[{"@type":"SearchAction","target":{"@type":"EntryPoint","urlTemplate":"https://www.ch-dunkerque.fr/ehpad/?s={search_term_string}"},"query-input":{"@type":"PropertyValueSpecification","valueRequired":true,"valueName":"search_term_string"}}],"inLanguage":"fr-FR"}]}</script>
<!-- / Yoast SEO plugin. -->

Découvrez toutes les informations sur cet espace consacré à la résidence Les Charmilles du Centre Hospitalier de Dunkerque.
